201.214.106.104 - - [04/Aug/2026:17:57:06 +0000] "GET /wp-content/uploads/2017/09/seguridad-exterior.png HTTP/2" 200 598625 "https://www.sescorp.cl/" "Mozilla/5.0 (Macintosh; Intel Mac OS X 10_15_7) AppleWebKit/605.1.15 (KHTML, like Gecko) Version/26.5.2 Safari/605.1.15"
201.214.106.104 - - [04/Aug/2026:17:57:07 +0000] "GET /wp-content/uploads/2017/09/cropped-ICONO-NAVEGADOR-1-32x32.png HTTP/2" 200 1330 "https://www.sescorp.cl/" "Mozilla/5.0 (Macintosh; Intel Mac OS X 10_15_7) AppleWebKit/605.1.15 (KHTML, like Gecko) Version/26.5.2 Safari/605.1.15"
201.214.106.104 - - [04/Aug/2026:17:57:07 +0000] "GET /wp-content/uploads/2017/09/cropped-ICONO-NAVEGADOR-1-192x192.png HTTP/2" 200 8931 "https://www.sescorp.cl/" "Mozilla/5.0 (Macintosh; Intel Mac OS X 10_15_7) AppleWebKit/605.1.15 (KHTML, like Gecko) Version/26.5.2 Safari/605.1.15"
201.214.106.104 - - [04/Aug/2026:17:57:14 +0000] "GET /wp-content/uploads/2017/10/INTERIOR-SESCORP.jpg HTTP/2" 200 123045 "https://www.sescorp.cl/" "Mozilla/5.0 (Macintosh; Intel Mac OS X 10_15_7) AppleWebKit/605.1.15 (KHTML, like Gecko) Version/26.5.2 Safari/605.1.15"
182.43.184.15 - - [04/Aug/2026:17:57:31 +0000] "GET /?author=3 HTTP/1.1" 301 20 "-" "Apache-HttpClient/4.5.2 (Java/1.8.0_161)"
182.43.184.15 - - [04/Aug/2026:17:57:32 +0000] "GET / HTTP/1.1" 200 22227 "-" "Apache-HttpClient/4.5.2 (Java/1.8.0_161)"
170.10.160.123 - - [04/Aug/2026:18:00:04 +0000] "GET /wp-cron.php HTTP/1.1" 200 0 "-" "Wget/1.19.5 (linux-gnu)"
198.235.24.37 - - [04/Aug/2026:18:00:58 +0000] "GET / HTTP/1.1" 200 41361 "-" "Hello from Palo Alto Networks, find out more about our scans in https://docs-cortex.paloaltonetworks.com/r/1/Cortex-Xpanse/Scanning-activity"
182.43.184.15 - - [04/Aug/2026:18:04:51 +0000] "GET /?author=5 HTTP/1.1" 301 20 "-" "Apache-HttpClient/4.5.2 (Java/1.8.0_161)"
182.43.184.15 - - [04/Aug/2026:18:04:52 +0000] "GET / HTTP/1.1" 200 22227 "-" "Apache-HttpClient/4.5.2 (Java/1.8.0_161)"
170.10.160.123 - - [04/Aug/2026:18:16:30 +0000] "POST /wp-cron.php?doing_wp_cron=1785867390.2494809627532958984375 HTTP/1.1" 200 20 "-" "WordPress/6.9.4; https://www.sescorp.cl"
170.10.160.123 - - [04/Aug/2026:18:17:53 +0000] "POST /wp-cron.php?doing_wp_cron=1785867473.0831298828125000000000 HTTP/1.1" 200 20 "-" "WordPress/6.9.4; https://www.sescorp.cl"
182.43.184.15 - - [04/Aug/2026:18:17:52 +0000] "GET /?author=9 HTTP/1.1" 301 20 "-" "Apache-HttpClient/4.5.2 (Java/1.8.0_161)"
182.43.184.15 - - [04/Aug/2026:18:17:54 +0000] "GET / HTTP/1.1" 200 22227 "-" "Apache-HttpClient/4.5.2 (Java/1.8.0_161)"
20.91.239.158 - - [04/Aug/2026:18:20:33 +0000] "GET /403.shtml HTTP/1.1" 403 1242 "-" "-"
20.91.239.158 - - [04/Aug/2026:18:20:34 +0000] "GET /403.shtml HTTP/1.1" 403 1242 "-" "-"
20.91.239.158 - - [04/Aug/2026:18:20:34 +0000] "GET /403.shtml HTTP/1.1" 403 1242 "-" "-"
20.91.239.158 - - [04/Aug/2026:18:20:34 +0000] "GET /403.shtml HTTP/1.1" 403 1242 "-" "-"
20.91.239.158 - - [04/Aug/2026:18:20:34 +0000] "GET /403.shtml HTTP/1.1" 403 1242 "-" "-"
20.91.239.158 - - [04/Aug/2026:18:20:35 +0000] "GET /403.shtml HTTP/1.1" 403 1242 "-" "-"
20.91.239.158 - - [04/Aug/2026:18:20:35 +0000] "GET /403.shtml HTTP/1.1" 403 1242 "-" "-"
20.91.239.158 - - [04/Aug/2026:18:20:35 +0000] "GET /403.shtml HTTP/1.1" 403 1242 "-" "-"
20.91.239.158 - - [04/Aug/2026:18:20:36 +0000] "GET /403.shtml HTTP/1.1" 403 1242 "-" "-"
20.91.239.158 - - [04/Aug/2026:18:20:36 +0000] "GET /403.shtml HTTP/1.1" 403 1242 "-" "-"
20.91.239.158 - - [04/Aug/2026:18:20:36 +0000] "GET /403.shtml HTTP/1.1" 403 1242 "-" "-"
20.91.239.158 - - [04/Aug/2026:18:20:37 +0000] "GET /403.shtml HTTP/1.1" 403 1242 "-" "-"
20.91.239.158 - - [04/Aug/2026:18:20:37 +0000] "GET /403.shtml HTTP/1.1" 403 1242 "-" "-"
20.91.239.158 - - [04/Aug/2026:18:20:37 +0000] "GET /403.shtml HTTP/1.1" 403 1242 "-" "-"
20.91.239.158 - - [04/Aug/2026:18:20:38 +0000] "GET /403.shtml HTTP/1.1" 403 1242 "-" "-"
20.91.239.158 - - [04/Aug/2026:18:20:39 +0000] "GET /403.shtml HTTP/1.1" 403 1242 "-" "-"
20.91.239.158 - - [04/Aug/2026:18:20:40 +0000] "GET /403.shtml HTTP/1.1" 403 1242 "-" "-"
20.91.239.158 - - [04/Aug/2026:18:20:40 +0000] "GET /403.shtml HTTP/1.1" 403 1242 "-" "-"
20.91.239.158 - - [04/Aug/2026:18:20:40 +0000] "GET /403.shtml HTTP/1.1" 403 1242 "-" "-"
20.91.239.158 - - [04/Aug/2026:18:20:41 +0000] "GET /403.shtml HTTP/1.1" 403 1242 "-" "-"
20.91.239.158 - - [04/Aug/2026:18:20:41 +0000] "GET /403.shtml HTTP/1.1" 403 1242 "-" "-"
20.91.239.158 - - [04/Aug/2026:18:20:43 +0000] "GET /403.shtml HTTP/1.1" 403 1242 "-" "-"
20.91.239.158 - - [04/Aug/2026:18:20:43 +0000] "GET /403.shtml HTTP/1.1" 403 1242 "-" "-"
20.91.239.158 - - [04/Aug/2026:18:20:44 +0000] "GET /403.shtml HTTP/1.1" 403 1242 "-" "-"
20.91.239.158 - - [04/Aug/2026:18:20:44 +0000] "GET /403.shtml HTTP/1.1" 403 1242 "-" "-"
20.91.239.158 - - [04/Aug/2026:18:20:44 +0000] "GET /403.shtml HTTP/1.1" 403 1242 "-" "-"
20.91.239.158 - - [04/Aug/2026:18:20:46 +0000] "GET /403.shtml HTTP/1.1" 403 1242 "-" "-"
20.91.239.158 - - [04/Aug/2026:18:20:46 +0000] "GET /403.shtml HTTP/1.1" 403 1242 "-" "-"
20.91.239.158 - - [04/Aug/2026:18:20:46 +0000] "GET /403.shtml HTTP/1.1" 403 1242 "-" "-"
20.91.239.158 - - [04/Aug/2026:18:20:47 +0000] "GET /403.shtml HTTP/1.1" 403 1242 "-" "-"
20.91.239.158 - - [04/Aug/2026:18:20:47 +0000] "GET /403.shtml HTTP/1.1" 403 1242 "-" "-"
20.91.239.158 - - [04/Aug/2026:18:20:48 +0000] "GET /403.shtml HTTP/1.1" 403 1242 "-" "-"
20.91.239.158 - - [04/Aug/2026:18:20:48 +0000] "GET /403.shtml HTTP/1.1" 403 1242 "-" "-"
20.91.239.158 - - [04/Aug/2026:18:20:49 +0000] "GET /403.shtml HTTP/1.1" 403 1242 "-" "-"
20.91.239.158 - - [04/Aug/2026:18:20:49 +0000] "GET /403.shtml HTTP/1.1" 403 1242 "-" "-"
20.91.239.158 - - [04/Aug/2026:18:20:50 +0000] "GET /403.shtml HTTP/1.1" 403 1242 "-" "-"
20.91.239.158 - - [04/Aug/2026:18:20:50 +0000] "GET /403.shtml HTTP/1.1" 403 1242 "-" "-"
20.91.239.158 - - [04/Aug/2026:18:20:51 +0000] "GET /403.shtml HTTP/1.1" 403 1242 "-" "-"
20.91.239.158 - - [04/Aug/2026:18:20:51 +0000] "GET /403.shtml HTTP/1.1" 403 1242 "-" "-"
20.91.239.158 - - [04/Aug/2026:18:20:52 +0000] "GET /403.shtml HTTP/1.1" 403 1242 "-" "-"
170.10.160.123 - - [04/Aug/2026:17:29:25 +0000] "POST /wp-cron.php?doing_wp_cron=1785864565.9148640632629394531250 HTTP/1.1" 200 20 "-" "WordPress/6.9.4; https://www.sescorp.cl"
182.43.184.15 - - [04/Aug/2026:17:50:04 +0000] "GET /?author=1 HTTP/1.1" 301 20 "-" "Apache-HttpClient/4.5.2 (Java/1.8.0_161)"
182.43.184.15 - - [04/Aug/2026:17:50:06 +0000] "GET / HTTP/1.1" 200 22227 "-" "Apache-HttpClient/4.5.2 (Java/1.8.0_161)"
182.43.184.15 - - [04/Aug/2026:17:55:16 +0000] "GET /?author=2 HTTP/1.1" 301 20 "-" "Apache-HttpClient/4.5.2 (Java/1.8.0_161)"
182.43.184.15 - - [04/Aug/2026:17:55:21 +0000] "GET / HTTP/1.1" 200 22227 "-" "Apache-HttpClient/4.5.2 (Java/1.8.0_161)"
170.10.160.123 - - [04/Aug/2026:18:01:37 +0000] "POST /wp-cron.php?doing_wp_cron=1785866497.5660130977630615234375 HTTP/1.1" 200 20 "-" "WordPress/6.9.4; https://www.sescorp.cl"
170.10.160.123 - - [04/Aug/2026:18:10:49 +0000] "POST /wp-cron.php?doing_wp_cron=1785867049.5246150493621826171875 HTTP/1.1" 200 20 "-" "WordPress/6.9.4; https://www.sescorp.cl"
170.10.160.123 - - [04/Aug/2026:18:12:04 +0000] "POST /wp-cron.php?doing_wp_cron=1785867124.9272420406341552734375 HTTP/1.1" 200 20 "-" "WordPress/6.9.4; https://www.sescorp.cl"
195.161.41.115 - - [04/Aug/2026:18:14:27 +0000] "GET /wp-login.php HTTP/1.1" 404 5749 "http://cpanel.sescorp.cl/wp-login.php" "Mozilla/5.0 (Macintosh; Intel Mac OS X 10_15_7) AppleWebKit/605.1.15 (KHTML, like Gecko) Version/17.5 Safari/605.1.15"
182.43.184.15 - - [04/Aug/2026:18:16:29 +0000] "GET /?author=8 HTTP/1.1" 301 20 "-" "Apache-HttpClient/4.5.2 (Java/1.8.0_161)"
182.43.184.15 - - [04/Aug/2026:18:16:31 +0000] "GET / HTTP/1.1" 200 22227 "-" "Apache-HttpClient/4.5.2 (Java/1.8.0_161)"
212.80.9.235 - - [04/Aug/2026:18:23:40 +0000] "POST /wp-login.php HTTP/2" 200 3268 "https://sescorp.cl/wp-login.php" "Mozilla/5.0 (Windows NT 10.0; Win64; x64) AppleWebKit/537.36 (KHTML, like Gecko) Chrome/150.0.0.0 Safari/537.36"
170.10.160.123 - - [04/Aug/2026:18:25:33 +0000] "POST /wp-cron.php?doing_wp_cron=1785867933.8014349937438964843750 HTTP/1.1" 200 20 "-" "WordPress/6.9.4; https://www.sescorp.cl"
170.10.160.123 - - [04/Aug/2026:18:30:04 +0000] "GET /wp-cron.php HTTP/1.1" 200 0 "-" "Wget/1.19.5 (linux-gnu)"
182.43.184.15 - - [04/Aug/2026:18:31:18 +0000] "GET /?author=12 HTTP/1.1" 301 20 "-" "Apache-HttpClient/4.5.2 (Java/1.8.0_161)"
182.43.184.15 - - [04/Aug/2026:18:31:19 +0000] "GET / HTTP/1.1" 200 22227 "-" "Apache-HttpClient/4.5.2 (Java/1.8.0_161)"
182.43.184.15 - - [04/Aug/2026:18:31:22 +0000] "GET /?author=13 HTTP/1.1" 404 12340 "-" "Apache-HttpClient/4.5.2 (Java/1.8.0_161)"
182.43.184.15 - - [04/Aug/2026:18:31:23 +0000] "GET /?author=14 HTTP/1.1" 404 12340 "-" "Apache-HttpClient/4.5.2 (Java/1.8.0_161)"
182.43.184.15 - - [04/Aug/2026:18:31:25 +0000] "GET /?author=15 HTTP/1.1" 404 12340 "-" "Apache-HttpClient/4.5.2 (Java/1.8.0_161)"
182.43.184.15 - - [04/Aug/2026:18:31:27 +0000] "GET /?author=16 HTTP/1.1" 404 12340 "-" "Apache-HttpClient/4.5.2 (Java/1.8.0_161)"
182.43.184.15 - - [04/Aug/2026:18:31:30 +0000] "GET /?author=17 HTTP/1.1" 404 12340 "-" "Apache-HttpClient/4.5.2 (Java/1.8.0_161)"
182.43.184.15 - - [04/Aug/2026:18:31:31 +0000] "GET /?author=18 HTTP/1.1" 404 12340 "-" "Apache-HttpClient/4.5.2 (Java/1.8.0_161)"
168.181.50.50 - - [04/Aug/2026:18:31:32 +0000] "POST /xmlrpc.php HTTP/1.1" 200 416 "-" "Mozilla/5.0 (Windows NT 6.3; x64) AppleWebKit/537.36 (KHTML, like Gecko) Edge/100.0.0.0 Safari/537.36"
182.43.184.15 - - [04/Aug/2026:18:31:33 +0000] "GET /?author=19 HTTP/1.1" 404 12340 "-" "Apache-HttpClient/4.5.2 (Java/1.8.0_161)"
182.43.184.15 - - [04/Aug/2026:18:31:35 +0000] "GET /?author=20 HTTP/1.1" 404 12340 "-" "Apache-HttpClient/4.5.2 (Java/1.8.0_161)"
182.43.184.15 - - [04/Aug/2026:18:31:38 +0000] "GET /xmlrpc.php HTTP/1.1" 405 60 "-" "Apache-HttpClient/4.5.2 (Java/1.8.0_161)"
182.43.184.15 - - [04/Aug/2026:18:31:39 +0000] "POST /xmlrpc.php HTTP/1.1" 200 222 "-" "Apache-HttpClient/4.5.2 (Java/1.8.0_161)"
182.43.184.15 - - [04/Aug/2026:18:10:49 +0000] "GET / HTTP/1.1" 200 22227 "-" "Apache-HttpClient/4.5.2 (Java/1.8.0_161)"
182.43.184.15 - - [04/Aug/2026:18:12:04 +0000] "GET /?author=7 HTTP/1.1" 301 20 "-" "Apache-HttpClient/4.5.2 (Java/1.8.0_161)"
182.43.184.15 - - [04/Aug/2026:18:12:05 +0000] "GET / HTTP/1.1" 200 22227 "-" "Apache-HttpClient/4.5.2 (Java/1.8.0_161)"
195.161.41.115 - - [04/Aug/2026:18:14:17 +0000] "GET /xmlrpc.php HTTP/1.1" 404 5749 "http://cpanel.sescorp.cl/xmlrpc.php" "Mozilla/5.0 (X11; Linux x86_64) AppleWebKit/537.36 (KHTML, like Gecko) Chrome/138.0.0.0 Safari/537.36"
195.161.41.115 - - [04/Aug/2026:18:14:18 +0000] "GET /xmlrpc.php HTTP/1.1" 404 5749 "http://cpanel.sescorp.cl/xmlrpc.php" "Mozilla/5.0 (X11; Linux x86_64) AppleWebKit/537.36 (KHTML, like Gecko) Chrome/138.0.0.0 Safari/537.36"
195.161.41.115 - - [04/Aug/2026:18:14:18 +0000] "GET / HTTP/1.1" 200 41349 "http://cpanel.sescorp.cl/" "Mozilla/5.0 (Windows NT 10.0; Win64; x64) AppleWebKit/537.36 (KHTML, like Gecko) Chrome/138.0.0.0 Safari/537.36"
195.161.41.115 - - [04/Aug/2026:18:14:21 +0000] "GET /blog/xmlrpc.php HTTP/1.1" 404 5749 "http://cpanel.sescorp.cl/blog/xmlrpc.php" "Mozilla/5.0 (Macintosh; Intel Mac OS X 10_15_7) AppleWebKit/605.1.15 (KHTML, like Gecko) Version/17.5 Safari/605.1.15"
195.161.41.115 - - [04/Aug/2026:18:14:23 +0000] "GET /wp/xmlrpc.php HTTP/1.1" 404 5749 "http://cpanel.sescorp.cl/wp/xmlrpc.php" "Mozilla/5.0 (X11; Linux x86_64) AppleWebKit/537.36 (KHTML, like Gecko) Chrome/138.0.0.0 Safari/537.36"
170.10.160.123 - - [04/Aug/2026:18:15:03 +0000] "GET /wp-cron.php HTTP/1.1" 200 0 "-" "Wget/1.19.5 (linux-gnu)"
20.91.239.158 - - [04/Aug/2026:18:20:59 +0000] "GET /403.shtml HTTP/1.1" 403 1242 "-" "-"
20.91.239.158 - - [04/Aug/2026:18:20:59 +0000] "GET /403.shtml HTTP/1.1" 403 1242 "-" "-"
20.91.239.158 - - [04/Aug/2026:18:20:59 +0000] "GET /403.shtml HTTP/1.1" 403 1242 "-" "-"
20.91.239.158 - - [04/Aug/2026:18:21:00 +0000] "GET /403.shtml HTTP/1.1" 403 1242 "-" "-"
20.91.239.158 - - [04/Aug/2026:18:21:00 +0000] "GET /403.shtml HTTP/1.1" 403 1242 "-" "-"
20.91.239.158 - - [04/Aug/2026:18:21:00 +0000] "GET /403.shtml HTTP/1.1" 403 1242 "-" "-"
20.91.239.158 - - [04/Aug/2026:18:21:01 +0000] "GET /403.shtml HTTP/1.1" 403 1242 "-" "-"
212.80.9.235 - - [04/Aug/2026:18:23:34 +0000] "GET /wp-login.php HTTP/2" 200 3100 "-" "Mozilla/5.0 (Windows NT 10.0; Win64; x64) AppleWebKit/537.36 (KHTML, like Gecko) Chrome/150.0.0.0 Safari/537.36"
182.43.184.15 - - [04/Aug/2026:18:25:33 +0000] "GET /?author=11 HTTP/1.1" 301 20 "-" "Apache-HttpClient/4.5.2 (Java/1.8.0_161)"
182.43.184.15 - - [04/Aug/2026:18:25:34 +0000] "GET / HTTP/1.1" 200 22227 "-" "Apache-HttpClient/4.5.2 (Java/1.8.0_161)"
93.152.221.87 - - [04/Aug/2026:18:30:23 +0000] "GET / HTTP/1.1" 301 20 "-" "Mozilla/5.0 (Windows NT 10.0; Win64; x64) AppleWebKit/537.36 (KHTML, like Gecko) Chrome/128.0.0.0 Safari/537.36"
170.10.160.123 - - [04/Aug/2026:18:31:31 +0000] "POST /wp-cron.php?doing_wp_cron=1785868291.3173310756683349609375 HTTP/1.1" 200 20 "-" "WordPress/6.9.4; https://www.sescorp.cl"
170.10.160.123 - - [04/Aug/2026:18:37:54 +0000] "POST /wp-cron.php?doing_wp_cron=1785868674.7315409183502197265625 HTTP/1.1" 200 20 "-" "WordPress/6.9.4; https://www.sescorp.cl"
182.43.184.15 - - [04/Aug/2026:18:40:06 +0000] "POST /xmlrpc.php HTTP/1.1" 200 222 "-" "Apache-HttpClient/4.5.2 (Java/1.8.0_161)"
170.10.160.123 - - [04/Aug/2026:18:43:18 +0000] "POST /wp-cron.php?doing_wp_cron=1785868998.7091879844665527343750 HTTP/1.1" 200 20 "-" "WordPress/6.9.4; https://www.sescorp.cl"
168.181.50.50 - - [04/Aug/2026:18:43:17 +0000] "POST /xmlrpc.php HTTP/1.1" 200 416 "-" "Mozilla/5.0 (X11; Ubuntu; Linux x86_64; x86) AppleWebKit/537.36 (KHTML, like Gecko) Firefox/76.0.0.0 Safari/537.36"
45.148.10.67 - - [04/Aug/2026:18:47:00 +0000] "GET / HTTP/1.1" 403 1242 "-" "-"
168.181.50.50 - - [04/Aug/2026:18:47:04 +0000] "POST /xmlrpc.php HTTP/1.1" 200 416 "-" "Mozilla/5.0 (Windows NT 6.3; x64) AppleWebKit/537.36 (KHTML, like Gecko) Edge/82.0.0.0 Safari/537.36"
20.91.239.158 - - [04/Aug/2026:18:20:53 +0000] "GET /403.shtml HTTP/1.1" 403 1242 "-" "-"
170.10.160.123 - - [04/Aug/2026:18:23:39 +0000] "POST /wp-cron.php?doing_wp_cron=1785867819.1543459892272949218750 HTTP/1.1" 200 20 "-" "WordPress/6.9.4; https://www.sescorp.cl"
182.43.184.15 - - [04/Aug/2026:18:24:02 +0000] "GET /?author=10 HTTP/1.1" 301 20 "-" "Apache-HttpClient/4.5.2 (Java/1.8.0_161)"
182.43.184.15 - - [04/Aug/2026:18:24:05 +0000] "GET / HTTP/1.1" 200 22227 "-" "Apache-HttpClient/4.5.2 (Java/1.8.0_161)"
170.10.160.123 - - [04/Aug/2026:18:35:22 +0000] "POST /wp-cron.php?doing_wp_cron=1785868522.5546150207519531250000 HTTP/1.1" 200 20 "-" "WordPress/6.9.4; https://www.sescorp.cl"
168.181.50.50 - - [04/Aug/2026:18:35:19 +0000] "GET /wp-json/wp/v2/users HTTP/1.1" 200 915 "-" "Mozilla/4.0 (compatible; Win32; WinHttp.WinHttpRequest.5)"
168.181.50.50 - - [04/Aug/2026:18:35:52 +0000] "POST /xmlrpc.php HTTP/1.1" 200 416 "-" "Mozilla/5.0 (Windows NT 6.2; arm64) AppleWebKit/537.36 (KHTML, like Gecko) Chrome/83.0.0.0 Safari/537.36"
168.181.50.50 - - [04/Aug/2026:18:36:25 +0000] "POST /xmlrpc.php HTTP/1.1" 200 416 "-" "Mozilla/5.0 (X11; Ubuntu; Linux x86_64; x64) AppleWebKit/537.36 (KHTML, like Gecko) Safari/11.0.0.0 Safari/537.36"
168.181.50.50 - - [04/Aug/2026:18:37:54 +0000] "POST /xmlrpc.php HTTP/1.1" 200 416 "-" "Mozilla/5.0 (Linux; Android 10; x64) AppleWebKit/537.36 (KHTML, like Gecko) Opera/68.0.0.0 Safari/537.36"
168.181.50.50 - - [04/Aug/2026:18:38:42 +0000] "POST /xmlrpc.php HTTP/1.1" 200 416 "-" "Mozilla/5.0 (Linux; Android 10; x86) AppleWebKit/537.36 (KHTML, like Gecko) Edge/91.0.0.0 Safari/537.36"
170.10.160.123 - - [04/Aug/2026:18:39:38 +0000] "POST /wp-cron.php?doing_wp_cron=1785868778.9681899547576904296875 HTTP/1.1" 200 20 "-" "WordPress/6.9.4; https://www.sescorp.cl"
168.181.50.50 - - [04/Aug/2026:18:39:38 +0000] "POST /xmlrpc.php HTTP/1.1" 200 416 "-" "Mozilla/5.0 (Windows NT 6.2; x64) AppleWebKit/537.36 (KHTML, like Gecko) Edge/83.0.0.0 Safari/537.36"
182.43.184.15 - - [04/Aug/2026:18:40:52 +0000] "POST /xmlrpc.php HTTP/1.1" 200 222 "-" "Apache-HttpClient/4.5.2 (Java/1.8.0_161)"
168.181.50.50 - - [04/Aug/2026:18:41:26 +0000] "POST /xmlrpc.php HTTP/1.1" 200 416 "-" "Mozilla/5.0 (Windows NT 6.2; x64) AppleWebKit/537.36 (KHTML, like Gecko) Safari/14.0.0.0 Safari/537.36"
168.181.50.50 - - [04/Aug/2026:18:44:20 +0000] "POST /xmlrpc.php HTTP/1.1" 200 416 "-" "Mozilla/5.0 (Linux; Android 10; arm64) AppleWebKit/537.36 (KHTML, like Gecko) Safari/14.0.0.0 Safari/537.36"
168.181.50.50 - - [04/Aug/2026:18:45:26 +0000] "POST /xmlrpc.php HTTP/1.1" 200 416 "-" "Mozilla/5.0 (Windows NT 6.3; x64) AppleWebKit/537.36 (KHTML, like Gecko) Chrome/93.0.0.0 Safari/537.36"
170.10.160.123 - - [04/Aug/2026:18:47:05 +0000] "POST /wp-cron.php?doing_wp_cron=1785869225.0434169769287109375000 HTTP/1.1" 200 20 "-" "WordPress/6.9.4; https://www.sescorp.cl"
170.10.160.123 - - [04/Aug/2026:18:47:18 +0000] "POST /wp-cron.php?doing_wp_cron=1785869238.8477070331573486328125 HTTP/1.1" 200 20 "-" "WordPress/6.9.4; https://www.sescorp.cl"
168.181.50.50 - - [04/Aug/2026:18:48:46 +0000] "POST /xmlrpc.php HTTP/1.1" 200 416 "-" "Mozilla/5.0 (Linux; Android 10; x64) AppleWebKit/537.36 (KHTML, like Gecko) Edge/88.0.0.0 Safari/537.36"
170.10.160.123 - - [04/Aug/2026:18:49:47 +0000] "POST /wp-cron.php?doing_wp_cron=1785869387.3127079010009765625000 HTTP/1.1" 200 20 "-" "WordPress/6.9.4; https://www.sescorp.cl"
154.57.197.145 - - [04/Aug/2026:18:49:49 +0000] "GET /xmlrpc.php HTTP/1.1" 308 95 "http://cpanel.sescorp.cl/xmlrpc.php" "Mozilla/5.0 (Windows NT 10.0; Win64; x64) AppleWebKit/537.36 (KHTML, like Gecko) Chrome/138.0.0.0 Safari/537.36"
154.57.197.145 - - [04/Aug/2026:18:49:49 +0000] "GET /xmlrpc.php HTTP/1.1" 404 5749 "https://cpanel.sescorp.cl/xmlrpc.php" "Mozilla/5.0 (Windows NT 10.0; Win64; x64) AppleWebKit/537.36 (KHTML, like Gecko) Chrome/138.0.0.0 Safari/537.36"
154.57.197.145 - - [04/Aug/2026:18:49:51 +0000] "GET /xmlrpc.php HTTP/1.1" 404 5749 "http://cpanel.sescorp.cl/xmlrpc.php" "Mozilla/5.0 (Macintosh; Intel Mac OS X 10_15_7) AppleWebKit/605.1.15 (KHTML, like Gecko) Version/17.5 Safari/605.1.15"
154.57.197.145 - - [04/Aug/2026:18:49:52 +0000] "GET / HTTP/1.1" 200 41349 "http://cpanel.sescorp.cl/" "Mozilla/5.0 (Windows NT 10.0; Win64; x64) AppleWebKit/537.36 (KHTML, like Gecko) Chrome/138.0.0.0 Safari/537.36"
154.57.197.145 - - [04/Aug/2026:18:49:53 +0000] "GET /blog/xmlrpc.php HTTP/1.1" 404 5749 "http://cpanel.sescorp.cl/blog/xmlrpc.php" "Mozilla/5.0 (Macintosh; Intel Mac OS X 10_15_7) AppleWebKit/605.1.15 (KHTML, like Gecko) Version/17.5 Safari/605.1.15"
154.57.197.145 - - [04/Aug/2026:18:49:54 +0000] "GET /wp/xmlrpc.php HTTP/1.1" 404 5749 "http://cpanel.sescorp.cl/wp/xmlrpc.php" "Mozilla/5.0 (Windows NT 10.0; Win64; x64; rv:140.0) Gecko/20100101 Firefox/140.0"
154.57.197.145 - - [04/Aug/2026:18:50:09 +0000] "GET /wp-admin/ HTTP/1.1" 404 5749 "http://cpanel.sescorp.cl/wp-admin/" "Mozilla/5.0 (Windows NT 10.0; Win64; x64; rv:140.0) Gecko/20100101 Firefox/140.0"
170.10.160.123 - - [04/Aug/2026:18:50:51 +0000] "POST /wp-cron.php?doing_wp_cron=1785869451.8517339229583740234375 HTTP/1.1" 200 20 "-" "WordPress/6.9.4; https://www.sescorp.cl"
170.10.160.123 - - [04/Aug/2026:18:51:55 +0000] "POST /wp-cron.php?doing_wp_cron=1785869515.2226090431213378906250 HTTP/1.1" 200 20 "-" "WordPress/6.9.4; https://www.sescorp.cl"
168.181.50.50 - - [04/Aug/2026:18:51:54 +0000] "POST /xmlrpc.php HTTP/1.1" 200 416 "-" "Mozilla/5.0 (Windows NT 6.3; x86) AppleWebKit/537.36 (KHTML, like Gecko) Safari/15.0.0.0 Safari/537.36"
170.10.160.123 - - [04/Aug/2026:18:52:55 +0000] "POST /wp-cron.php?doing_wp_cron=1785869575.1731619834899902343750 HTTP/1.1" 200 20 "-" "WordPress/6.9.4; https://www.sescorp.cl"
170.10.160.123 - - [04/Aug/2026:18:55:04 +0000] "POST /wp-cron.php?doing_wp_cron=1785869703.9119999408721923828125 HTTP/1.1" 200 20 "-" "WordPress/6.9.4; https://www.sescorp.cl"
182.43.184.15 - - [04/Aug/2026:18:55:16 +0000] "POST /xmlrpc.php HTTP/1.1" 200 222 "-" "Apache-HttpClient/4.5.2 (Java/1.8.0_161)"
170.10.160.123 - - [04/Aug/2026:18:56:07 +0000] "POST /wp-cron.php?doing_wp_cron=1785869767.5297050476074218750000 HTTP/1.1" 200 20 "-" "WordPress/6.9.4; https://www.sescorp.cl"
168.181.50.50 - - [04/Aug/2026:18:56:06 +0000] "POST /xmlrpc.php HTTP/1.1" 200 416 "-" "Mozilla/5.0 (Windows NT 6.2; x86) AppleWebKit/537.36 (KHTML, like Gecko) Firefox/82.0.0.0 Safari/537.36"
170.10.160.123 - - [04/Aug/2026:18:57:11 +0000] "POST /wp-cron.php?doing_wp_cron=1785869831.5047318935394287109375 HTTP/1.1" 200 20 "-" "WordPress/6.9.4; https://www.sescorp.cl"
170.10.160.123 - - [04/Aug/2026:18:58:15 +0000] "POST /wp-cron.php?doing_wp_cron=1785869895.9706799983978271484375 HTTP/1.1" 200 20 "-" "WordPress/6.9.4; https://www.sescorp.cl"
168.181.50.50 - - [04/Aug/2026:18:58:14 +0000] "POST /xmlrpc.php HTTP/1.1" 200 416 "-" "Mozilla/5.0 (Windows NT 6.2; arm64) AppleWebKit/537.36 (KHTML, like Gecko) Safari/14.0.0.0 Safari/537.36"
170.10.160.123 - - [04/Aug/2026:19:00:05 +0000] "GET /wp-cron.php HTTP/1.1" 200 0 "-" "Wget/1.19.5 (linux-gnu)"
168.181.50.50 - - [04/Aug/2026:19:01:13 +0000] "POST /xmlrpc.php HTTP/1.1" 200 416 "-" "Mozilla/5.0 (Linux; Android 10; x86) AppleWebKit/537.36 (KHTML, like Gecko) Chrome/82.0.0.0 Safari/537.36"
168.181.50.50 - - [04/Aug/2026:19:01:37 +0000] "POST /xmlrpc.php HTTP/1.1" 200 416 "-" "Mozilla/5.0 (X11; Ubuntu; Linux x86_64; x64) AppleWebKit/537.36 (KHTML, like Gecko) Edge/96.0.0.0 Safari/537.36"
168.181.50.50 - - [04/Aug/2026:19:01:52 +0000] "POST /xmlrpc.php HTTP/1.1" 200 416 "-" "Mozilla/5.0 (Macintosh; Intel Mac OS X 10_15_7; arm64) AppleWebKit/537.36 (KHTML, like Gecko) Safari/13.0.0.0 Safari/537.36"
182.43.184.15 - - [04/Aug/2026:19:01:54 +0000] "POST /xmlrpc.php HTTP/1.1" 200 222 "-" "Apache-HttpClient/4.5.2 (Java/1.8.0_161)"
182.43.184.15 - - [04/Aug/2026:18:47:18 +0000] "POST /xmlrpc.php HTTP/1.1" 200 222 "-" "Apache-HttpClient/4.5.2 (Java/1.8.0_161)"
170.10.160.123 - - [04/Aug/2026:18:47:55 +0000] "POST /wp-cron.php?doing_wp_cron=1785869275.6737990379333496093750 HTTP/1.1" 200 20 "-" "WordPress/6.9.4; https://www.sescorp.cl"
190.9.56.38 - - [04/Aug/2026:18:47:58 +0000] "GET /wp-content/uploads/2017/09/cerco-electrico.jpg HTTP/2" 200 133988 "https://www.bing.com/" "Mozilla/5.0 (Windows NT 10.0; Win64; x64) AppleWebKit/537.36 (KHTML, like Gecko) Chrome/150.0.0.0 Safari/537.36 Edg/150.0.0.0"
182.43.184.15 - - [04/Aug/2026:18:48:18 +0000] "POST /xmlrpc.php HTTP/1.1" 200 222 "-" "Apache-HttpClient/4.5.2 (Java/1.8.0_161)"
170.10.160.123 - - [04/Aug/2026:18:48:47 +0000] "POST /wp-cron.php?doing_wp_cron=1785869327.5995070934295654296875 HTTP/1.1" 200 20 "-" "WordPress/6.9.4; https://www.sescorp.cl"
168.181.50.50 - - [04/Aug/2026:18:49:46 +0000] "POST /xmlrpc.php HTTP/1.1" 200 416 "-" "Mozilla/5.0 (Windows NT 10.0; x86) AppleWebKit/537.36 (KHTML, like Gecko) Safari/11.0.0.0 Safari/537.36"
168.181.50.50 - - [04/Aug/2026:18:50:50 +0000] "POST /xmlrpc.php HTTP/1.1" 200 416 "-" "Mozilla/5.0 (Windows NT 6.3; arm64) AppleWebKit/537.36 (KHTML, like Gecko) Safari/10.0.0.0 Safari/537.36"
168.181.50.50 - - [04/Aug/2026:18:52:54 +0000] "POST /xmlrpc.php HTTP/1.1" 200 416 "-" "Mozilla/5.0 (Linux; Android 10; x64) AppleWebKit/537.36 (KHTML, like Gecko) Firefox/97.0.0.0 Safari/537.36"
170.10.160.123 - - [04/Aug/2026:18:53:55 +0000] "POST /wp-cron.php?doing_wp_cron=1785869635.6934590339660644531250 HTTP/1.1" 200 20 "-" "WordPress/6.9.4; https://www.sescorp.cl"
168.181.50.50 - - [04/Aug/2026:18:53:54 +0000] "POST /xmlrpc.php HTTP/1.1" 200 416 "-" "Mozilla/5.0 (Macintosh; Intel Mac OS X 10_15_7; x86) AppleWebKit/537.36 (KHTML, like Gecko) Safari/12.0.0.0 Safari/537.36"
168.181.50.50 - - [04/Aug/2026:18:55:02 +0000] "POST /xmlrpc.php HTTP/1.1" 200 416 "-" "Mozilla/5.0 (X11; Ubuntu; Linux x86_64; arm64) AppleWebKit/537.36 (KHTML, like Gecko) Chrome/89.0.0.0 Safari/537.36"
168.181.50.50 - - [04/Aug/2026:18:57:10 +0000] "POST /xmlrpc.php HTTP/1.1" 200 416 "-" "Mozilla/5.0 (Windows NT 10.0; x64) AppleWebKit/537.36 (KHTML, like Gecko) Firefox/99.0.0.0 Safari/537.36"
170.10.160.123 - - [04/Aug/2026:18:59:14 +0000] "POST /wp-cron.php?doing_wp_cron=1785869954.9413409233093261718750 HTTP/1.1" 200 20 "-" "WordPress/6.9.4; https://www.sescorp.cl"
168.181.50.50 - - [04/Aug/2026:18:59:14 +0000] "POST /xmlrpc.php HTTP/1.1" 200 416 "-" "Mozilla/5.0 (Windows NT 6.3; x64) AppleWebKit/537.36 (KHTML, like Gecko) Firefox/88.0.0.0 Safari/537.36"
168.181.50.50 - - [04/Aug/2026:19:00:11 +0000] "POST /xmlrpc.php HTTP/1.1" 200 416 "-" "Mozilla/5.0 (Macintosh; Intel Mac OS X 10_15_7; arm64) AppleWebKit/537.36 (KHTML, like Gecko) Chrome/81.0.0.0 Safari/537.36"
168.181.50.50 - - [04/Aug/2026:19:00:33 +0000] "POST /xmlrpc.php HTTP/1.1" 200 416 "-" "Mozilla/5.0 (Macintosh; Intel Mac OS X 10_15_7; x86) AppleWebKit/537.36 (KHTML, like Gecko) Chrome/108.0.0.0 Safari/537.36"
182.43.184.15 - - [04/Aug/2026:19:00:55 +0000] "POST /xmlrpc.php HTTP/1.1" 200 222 "-" "Apache-HttpClient/4.5.2 (Java/1.8.0_161)"
168.181.50.50 - - [04/Aug/2026:19:02:06 +0000] "POST /xmlrpc.php HTTP/1.1" 200 416 "-" "Mozilla/5.0 (Windows NT 6.2; x64) AppleWebKit/537.36 (KHTML, like Gecko) Firefox/100.0.0.0 Safari/537.36"
168.181.50.50 - - [04/Aug/2026:19:02:23 +0000] "POST /xmlrpc.php HTTP/1.1" 200 416 "-" "Mozilla/5.0 (Windows NT 6.2; x86) AppleWebKit/537.36 (KHTML, like Gecko) Firefox/97.0.0.0 Safari/537.36"
170.10.160.123 - - [04/Aug/2026:19:02:39 +0000] "POST /wp-cron.php?doing_wp_cron=1785870159.8021960258483886718750 HTTP/1.1" 200 20 "-" "WordPress/6.9.4; https://www.sescorp.cl"
168.181.50.50 - - [04/Aug/2026:19:02:52 +0000] "POST /xmlrpc.php HTTP/1.1" 200 416 "-" "Mozilla/5.0 (X11; Ubuntu; Linux x86_64; x86) AppleWebKit/537.36 (KHTML, like Gecko) Edge/83.0.0.0 Safari/537.36"
170.10.160.123 - - [04/Aug/2026:18:32:34 +0000] "POST /wp-cron.php?doing_wp_cron=1785868354.9475269317626953125000 HTTP/1.1" 200 20 "-" "WordPress/6.9.4; https://www.sescorp.cl"
182.43.184.15 - - [04/Aug/2026:18:32:34 +0000] "POST /xmlrpc.php HTTP/1.1" 200 222 "-" "Apache-HttpClient/4.5.2 (Java/1.8.0_161)"
170.10.160.123 - - [04/Aug/2026:18:35:52 +0000] "POST /wp-cron.php?doing_wp_cron=1785868552.7811551094055175781250 HTTP/1.1" 200 20 "-" "WordPress/6.9.4; https://www.sescorp.cl"
170.10.160.123 - - [04/Aug/2026:18:37:05 +0000] "POST /wp-cron.php?doing_wp_cron=1785868625.0225689411163330078125 HTTP/1.1" 200 20 "-" "WordPress/6.9.4; https://www.sescorp.cl"
168.181.50.50 - - [04/Aug/2026:18:37:04 +0000] "POST /xmlrpc.php HTTP/1.1" 200 416 "-" "Mozilla/5.0 (Windows NT 10.0; arm64) AppleWebKit/537.36 (KHTML, like Gecko) Chrome/110.0.0.0 Safari/537.36"
170.10.160.123 - - [04/Aug/2026:18:38:43 +0000] "POST /wp-cron.php?doing_wp_cron=1785868723.9260358810424804687500 HTTP/1.1" 200 20 "-" "WordPress/6.9.4; https://www.sescorp.cl"
168.181.50.50 - - [04/Aug/2026:18:40:25 +0000] "POST /xmlrpc.php HTTP/1.1" 200 416 "-" "Mozilla/5.0 (Macintosh; Intel Mac OS X 10_15_7; arm64) AppleWebKit/537.36 (KHTML, like Gecko) Chrome/86.0.0.0 Safari/537.36"
170.10.160.123 - - [04/Aug/2026:18:40:53 +0000] "POST /wp-cron.php?doing_wp_cron=1785868853.2372560501098632812500 HTTP/1.1" 200 20 "-" "WordPress/6.9.4; https://www.sescorp.cl"
170.10.160.123 - - [04/Aug/2026:18:42:26 +0000] "POST /wp-cron.php?doing_wp_cron=1785868946.5430660247802734375000 HTTP/1.1" 200 20 "-" "WordPress/6.9.4; https://www.sescorp.cl"
168.181.50.50 - - [04/Aug/2026:18:42:25 +0000] "POST /xmlrpc.php HTTP/1.1" 200 416 "-" "Mozilla/5.0 (X11; Ubuntu; Linux x86_64; x64) AppleWebKit/537.36 (KHTML, like Gecko) Opera/73.0.0.0 Safari/537.36"
170.10.160.123 - - [04/Aug/2026:18:44:21 +0000] "POST /wp-cron.php?doing_wp_cron=1785869061.0083839893341064453125 HTTP/1.1" 200 20 "-" "WordPress/6.9.4; https://www.sescorp.cl"
170.10.160.123 - - [04/Aug/2026:18:45:04 +0000] "GET /wp-cron.php HTTP/1.1" 200 0 "-" "Wget/1.19.5 (linux-gnu)"
170.10.160.123 - - [04/Aug/2026:18:46:14 +0000] "POST /wp-cron.php?doing_wp_cron=1785869174.6278879642486572265625 HTTP/1.1" 200 20 "-" "WordPress/6.9.4; https://www.sescorp.cl"
168.181.50.50 - - [04/Aug/2026:18:46:13 +0000] "POST /xmlrpc.php HTTP/1.1" 200 416 "-" "Mozilla/5.0 (Windows NT 6.3; x64) AppleWebKit/537.36 (KHTML, like Gecko) Firefox/85.0.0.0 Safari/537.36"
168.181.50.50 - - [04/Aug/2026:18:47:54 +0000] "POST /xmlrpc.php HTTP/1.1" 200 416 "-" "Mozilla/5.0 (X11; Ubuntu; Linux x86_64; arm64) AppleWebKit/537.36 (KHTML, like Gecko) Chrome/81.0.0.0 Safari/537.36"
154.57.197.145 - - [04/Aug/2026:18:50:06 +0000] "GET /wpsite/xmlrpc.php HTTP/1.1" 404 5749 "http://cpanel.sescorp.cl/wpsite/xmlrpc.php" "Mozilla/5.0 (Windows NT 10.0; Win64; x64) AppleWebKit/537.36 (KHTML, like Gecko) Chrome/138.0.0.0 Safari/537.36 Edg/138.0.0.0"
182.43.184.15 - - [04/Aug/2026:18:54:17 +0000] "POST /xmlrpc.php HTTP/1.1" 200 222 "-" "Apache-HttpClient/4.5.2 (Java/1.8.0_161)"
170.10.160.123 - - [04/Aug/2026:19:00:34 +0000] "POST /wp-cron.php?doing_wp_cron=1785870034.2401149272918701171875 HTTP/1.1" 200 20 "-" "WordPress/6.9.4; https://www.sescorp.cl"
168.181.50.50 - - [04/Aug/2026:19:00:54 +0000] "POST /xmlrpc.php HTTP/1.1" 200 416 "-" "Mozilla/5.0 (X11; Ubuntu; Linux x86_64; x64) AppleWebKit/537.36 (KHTML, like Gecko) Edge/83.0.0.0 Safari/537.36"
170.10.160.123 - - [04/Aug/2026:19:01:38 +0000] "POST /wp-cron.php?doing_wp_cron=1785870098.0322470664978027343750 HTTP/1.1" 200 20 "-" "WordPress/6.9.4; https://www.sescorp.cl"
168.181.50.50 - - [04/Aug/2026:19:03:08 +0000] "POST /xmlrpc.php HTTP/1.1" 200 416 "-" "Mozilla/5.0 (X11; Ubuntu; Linux x86_64; arm64) AppleWebKit/537.36 (KHTML, like Gecko) Chrome/87.0.0.0 Safari/537.36"
168.181.50.50 - - [04/Aug/2026:19:03:52 +0000] "POST /xmlrpc.php HTTP/1.1" 200 416 "-" "Mozilla/5.0 (Windows NT 6.3; x64) AppleWebKit/537.36 (KHTML, like Gecko) Firefox/82.0.0.0 Safari/537.36"
168.181.50.50 - - [04/Aug/2026:19:02:39 +0000] "POST /xmlrpc.php HTTP/1.1" 200 416 "-" "Mozilla/5.0 (Windows NT 6.2; arm64) AppleWebKit/537.36 (KHTML, like Gecko) Chrome/110.0.0.0 Safari/537.36"
168.181.50.50 - - [04/Aug/2026:19:03:22 +0000] "POST /xmlrpc.php HTTP/1.1" 200 416 "-" "Mozilla/5.0 (Windows NT 6.3; x86) AppleWebKit/537.36 (KHTML, like Gecko) Safari/10.0.0.0 Safari/537.36"
170.10.160.123 - - [04/Aug/2026:19:03:37 +0000] "POST /wp-cron.php?doing_wp_cron=1785870217.1232149600982666015625 HTTP/1.1" 200 20 "-" "WordPress/6.9.4; https://www.sescorp.cl"
168.181.50.50 - - [04/Aug/2026:19:03:36 +0000] "POST /xmlrpc.php HTTP/1.1" 200 416 "-" "Mozilla/5.0 (X11; Ubuntu; Linux x86_64; arm64) AppleWebKit/537.36 (KHTML, like Gecko) Firefox/96.0.0.0 Safari/537.36"
68.183.22.192 - - [04/Aug/2026:19:04:06 +0000] "GET /wp-login.php HTTP/2" 200 3100 "-" "Mozilla/5.0 (Windows NT 10.0; Win64; x64) AppleWebKit/537.36 (KHTML, like Gecko) Chrome/150.0.0.0 Safari/537.36"
168.181.50.50 - - [04/Aug/2026:19:04:59 +0000] "POST /xmlrpc.php HTTP/1.1" 200 416 "-" "Mozilla/5.0 (Windows NT 6.2; x86) AppleWebKit/537.36 (KHTML, like Gecko) Edge/91.0.0.0 Safari/537.36"
168.181.50.50 - - [04/Aug/2026:19:05:11 +0000] "POST /xmlrpc.php HTTP/1.1" 200 416 "-" "Mozilla/5.0 (Windows NT 6.2; x64) AppleWebKit/537.36 (KHTML, like Gecko) Chrome/87.0.0.0 Safari/537.36"
93.152.221.87 - - [04/Aug/2026:19:05:18 +0000] "GET / HTTP/1.1" 401 53 "-" "Mozilla/5.0 (Windows NT 10.0; Win64; x64) AppleWebKit/537.36 (KHTML, like Gecko) Chrome/128.0.0.0 Safari/537.36"
93.152.221.87 - - [04/Aug/2026:19:05:18 +0000] "GET /feed/ HTTP/1.1" 401 53 "-" "Mozilla/5.0 (Windows NT 10.0; Win64; x64) AppleWebKit/537.36 (KHTML, like Gecko) Chrome/128.0.0.0 Safari/537.36"
170.10.160.123 - - [04/Aug/2026:19:05:35 +0000] "POST /wp-cron.php?doing_wp_cron=1785870335.8399310111999511718750 HTTP/1.1" 200 20 "-" "WordPress/6.9.4; https://www.sescorp.cl"
168.181.50.50 - - [04/Aug/2026:19:05:47 +0000] "POST /xmlrpc.php HTTP/1.1" 200 416 "-" "Mozilla/5.0 (X11; Ubuntu; Linux x86_64; x86) AppleWebKit/537.36 (KHTML, like Gecko) Safari/11.0.0.0 Safari/537.36"
168.181.50.50 - - [04/Aug/2026:19:06:06 +0000] "POST /xmlrpc.php HTTP/1.1" 200 416 "-" "Mozilla/5.0 (Windows NT 6.2; x86) AppleWebKit/537.36 (KHTML, like Gecko) Chrome/110.0.0.0 Safari/537.36"
168.181.50.50 - - [04/Aug/2026:19:07:06 +0000] "POST /xmlrpc.php HTTP/1.1" 200 416 "-" "Mozilla/5.0 (Windows NT 6.2; arm64) AppleWebKit/537.36 (KHTML, like Gecko) Chrome/110.0.0.0 Safari/537.36"
168.181.50.50 - - [04/Aug/2026:19:07:17 +0000] "POST /xmlrpc.php HTTP/1.1" 200 416 "-" "Mozilla/5.0 (Macintosh; Intel Mac OS X 10_15_7; x86) AppleWebKit/537.36 (KHTML, like Gecko) Chrome/96.0.0.0 Safari/537.36"
168.181.50.50 - - [04/Aug/2026:19:07:28 +0000] "POST /xmlrpc.php HTTP/1.1" 200 416 "-" "Mozilla/5.0 (Linux; Android 10; arm64) AppleWebKit/537.36 (KHTML, like Gecko) Safari/14.0.0.0 Safari/537.36"
170.10.160.123 - - [04/Aug/2026:19:07:40 +0000] "POST /wp-cron.php?doing_wp_cron=1785870459.9514811038970947265625 HTTP/1.1" 200 20 "-" "WordPress/6.9.4; https://www.sescorp.cl"
168.181.50.50 - - [04/Aug/2026:19:07:39 +0000] "POST /xmlrpc.php HTTP/1.1" 200 416 "-" "Mozilla/5.0 (Windows NT 6.2; arm64) AppleWebKit/537.36 (KHTML, like Gecko) Safari/15.0.0.0 Safari/537.36"
168.181.50.50 - - [04/Aug/2026:19:07:51 +0000] "POST /xmlrpc.php HTTP/1.1" 200 416 "-" "Mozilla/5.0 (Macintosh; Intel Mac OS X 10_15_7; arm64) AppleWebKit/537.36 (KHTML, like Gecko) Edge/81.0.0.0 Safari/537.36"
168.181.50.50 - - [04/Aug/2026:19:08:06 +0000] "POST /xmlrpc.php HTTP/1.1" 200 416 "-" "Mozilla/5.0 (Linux; Android 10; x64) AppleWebKit/537.36 (KHTML, like Gecko) Edge/80.0.0.0 Safari/537.36"
168.181.50.50 - - [04/Aug/2026:19:08:19 +0000] "POST /xmlrpc.php HTTP/1.1" 200 416 "-" "Mozilla/5.0 (Windows NT 6.3; arm64) AppleWebKit/537.36 (KHTML, like Gecko) Safari/12.0.0.0 Safari/537.36"
170.10.160.123 - - [04/Aug/2026:19:08:47 +0000] "POST /wp-cron.php?doing_wp_cron=1785870527.5182549953460693359375 HTTP/1.1" 200 20 "-" "WordPress/6.9.4; https://www.sescorp.cl"
168.181.50.50 - - [04/Aug/2026:19:04:06 +0000] "POST /xmlrpc.php HTTP/1.1" 200 416 "-" "Mozilla/5.0 (Windows NT 6.3; x86) AppleWebKit/537.36 (KHTML, like Gecko) Firefox/80.0.0.0 Safari/537.36"
68.183.22.192 - - [04/Aug/2026:19:04:17 +0000] "POST /wp-login.php HTTP/2" 200 3268 "https://sescorp.cl/wp-login.php" "Mozilla/5.0 (Windows NT 10.0; Win64; x64) AppleWebKit/537.36 (KHTML, like Gecko) Chrome/150.0.0.0 Safari/537.36"
168.181.50.50 - - [04/Aug/2026:19:04:18 +0000] "POST /xmlrpc.php HTTP/1.1" 200 416 "-" "Mozilla/5.0 (Windows NT 10.0; x64) AppleWebKit/537.36 (KHTML, like Gecko) Safari/11.0.0.0 Safari/537.36"
168.181.50.50 - - [04/Aug/2026:19:04:43 +0000] "POST /xmlrpc.php HTTP/1.1" 200 416 "-" "Mozilla/5.0 (Windows NT 6.2; arm64) AppleWebKit/537.36 (KHTML, like Gecko) Chrome/106.0.0.0 Safari/537.36"
168.181.50.50 - - [04/Aug/2026:19:05:24 +0000] "POST /xmlrpc.php HTTP/1.1" 200 416 "-" "Mozilla/5.0 (Windows NT 6.3; arm64) AppleWebKit/537.36 (KHTML, like Gecko) Safari/12.0.0.0 Safari/537.36"
168.181.50.50 - - [04/Aug/2026:19:05:35 +0000] "POST /xmlrpc.php HTTP/1.1" 200 416 "-" "Mozilla/5.0 (X11; Ubuntu; Linux x86_64; x86) AppleWebKit/537.36 (KHTML, like Gecko) Opera/63.0.0.0 Safari/537.36"
168.181.50.50 - - [04/Aug/2026:19:08:47 +0000] "POST /xmlrpc.php HTTP/1.1" 200 416 "-" "Mozilla/5.0 (Linux; Android 10; x86) AppleWebKit/537.36 (KHTML, like Gecko) Opera/73.0.0.0 Safari/537.36"
182.43.184.15 - - [04/Aug/2026:19:09:02 +0000] "POST /xmlrpc.php HTTP/1.1" 200 222 "-" "Apache-HttpClient/4.5.2 (Java/1.8.0_161)"
182.43.184.15 - - [04/Aug/2026:19:09:04 +0000] "POST /xmlrpc.php HTTP/1.1" 200 222 "-" "Apache-HttpClient/4.5.2 (Java/1.8.0_161)"
168.181.50.50 - - [04/Aug/2026:19:09:09 +0000] "POST /xmlrpc.php HTTP/1.1" 200 416 "-" "Mozilla/5.0 (Windows NT 6.3; x86) AppleWebKit/537.36 (KHTML, like Gecko) Firefox/72.0.0.0 Safari/537.36"
168.181.50.50 - - [04/Aug/2026:19:09:57 +0000] "POST /xmlrpc.php HTTP/1.1" 200 416 "-" "Mozilla/5.0 (X11; Ubuntu; Linux x86_64; x86) AppleWebKit/537.36 (KHTML, like Gecko) Firefox/98.0.0.0 Safari/537.36"
168.181.50.50 - - [04/Aug/2026:19:10:10 +0000] "POST /xmlrpc.php HTTP/1.1" 200 416 "-" "Mozilla/5.0 (Windows NT 6.2; x86) AppleWebKit/537.36 (KHTML, like Gecko) Firefox/80.0.0.0 Safari/537.36"
168.181.50.50 - - [04/Aug/2026:19:10:24 +0000] "POST /xmlrpc.php HTTP/1.1" 403 1242 "-" "Mozilla/5.0 (Macintosh; Intel Mac OS X 10_15_7; arm64) AppleWebKit/537.36 (KHTML, like Gecko) Firefox/85.0.0.0 Safari/537.36"
170.10.160.123 - - [04/Aug/2026:19:10:37 +0000] "POST /wp-cron.php?doing_wp_cron=1785870637.7780981063842773437500 HTTP/1.1" 200 20 "-" "WordPress/6.9.4; https://www.sescorp.cl"
170.10.160.123 - - [04/Aug/2026:19:11:06 +0000] "GET / HTTP/1.1" 200 141638 "-" "Softaculous"
168.181.50.50 - - [04/Aug/2026:19:12:09 +0000] "POST /xmlrpc.php HTTP/1.1" 403 1242 "-" "Mozilla/5.0 (Macintosh; Intel Mac OS X 10_15_7; x86) AppleWebKit/537.36 (KHTML, like Gecko) Edge/96.0.0.0 Safari/537.36"
168.181.50.50 - - [04/Aug/2026:19:12:18 +0000] "POST /xmlrpc.php HTTP/1.1" 403 1242 "-" "Mozilla/5.0 (Windows NT 6.3; x64) AppleWebKit/537.36 (KHTML, like Gecko) Opera/74.0.0.0 Safari/537.36"
168.181.50.50 - - [04/Aug/2026:19:12:28 +0000] "POST /xmlrpc.php HTTP/1.1" 403 1242 "-" "Mozilla/5.0 (Windows NT 6.2; x86) AppleWebKit/537.36 (KHTML, like Gecko) Chrome/109.0.0.0 Safari/537.36"
168.181.50.50 - - [04/Aug/2026:19:12:41 +0000] "POST /xmlrpc.php HTTP/1.1" 403 1242 "-" "Mozilla/5.0 (Windows NT 10.0; x64) AppleWebKit/537.36 (KHTML, like Gecko) Firefox/71.0.0.0 Safari/537.36"
168.181.50.50 - - [04/Aug/2026:19:12:51 +0000] "POST /xmlrpc.php HTTP/1.1" 403 1242 "-" "Mozilla/5.0 (X11; Ubuntu; Linux x86_64; arm64) AppleWebKit/537.36 (KHTML, like Gecko) Firefox/98.0.0.0 Safari/537.36"
170.10.160.123 - - [04/Aug/2026:19:13:36 +0000] "POST /wp-cron.php?doing_wp_cron=1785870815.9659121036529541015625 HTTP/1.1" 200 20 "-" "WordPress/6.9.4; https://www.sescorp.cl"
20.52.171.102 - - [04/Aug/2026:19:13:54 +0000] "GET /403.shtml HTTP/1.1" 403 1242 "-" "-"
20.52.171.102 - - [04/Aug/2026:19:13:54 +0000] "GET /403.shtml HTTP/1.1" 403 1242 "-" "-"
20.52.171.102 - - [04/Aug/2026:19:13:55 +0000] "GET /403.shtml HTTP/1.1" 403 1242 "-" "-"
20.52.171.102 - - [04/Aug/2026:19:13:55 +0000] "GET /403.shtml HTTP/1.1" 403 1242 "-" "-"
20.52.171.102 - - [04/Aug/2026:19:13:55 +0000] "GET /403.shtml HTTP/1.1" 403 1242 "-" "-"
20.52.171.102 - - [04/Aug/2026:19:13:55 +0000] "GET /403.shtml HTTP/1.1" 403 1242 "-" "-"
20.52.171.102 - - [04/Aug/2026:19:13:56 +0000] "GET /403.shtml HTTP/1.1" 403 1242 "-" "-"
20.52.171.102 - - [04/Aug/2026:19:13:56 +0000] "GET /403.shtml HTTP/1.1" 403 1242 "-" "-"
20.52.171.102 - - [04/Aug/2026:19:13:56 +0000] "GET /403.shtml HTTP/1.1" 403 1242 "-" "-"
20.52.171.102 - - [04/Aug/2026:19:13:56 +0000] "GET /403.shtml HTTP/1.1" 403 1242 "-" "-"
20.52.171.102 - - [04/Aug/2026:19:13:57 +0000] "GET /403.shtml HTTP/1.1" 403 1242 "-" "-"
20.52.171.102 - - [04/Aug/2026:19:13:57 +0000] "GET /403.shtml HTTP/1.1" 403 1242 "-" "-"
20.52.171.102 - - [04/Aug/2026:19:13:57 +0000] "GET /403.shtml HTTP/1.1" 403 1242 "-" "-"
20.52.171.102 - - [04/Aug/2026:19:13:58 +0000] "GET /403.shtml HTTP/1.1" 403 1242 "-" "-"
20.52.171.102 - - [04/Aug/2026:19:13:58 +0000] "GET /403.shtml HTTP/1.1" 403 1242 "-" "-"
20.52.171.102 - - [04/Aug/2026:19:13:58 +0000] "GET /403.shtml HTTP/1.1" 403 1242 "-" "-"
20.52.171.102 - - [04/Aug/2026:19:13:59 +0000] "GET /403.shtml HTTP/1.1" 403 1242 "-" "-"
20.52.171.102 - - [04/Aug/2026:19:13:59 +0000] "GET /403.shtml HTTP/1.1" 403 1242 "-" "-"
20.52.171.102 - - [04/Aug/2026:19:13:59 +0000] "GET /403.shtml HTTP/1.1" 403 1242 "-" "-"
20.52.171.102 - - [04/Aug/2026:19:13:59 +0000] "GET /403.shtml HTTP/1.1" 403 1242 "-" "-"
20.52.171.102 - - [04/Aug/2026:19:13:59 +0000] "GET /403.shtml HTTP/1.1" 403 1242 "-" "-"
20.52.171.102 - - [04/Aug/2026:19:14:00 +0000] "GET /403.shtml HTTP/1.1" 403 1242 "-" "-"
20.52.171.102 - - [04/Aug/2026:19:14:00 +0000] "GET /403.shtml HTTP/1.1" 403 1242 "-" "-"
20.52.171.102 - - [04/Aug/2026:19:14:00 +0000] "GET /403.shtml HTTP/1.1" 403 1242 "-" "-"
20.52.171.102 - - [04/Aug/2026:19:14:00 +0000] "GET /403.shtml HTTP/1.1" 403 1242 "-" "-"
20.52.171.102 - - [04/Aug/2026:19:14:01 +0000] "GET /403.shtml HTTP/1.1" 403 1242 "-" "-"
20.52.171.102 - - [04/Aug/2026:19:14:01 +0000] "GET /403.shtml HTTP/1.1" 403 1242 "-" "-"
20.52.171.102 - - [04/Aug/2026:19:14:01 +0000] "GET /403.shtml HTTP/1.1" 403 1242 "-" "-"
20.52.171.102 - - [04/Aug/2026:19:14:01 +0000] "GET /403.shtml HTTP/1.1" 403 1242 "-" "-"
20.52.171.102 - - [04/Aug/2026:19:14:02 +0000] "GET /403.shtml HTTP/1.1" 403 1242 "-" "-"
20.52.171.102 - - [04/Aug/2026:19:14:02 +0000] "GET /403.shtml HTTP/1.1" 403 1242 "-" "-"
20.52.171.102 - - [04/Aug/2026:19:14:03 +0000] "GET /403.shtml HTTP/1.1" 403 1242 "-" "-"
20.52.171.102 - - [04/Aug/2026:19:14:03 +0000] "GET /403.shtml HTTP/1.1" 403 1242 "-" "-"
20.52.171.102 - - [04/Aug/2026:19:14:03 +0000] "GET /403.shtml HTTP/1.1" 403 1242 "-" "-"
20.52.171.102 - - [04/Aug/2026:19:14:03 +0000] "GET /403.shtml HTTP/1.1" 403 1242 "-" "-"
20.52.171.102 - - [04/Aug/2026:19:14:04 +0000] "GET /403.shtml HTTP/1.1" 403 1242 "-" "-"
20.52.171.102 - - [04/Aug/2026:19:14:07 +0000] "GET /403.shtml HTTP/1.1" 403 1242 "-" "-"
20.52.171.102 - - [04/Aug/2026:19:14:07 +0000] "GET /403.shtml HTTP/1.1" 403 1242 "-" "-"
20.52.171.102 - - [04/Aug/2026:19:14:07 +0000] "GET /403.shtml HTTP/1.1" 403 1242 "-" "-"
20.52.171.102 - - [04/Aug/2026:19:14:08 +0000] "GET /403.shtml HTTP/1.1" 403 1242 "-" "-"
20.52.171.102 - - [04/Aug/2026:19:14:08 +0000] "GET /403.shtml HTTP/1.1" 403 1242 "-" "-"
20.52.171.102 - - [04/Aug/2026:19:14:08 +0000] "GET /403.shtml HTTP/1.1" 403 1242 "-" "-"
20.52.171.102 - - [04/Aug/2026:19:14:08 +0000] "GET /403.shtml HTTP/1.1" 403 1242 "-" "-"
20.52.171.102 - - [04/Aug/2026:19:14:09 +0000] "GET /403.shtml HTTP/1.1" 403 1242 "-" "-"
20.52.171.102 - - [04/Aug/2026:19:14:09 +0000] "GET /403.shtml HTTP/1.1" 403 1242 "-" "-"
20.52.171.102 - - [04/Aug/2026:19:14:09 +0000] "GET /403.shtml HTTP/1.1" 403 1242 "-" "-"
20.52.171.102 - - [04/Aug/2026:19:14:09 +0000] "GET /403.shtml HTTP/1.1" 403 1242 "-" "-"
20.52.171.102 - - [04/Aug/2026:19:14:10 +0000] "GET /403.shtml HTTP/1.1" 403 1242 "-" "-"
20.52.171.102 - - [04/Aug/2026:19:14:10 +0000] "GET /403.shtml HTTP/1.1" 403 1242 "-" "-"
20.52.171.102 - - [04/Aug/2026:19:14:12 +0000] "GET /403.shtml HTTP/1.1" 403 1242 "-" "-"
20.52.171.102 - - [04/Aug/2026:19:14:13 +0000] "GET /403.shtml HTTP/1.1" 403 1242 "-" "-"
20.52.171.102 - - [04/Aug/2026:19:14:13 +0000] "GET /403.shtml HTTP/1.1" 403 1242 "-" "-"
20.52.171.102 - - [04/Aug/2026:19:14:14 +0000] "GET /403.shtml HTTP/1.1" 403 1242 "-" "-"
20.52.171.102 - - [04/Aug/2026:19:14:14 +0000] "GET /403.shtml HTTP/1.1" 403 1242 "-" "-"
20.52.171.102 - - [04/Aug/2026:19:14:14 +0000] "GET /403.shtml HTTP/1.1" 403 1242 "-" "-"
20.52.171.102 - - [04/Aug/2026:19:14:14 +0000] "GET /403.shtml HTTP/1.1" 403 1242 "-" "-"
20.52.171.102 - - [04/Aug/2026:19:14:15 +0000] "GET /403.shtml HTTP/1.1" 403 1242 "-" "-"
20.52.171.102 - - [04/Aug/2026:19:14:15 +0000] "GET /403.shtml HTTP/1.1" 403 1242 "-" "-"
20.52.171.102 - - [04/Aug/2026:19:14:15 +0000] "GET /403.shtml HTTP/1.1" 403 1242 "-" "-"
20.52.171.102 - - [04/Aug/2026:19:14:15 +0000] "GET /403.shtml HTTP/1.1" 403 1242 "-" "-"
20.52.171.102 - - [04/Aug/2026:19:14:16 +0000] "GET /403.shtml HTTP/1.1" 403 1242 "-" "-"
20.52.171.102 - - [04/Aug/2026:19:14:16 +0000] "GET /403.shtml HTTP/1.1" 403 1242 "-" "-"
20.52.171.102 - - [04/Aug/2026:19:14:16 +0000] "GET /403.shtml HTTP/1.1" 403 1242 "-" "-"
20.52.171.102 - - [04/Aug/2026:19:14:17 +0000] "GET /403.shtml HTTP/1.1" 403 1242 "-" "-"
20.52.171.102 - - [04/Aug/2026:19:14:17 +0000] "GET /403.shtml HTTP/1.1" 403 1242 "-" "-"
20.52.171.102 - - [04/Aug/2026:19:14:19 +0000] "GET /403.shtml HTTP/1.1" 403 1242 "-" "-"
20.52.171.102 - - [04/Aug/2026:19:14:19 +0000] "GET /403.shtml HTTP/1.1" 403 1242 "-" "-"
20.52.171.102 - - [04/Aug/2026:19:14:20 +0000] "GET /403.shtml HTTP/1.1" 403 1242 "-" "-"
20.52.171.102 - - [04/Aug/2026:19:14:20 +0000] "GET /403.shtml HTTP/1.1" 403 1242 "-" "-"
20.52.171.102 - - [04/Aug/2026:19:14:20 +0000] "GET /403.shtml HTTP/1.1" 403 1242 "-" "-"
20.52.171.102 - - [04/Aug/2026:19:14:21 +0000] "GET /403.shtml HTTP/1.1" 403 1242 "-" "-"
20.52.171.102 - - [04/Aug/2026:19:14:21 +0000] "GET /403.shtml HTTP/1.1" 403 1242 "-" "-"
20.52.171.102 - - [04/Aug/2026:19:14:21 +0000] "GET /403.shtml HTTP/1.1" 403 1242 "-" "-"
20.52.171.102 - - [04/Aug/2026:19:14:22 +0000] "GET /403.shtml HTTP/1.1" 403 1242 "-" "-"
20.52.171.102 - - [04/Aug/2026:19:14:22 +0000] "GET /403.shtml HTTP/1.1" 403 1242 "-" "-"
20.52.171.102 - - [04/Aug/2026:19:14:22 +0000] "GET /403.shtml HTTP/1.1" 403 1242 "-" "-"
20.52.171.102 - - [04/Aug/2026:19:14:22 +0000] "GET /403.shtml HTTP/1.1" 403 1242 "-" "-"
20.52.171.102 - - [04/Aug/2026:19:14:23 +0000] "GET /403.shtml HTTP/1.1" 403 1242 "-" "-"
20.52.171.102 - - [04/Aug/2026:19:14:23 +0000] "GET /403.shtml HTTP/1.1" 403 1242 "-" "-"
20.52.171.102 - - [04/Aug/2026:19:14:23 +0000] "GET /403.shtml HTTP/1.1" 403 1242 "-" "-"
20.52.171.102 - - [04/Aug/2026:19:14:23 +0000] "GET /403.shtml HTTP/1.1" 403 1242 "-" "-"
20.52.171.102 - - [04/Aug/2026:19:14:24 +0000] "GET /403.shtml HTTP/1.1" 403 1242 "-" "-"
20.52.171.102 - - [04/Aug/2026:19:14:24 +0000] "GET /403.shtml HTTP/1.1" 403 1242 "-" "-"
20.52.171.102 - - [04/Aug/2026:19:14:25 +0000] "GET /403.shtml HTTP/1.1" 403 1242 "-" "-"
20.52.171.102 - - [04/Aug/2026:19:14:25 +0000] "GET /403.shtml HTTP/1.1" 403 1242 "-" "-"
20.52.171.102 - - [04/Aug/2026:19:14:25 +0000] "GET /403.shtml HTTP/1.1" 403 1242 "-" "-"
20.52.171.102 - - [04/Aug/2026:19:14:26 +0000] "GET /403.shtml HTTP/1.1" 403 1242 "-" "-"
20.52.171.102 - - [04/Aug/2026:19:14:26 +0000] "GET /403.shtml HTTP/1.1" 403 1242 "-" "-"
20.52.171.102 - - [04/Aug/2026:19:14:26 +0000] "GET /403.shtml HTTP/1.1" 403 1242 "-" "-"
20.52.171.102 - - [04/Aug/2026:19:14:26 +0000] "GET /403.shtml HTTP/1.1" 403 1242 "-" "-"
20.52.171.102 - - [04/Aug/2026:19:14:27 +0000] "GET /403.shtml HTTP/1.1" 403 1242 "-" "-"
20.52.171.102 - - [04/Aug/2026:19:14:27 +0000] "GET /403.shtml HTTP/1.1" 403 1242 "-" "-"
20.52.171.102 - - [04/Aug/2026:19:14:28 +0000] "GET /403.shtml HTTP/1.1" 403 1242 "-" "-"
20.52.171.102 - - [04/Aug/2026:19:14:28 +0000] "GET /403.shtml HTTP/1.1" 403 1242 "-" "-"
20.52.171.102 - - [04/Aug/2026:19:14:28 +0000] "GET /403.shtml HTTP/1.1" 403 1242 "-" "-"
20.52.171.102 - - [04/Aug/2026:19:14:28 +0000] "GET /403.shtml HTTP/1.1" 403 1242 "-" "-"
20.52.171.102 - - [04/Aug/2026:19:14:29 +0000] "GET /403.shtml HTTP/1.1" 403 1242 "-" "-"
20.52.171.102 - - [04/Aug/2026:19:14:29 +0000] "GET /403.shtml HTTP/1.1" 403 1242 "-" "-"
20.52.171.102 - - [04/Aug/2026:19:14:29 +0000] "GET /403.shtml HTTP/1.1" 403 1242 "-" "-"
20.52.171.102 - - [04/Aug/2026:19:14:29 +0000] "GET /403.shtml HTTP/1.1" 403 1242 "-" "-"
20.52.171.102 - - [04/Aug/2026:19:14:30 +0000] "GET /403.shtml HTTP/1.1" 403 1242 "-" "-"
20.52.171.102 - - [04/Aug/2026:19:14:30 +0000] "GET /403.shtml HTTP/1.1" 403 1242 "-" "-"
20.52.171.102 - - [04/Aug/2026:19:14:30 +0000] "GET /403.shtml HTTP/1.1" 403 1242 "-" "-"
20.52.171.102 - - [04/Aug/2026:19:14:31 +0000] "GET /403.shtml HTTP/1.1" 403 1242 "-" "-"
20.52.171.102 - - [04/Aug/2026:19:14:31 +0000] "GET /403.shtml HTTP/1.1" 403 1242 "-" "-"
20.52.171.102 - - [04/Aug/2026:19:14:31 +0000] "GET /403.shtml HTTP/1.1" 403 1242 "-" "-"
20.52.171.102 - - [04/Aug/2026:19:14:31 +0000] "GET /403.shtml HTTP/1.1" 403 1242 "-" "-"
20.52.171.102 - - [04/Aug/2026:19:14:32 +0000] "GET /403.shtml HTTP/1.1" 403 1242 "-" "-"
20.52.171.102 - - [04/Aug/2026:19:14:32 +0000] "GET /403.shtml HTTP/1.1" 403 1242 "-" "-"
20.52.171.102 - - [04/Aug/2026:19:14:32 +0000] "GET /403.shtml HTTP/1.1" 403 1242 "-" "-"
20.52.171.102 - - [04/Aug/2026:19:14:32 +0000] "GET /403.shtml HTTP/1.1" 403 1242 "-" "-"
20.52.171.102 - - [04/Aug/2026:19:14:33 +0000] "GET /403.shtml HTTP/1.1" 403 1242 "-" "-"
20.52.171.102 - - [04/Aug/2026:19:14:33 +0000] "GET /403.shtml HTTP/1.1" 403 1242 "-" "-"
20.52.171.102 - - [04/Aug/2026:19:14:33 +0000] "GET /403.shtml HTTP/1.1" 403 1242 "-" "-"
20.52.171.102 - - [04/Aug/2026:19:14:33 +0000] "GET /403.shtml HTTP/1.1" 403 1242 "-" "-"
20.52.171.102 - - [04/Aug/2026:19:14:34 +0000] "GET /403.shtml HTTP/1.1" 403 1242 "-" "-"
20.52.171.102 - - [04/Aug/2026:19:14:34 +0000] "GET /403.shtml HTTP/1.1" 403 1242 "-" "-"
20.52.171.102 - - [04/Aug/2026:19:14:34 +0000] "GET /403.shtml HTTP/1.1" 403 1242 "-" "-"
20.52.171.102 - - [04/Aug/2026:19:14:34 +0000] "GET /403.shtml HTTP/1.1" 403 1242 "-" "-"
20.52.171.102 - - [04/Aug/2026:19:14:35 +0000] "GET /403.shtml HTTP/1.1" 403 1242 "-" "-"
20.52.171.102 - - [04/Aug/2026:19:14:35 +0000] "GET /403.shtml HTTP/1.1" 403 1242 "-" "-"
20.52.171.102 - - [04/Aug/2026:19:14:35 +0000] "GET /403.shtml HTTP/1.1" 403 1242 "-" "-"
20.52.171.102 - - [04/Aug/2026:19:14:35 +0000] "GET /403.shtml HTTP/1.1" 403 1242 "-" "-"
20.52.171.102 - - [04/Aug/2026:19:14:36 +0000] "GET /403.shtml HTTP/1.1" 403 1242 "-" "-"
20.52.171.102 - - [04/Aug/2026:19:14:36 +0000] "GET /403.shtml HTTP/1.1" 403 1242 "-" "-"
20.52.171.102 - - [04/Aug/2026:19:14:36 +0000] "GET /403.shtml HTTP/1.1" 403 1242 "-" "-"
20.52.171.102 - - [04/Aug/2026:19:14:37 +0000] "GET /403.shtml HTTP/1.1" 403 1242 "-" "-"
20.52.171.102 - - [04/Aug/2026:19:14:37 +0000] "GET /403.shtml HTTP/1.1" 403 1242 "-" "-"
20.52.171.102 - - [04/Aug/2026:19:14:37 +0000] "GET /403.shtml HTTP/1.1" 403 1242 "-" "-"
20.52.171.102 - - [04/Aug/2026:19:14:37 +0000] "GET /403.shtml HTTP/1.1" 403 1242 "-" "-"
20.52.171.102 - - [04/Aug/2026:19:14:38 +0000] "GET /403.shtml HTTP/1.1" 403 1242 "-" "-"
20.52.171.102 - - [04/Aug/2026:19:14:38 +0000] "GET /403.shtml HTTP/1.1" 403 1242 "-" "-"
20.52.171.102 - - [04/Aug/2026:19:14:38 +0000] "GET /403.shtml HTTP/1.1" 403 1242 "-" "-"
