187.154.127.79 - - [04/Aug/2026:23:41:12 +0000] "GET /page-sitemap.xml HTTP/1.1" 200 467 "-" "Mozilla/5.0 (Macintosh; Intel Mac OS X 12_5_0) AppleWebKit/537.36 (KHTML, like Gecko) Chrome/130.0.6723.69 Safari/537.36"
170.10.160.123 - - [04/Aug/2026:23:41:37 +0000] "POST /wp-cron.php?doing_wp_cron=1785886897.5400779247283935546875 HTTP/1.1" 200 20 "-" "WordPress/6.9.4; https://www.sescorp.cl"
182.43.184.15 - - [04/Aug/2026:23:44:35 +0000] "POST /xmlrpc.php HTTP/1.1" 200 222 "-" "Apache-HttpClient/4.5.2 (Java/1.8.0_161)"
103.158.4.136 - - [04/Aug/2026:23:45:10 +0000] "GET /wp-login.php HTTP/2" 200 3100 "-" "Mozilla/5.0 (Windows NT 10.0; Win64; x64) AppleWebKit/537.36 (KHTML, like Gecko) Chrome/150.0.0.0 Safari/537.36"
170.10.160.123 - - [04/Aug/2026:23:45:45 +0000] "POST /wp-cron.php?doing_wp_cron=1785887145.9136869907379150390625 HTTP/1.1" 200 20 "-" "WordPress/6.9.4; https://www.sescorp.cl"
182.43.184.15 - - [04/Aug/2026:23:45:45 +0000] "POST /xmlrpc.php HTTP/1.1" 200 222 "-" "Apache-HttpClient/4.5.2 (Java/1.8.0_161)"
182.43.184.15 - - [04/Aug/2026:23:47:40 +0000] "POST /xmlrpc.php HTTP/1.1" 200 222 "-" "Apache-HttpClient/4.5.2 (Java/1.8.0_161)"
91.84.97.111 - - [04/Aug/2026:23:48:02 +0000] "POST /wp-login.php HTTP/3" 302 20 "https://sescorp.cl/" "Mozilla/5.0 (Windows NT 10.0; Win64; x64) AppleWebKit/537.36 (KHTML, like Gecko) Chrome/150.0.0.0 Safari/537.36"
91.84.97.111 - - [04/Aug/2026:23:48:03 +0000] "GET /wp-login.php?redirect_to=https%3A%2F%2Fwww.sescorp.cl%2Fwp-admin%2F&action=confirm_admin_email&wp_lang=es_ES HTTP/3" 200 1738 "https://sescorp.cl/" "Mozilla/5.0 (Windows NT 10.0; Win64; x64) AppleWebKit/537.36 (KHTML, like Gecko) Chrome/150.0.0.0 Safari/537.36"
91.84.97.111 - - [04/Aug/2026:23:48:05 +0000] "POST /wp-login.php?action=confirm_admin_email HTTP/3" 302 20 "https://www.sescorp.cl/wp-login.php?redirect_to=https%3A%2F%2Fwww.sescorp.cl%2Fwp-admin%2F&action=confirm_admin_email&wp_lang=es_ES" "Mozilla/5.0 (Windows NT 10.0; Win64; x64) AppleWebKit/537.36 (KHTML, like Gecko) Chrome/150.0.0.0 Safari/537.36"
91.84.97.111 - - [04/Aug/2026:23:48:06 +0000] "GET /wp-admin/ HTTP/3" 200 57431 "https://www.sescorp.cl/wp-login.php?redirect_to=https%3A%2F%2Fwww.sescorp.cl%2Fwp-admin%2F&action=confirm_admin_email&wp_lang=es_ES" "Mozilla/5.0 (Windows NT 10.0; Win64; x64) AppleWebKit/537.36 (KHTML, like Gecko) Chrome/150.0.0.0 Safari/537.36"
91.84.97.111 - - [04/Aug/2026:23:48:08 +0000] "GET /wp-includes/js/thickbox/thickbox.css?ver=6.9.4 HTTP/3" 200 827 "https://www.sescorp.cl/wp-admin/" "Mozilla/5.0 (Windows NT 10.0; Win64; x64) AppleWebKit/537.36 (KHTML, like Gecko) Chrome/150.0.0.0 Safari/537.36"
91.84.97.111 - - [04/Aug/2026:23:48:08 +0000] "GET /wp-content/plugins/elementor/vendor/elementor/wp-one-package/assets/build/common.css?ver=1.0.68 HTTP/3" 200 587 "https://www.sescorp.cl/wp-admin/" "Mozilla/5.0 (Windows NT 10.0; Win64; x64) AppleWebKit/537.36 (KHTML, like Gecko) Chrome/150.0.0.0 Safari/537.36"
91.84.97.111 - - [04/Aug/2026:23:48:08 +0000] "GET /wp-content/plugins/elementor/assets/css/modules/editor-one/admin-menu.min.css?ver=4.2.1 HTTP/3" 200 1034 "https://www.sescorp.cl/wp-admin/" "Mozilla/5.0 (Windows NT 10.0; Win64; x64) AppleWebKit/537.36 (KHTML, like Gecko) Chrome/150.0.0.0 Safari/537.36"
91.84.97.111 - - [04/Aug/2026:23:48:08 +0000] "GET /wp-content/plugins/elementor/assets/css/modules/promotions/conversion-banner.css?ver=4.2.1 HTTP/3" 200 634 "https://www.sescorp.cl/wp-admin/" "Mozilla/5.0 (Windows NT 10.0; Win64; x64) AppleWebKit/537.36 (KHTML, like Gecko) Chrome/150.0.0.0 Safari/537.36"
91.84.97.111 - - [04/Aug/2026:23:48:08 +0000] "GET /wp-content/plugins/elementor/assets/css/theme-light.min.css?ver=4.2.1 HTTP/3" 200 685 "https://www.sescorp.cl/wp-admin/" "Mozilla/5.0 (Windows NT 10.0; Win64; x64) AppleWebKit/537.36 (KHTML, like Gecko) Chrome/150.0.0.0 Safari/537.36"
91.84.97.111 - - [04/Aug/2026:23:48:08 +0000] "GET /wp-content/plugins/wordpress-seo/css/dist/dashboard-2820.css HTTP/3" 200 335 "https://www.sescorp.cl/wp-admin/" "Mozilla/5.0 (Windows NT 10.0; Win64; x64) AppleWebKit/537.36 (KHTML, like Gecko) Chrome/150.0.0.0 Safari/537.36"
91.84.97.111 - - [04/Aug/2026:23:48:08 +0000] "GET /wp-content/plugins/wordpress-seo/js/dist/admin-global.js?ver=7c731bd4028df6f69f28 HTTP/3" 200 2016 "https://www.sescorp.cl/wp-admin/" "Mozilla/5.0 (Windows NT 10.0; Win64; x64) AppleWebKit/537.36 (KHTML, like Gecko) Chrome/150.0.0.0 Safari/537.36"
91.84.97.111 - - [04/Aug/2026:23:48:08 +0000] "GET /wp-content/plugins/whatshelp-chat-button/img/wh-icon.ico HTTP/3" 200 531 "https://www.sescorp.cl/wp-admin/" "Mozilla/5.0 (Windows NT 10.0; Win64; x64) AppleWebKit/537.36 (KHTML, like Gecko) Chrome/150.0.0.0 Safari/537.36"
91.84.97.111 - - [04/Aug/2026:23:48:08 +0000] "GET /wp-content/themes/sydney/inc/dashboard/assets/images/logo.svg HTTP/3" 200 320 "https://www.sescorp.cl/wp-admin/" "Mozilla/5.0 (Windows NT 10.0; Win64; x64) AppleWebKit/537.36 (KHTML, like Gecko) Chrome/150.0.0.0 Safari/537.36"
91.84.97.111 - - [04/Aug/2026:23:48:08 +0000] "GET /wp-content/plugins/wordpress-seo/css/dist/wpseo-dismissible-2820.css HTTP/3" 200 291 "https://www.sescorp.cl/wp-admin/" "Mozilla/5.0 (Windows NT 10.0; Win64; x64) AppleWebKit/537.36 (KHTML, like Gecko) Chrome/150.0.0.0 Safari/537.36"
91.84.97.111 - - [04/Aug/2026:23:48:08 +0000] "GET /wp-content/themes/sydney/inc/notices/sydney-notices.min.css?ver=202411 HTTP/3" 200 500 "https://www.sescorp.cl/wp-admin/" "Mozilla/5.0 (Windows NT 10.0; Win64; x64) AppleWebKit/537.36 (KHTML, like Gecko) Chrome/150.0.0.0 Safari/537.36"
91.84.97.111 - - [04/Aug/2026:23:48:08 +0000] "GET /wp-content/plugins/wordpress-seo/css/dist/monorepo-2820.css HTTP/3" 200 7138 "https://www.sescorp.cl/wp-admin/" "Mozilla/5.0 (Windows NT 10.0; Win64; x64) AppleWebKit/537.36 (KHTML, like Gecko) Chrome/150.0.0.0 Safari/537.36"
91.84.97.111 - - [04/Aug/2026:23:48:08 +0000] "GET /wp-content/plugins/wordpress-seo/css/dist/tailwind-2820.css HTTP/3" 200 21559 "https://www.sescorp.cl/wp-admin/" "Mozilla/5.0 (Windows NT 10.0; Win64; x64) AppleWebKit/537.36 (KHTML, like Gecko) Chrome/150.0.0.0 Safari/537.36"
91.84.97.111 - - [04/Aug/2026:23:48:08 +0000] "GET /wp-content/plugins/elementor/assets/css/common.min.css?ver=4.2.1 HTTP/3" 200 3201 "https://www.sescorp.cl/wp-admin/" "Mozilla/5.0 (Windows NT 10.0; Win64; x64) AppleWebKit/537.36 (KHTML, like Gecko) Chrome/150.0.0.0 Safari/537.36"
91.84.97.111 - - [04/Aug/2026:23:48:08 +0000] "GET /wp-content/plugins/wordpress-seo/css/dist/admin-global-2820.css HTTP/3" 200 7623 "https://www.sescorp.cl/wp-admin/" "Mozilla/5.0 (Windows NT 10.0; Win64; x64) AppleWebKit/537.36 (KHTML, like Gecko) Chrome/150.0.0.0 Safari/537.36"
91.84.97.111 - - [04/Aug/2026:23:48:08 +0000] "GET /wp-content/plugins/elementor/assets/lib/eicons/css/elementor-icons.min.css?ver=5.53.0 HTTP/3" 200 4174 "https://www.sescorp.cl/wp-admin/" "Mozilla/5.0 (Windows NT 10.0; Win64; x64) AppleWebKit/537.36 (KHTML, like Gecko) Chrome/150.0.0.0 Safari/537.36"
91.84.97.111 - - [04/Aug/2026:23:48:08 +0000] "GET /wp-admin/load-styles.php?c=0&dir=ltr&load%5Bchunk_0%5D=dashicons,admin-bar,site-health,common,forms,admin-menu,dashboard,list-tables,edit,revisions,media,themes,about,nav-menus,wp-poi&load%5Bchunk_1%5D=nter,widgets,site-icon,l10n,buttons,wp-auth-check,wp-components,wp-commands&ver=6.9.4 HTTP/3" 200 120362 "https://www.sescorp.cl/wp-admin/" "Mozilla/5.0 (Windows NT 10.0; Win64; x64) AppleWebKit/537.36 (KHTML, like Gecko) Chrome/150.0.0.0 Safari/537.36"
91.84.97.111 - - [04/Aug/2026:23:48:08 +0000] "GET /wp-content/plugins/elementor/assets/css/admin.min.css?ver=4.2.1 HTTP/3" 200 12629 "https://www.sescorp.cl/wp-admin/" "Mozilla/5.0 (Windows NT 10.0; Win64; x64) AppleWebKit/537.36 (KHTML, like Gecko) Chrome/150.0.0.0 Safari/537.36"
91.84.97.111 - - [04/Aug/2026:23:48:08 +0000] "GET /wp-content/plugins/wordpress-seo/css/dist/adminbar-2820.css HTTP/3" 200 5282 "https://www.sescorp.cl/wp-admin/" "Mozilla/5.0 (Windows NT 10.0; Win64; x64) AppleWebKit/537.36 (KHTML, like Gecko) Chrome/150.0.0.0 Safari/537.36"
91.84.97.111 - - [04/Aug/2026:23:48:08 +0000] "GET /wp-admin/load-scripts.php?c=0&load%5Bchunk_0%5D=jquery-core,jquery-migrate,utils,wp-polyfill&ver=6.9.4 HTTP/3" 200 46535 "https://www.sescorp.cl/wp-admin/" "Mozilla/5.0 (Windows NT 10.0; Win64; x64) AppleWebKit/537.36 (KHTML, like Gecko) Chrome/150.0.0.0 Safari/537.36"
91.84.97.111 - - [04/Aug/2026:23:48:08 +0000] "GET /wp-admin/js/common.min.js?ver=6.9.4 HTTP/3" 200 7463 "https://www.sescorp.cl/wp-admin/" "Mozilla/5.0 (Windows NT 10.0; Win64; x64) AppleWebKit/537.36 (KHTML, like Gecko) Chrome/150.0.0.0 Safari/537.36"
91.84.97.111 - - [04/Aug/2026:23:48:08 +0000] "GET /wp-admin/load-scripts.php?c=0&load%5Bchunk_0%5D=hoverIntent,wp-dom-ready,wp-hooks&ver=6.9.4 HTTP/3" 200 2692 "https://www.sescorp.cl/wp-admin/" "Mozilla/5.0 (Windows NT 10.0; Win64; x64) AppleWebKit/537.36 (KHTML, like Gecko) Chrome/150.0.0.0 Safari/537.36"
91.84.97.111 - - [04/Aug/2026:23:48:09 +0000] "GET /wp-includes/js/hoverintent-js.min.js?ver=2.2.1 HTTP/3" 200 665 "https://www.sescorp.cl/wp-admin/" "Mozilla/5.0 (Windows NT 10.0; Win64; x64) AppleWebKit/537.36 (KHTML, like Gecko) Chrome/150.0.0.0 Safari/537.36"
91.84.97.111 - - [04/Aug/2026:23:48:09 +0000] "GET /wp-includes/js/admin-bar.min.js?ver=6.9.4 HTTP/3" 200 1223 "https://www.sescorp.cl/wp-admin/" "Mozilla/5.0 (Windows NT 10.0; Win64; x64) AppleWebKit/537.36 (KHTML, like Gecko) Chrome/150.0.0.0 Safari/537.36"
91.84.97.111 - - [04/Aug/2026:23:48:09 +0000] "GET /wp-includes/js/api-request.min.js?ver=6.9.4 HTTP/3" 200 530 "https://www.sescorp.cl/wp-admin/" "Mozilla/5.0 (Windows NT 10.0; Win64; x64) AppleWebKit/537.36 (KHTML, like Gecko) Chrome/150.0.0.0 Safari/537.36"
91.84.97.111 - - [04/Aug/2026:23:48:09 +0000] "GET /wp-admin/js/site-health.min.js?ver=6.9.4 HTTP/3" 200 2019 "https://www.sescorp.cl/wp-admin/" "Mozilla/5.0 (Windows NT 10.0; Win64; x64) AppleWebKit/537.36 (KHTML, like Gecko) Chrome/150.0.0.0 Safari/537.36"
91.84.97.111 - - [04/Aug/2026:23:48:09 +0000] "GET /wp-includes/js/dist/url.min.js?ver=9e178c9516d1222dc834 HTTP/3" 200 3647 "https://www.sescorp.cl/wp-admin/" "Mozilla/5.0 (Windows NT 10.0; Win64; x64) AppleWebKit/537.36 (KHTML, like Gecko) Chrome/150.0.0.0 Safari/537.36"
91.84.97.111 - - [04/Aug/2026:23:48:09 +0000] "GET /wp-includes/js/wp-lists.min.js?ver=6.9.4 HTTP/3" 200 2359 "https://www.sescorp.cl/wp-admin/" "Mozilla/5.0 (Windows NT 10.0; Win64; x64) AppleWebKit/537.36 (KHTML, like Gecko) Chrome/150.0.0.0 Safari/537.36"
91.84.97.111 - - [04/Aug/2026:23:48:09 +0000] "GET /wp-includes/js/wp-ajax-response.min.js?ver=6.9.4 HTTP/3" 200 1006 "https://www.sescorp.cl/wp-admin/" "Mozilla/5.0 (Windows NT 10.0; Win64; x64) AppleWebKit/537.36 (KHTML, like Gecko) Chrome/150.0.0.0 Safari/537.36"
91.84.97.111 - - [04/Aug/2026:23:48:09 +0000] "GET /wp-includes/js/quicktags.min.js?ver=6.9.4 HTTP/3" 200 3331 "https://www.sescorp.cl/wp-admin/" "Mozilla/5.0 (Windows NT 10.0; Win64; x64) AppleWebKit/537.36 (KHTML, like Gecko) Chrome/150.0.0.0 Safari/537.36"
91.84.97.111 - - [04/Aug/2026:23:48:09 +0000] "GET /wp-includes/js/jquery/jquery.color.min.js?ver=3.0.0 HTTP/3" 200 2641 "https://www.sescorp.cl/wp-admin/" "Mozilla/5.0 (Windows NT 10.0; Win64; x64) AppleWebKit/537.36 (KHTML, like Gecko) Chrome/150.0.0.0 Safari/537.36"
91.84.97.111 - - [04/Aug/2026:23:48:09 +0000] "GET /wp-includes/js/wp-sanitize.min.js?ver=6.9.4 HTTP/3" 200 240 "https://www.sescorp.cl/wp-admin/" "Mozilla/5.0 (Windows NT 10.0; Win64; x64) AppleWebKit/537.36 (KHTML, like Gecko) Chrome/150.0.0.0 Safari/537.36"
91.84.97.111 - - [04/Aug/2026:23:48:09 +0000] "GET /wp-includes/js/dist/deprecated.min.js?ver=e1f84915c5e8ae38964c HTTP/3" 200 409 "https://www.sescorp.cl/wp-admin/" "Mozilla/5.0 (Windows NT 10.0; Win64; x64) AppleWebKit/537.36 (KHTML, like Gecko) Chrome/150.0.0.0 Safari/537.36"
91.84.97.111 - - [04/Aug/2026:23:48:09 +0000] "GET /wp-includes/js/shortcode.min.js?ver=6.9.4 HTTP/3" 200 1078 "https://www.sescorp.cl/wp-admin/" "Mozilla/5.0 (Windows NT 10.0; Win64; x64) AppleWebKit/537.36 (KHTML, like Gecko) Chrome/150.0.0.0 Safari/537.36"
91.84.97.111 - - [04/Aug/2026:23:48:09 +0000] "GET /wp-admin/js/svg-painter.js?ver=6.9.4 HTTP/3" 200 1111 "https://www.sescorp.cl/wp-admin/" "Mozilla/5.0 (Windows NT 10.0; Win64; x64) AppleWebKit/537.36 (KHTML, like Gecko) Chrome/150.0.0.0 Safari/537.36"
91.84.97.111 - - [04/Aug/2026:23:48:09 +0000] "GET /wp-includes/js/jquery/jquery.query.js?ver=2.2.3 HTTP/3" 200 1534 "https://www.sescorp.cl/wp-admin/" "Mozilla/5.0 (Windows NT 10.0; Win64; x64) AppleWebKit/537.36 (KHTML, like Gecko) Chrome/150.0.0.0 Safari/537.36"
91.84.97.111 - - [04/Aug/2026:23:48:09 +0000] "GET /wp-includes/js/thickbox/thickbox.js?ver=3.1-20121105 HTTP/3" 200 4013 "https://www.sescorp.cl/wp-admin/" "Mozilla/5.0 (Windows NT 10.0; Win64; x64) AppleWebKit/537.36 (KHTML, like Gecko) Chrome/150.0.0.0 Safari/537.36"
91.84.97.111 - - [04/Aug/2026:23:48:09 +0000] "GET /wp-content/plugins/elementor/assets/js/dev-tools.min.js?ver=4.2.1 HTTP/3" 200 2346 "https://www.sescorp.cl/wp-admin/" "Mozilla/5.0 (Windows NT 10.0; Win64; x64) AppleWebKit/537.36 (KHTML, like Gecko) Chrome/150.0.0.0 Safari/537.36"
91.84.97.111 - - [04/Aug/2026:23:48:09 +0000] "GET /wp-includes/js/dist/vendor/react.min.js?ver=18.3.1.1 HTTP/3" 200 4006 "https://www.sescorp.cl/wp-admin/" "Mozilla/5.0 (Windows NT 10.0; Win64; x64) AppleWebKit/537.36 (KHTML, like Gecko) Chrome/150.0.0.0 Safari/537.36"
91.84.97.111 - - [04/Aug/2026:23:48:09 +0000] "GET /wp-content/plugins/elementor/assets/lib/dialog/dialog.min.js?ver=4.9.0 HTTP/3" 200 3593 "https://www.sescorp.cl/wp-admin/" "Mozilla/5.0 (Windows NT 10.0; Win64; x64) AppleWebKit/537.36 (KHTML, like Gecko) Chrome/150.0.0.0 Safari/537.36"
91.84.97.111 - - [04/Aug/2026:23:48:09 +0000] "GET /wp-admin/js/plugin-install.min.js?ver=6.9.4 HTTP/3" 200 903 "https://www.sescorp.cl/wp-admin/" "Mozilla/5.0 (Windows NT 10.0; Win64; x64) AppleWebKit/537.36 (KHTML, like Gecko) Chrome/150.0.0.0 Safari/537.36"
91.84.97.111 - - [04/Aug/2026:23:48:09 +0000] "GET /wp-includes/js/dist/is-shallow-equal.min.js?ver=e0f9f1d78d83f5196979 HTTP/3" 200 479 "https://www.sescorp.cl/wp-admin/" "Mozilla/5.0 (Windows NT 10.0; Win64; x64) AppleWebKit/537.36 (KHTML, like Gecko) Chrome/150.0.0.0 Safari/537.36"
91.84.97.111 - - [04/Aug/2026:23:48:09 +0000] "GET /wp-admin/js/media-upload.min.js?ver=6.9.4 HTTP/3" 200 540 "https://www.sescorp.cl/wp-admin/" "Mozilla/5.0 (Windows NT 10.0; Win64; x64) AppleWebKit/537.36 (KHTML, like Gecko) Chrome/150.0.0.0 Safari/537.36"
91.84.97.111 - - [04/Aug/2026:23:48:09 +0000] "GET /wp-includes/js/wp-auth-check.min.js?ver=6.9.4 HTTP/3" 200 691 "https://www.sescorp.cl/wp-admin/" "Mozilla/5.0 (Windows NT 10.0; Win64; x64) AppleWebKit/537.36 (KHTML, like Gecko) Chrome/150.0.0.0 Safari/537.36"
91.84.97.111 - - [04/Aug/2026:23:48:09 +0000] "GET /wp-includes/js/dist/vendor/react-jsx-runtime.min.js?ver=18.3.1 HTTP/3" 200 518 "https://www.sescorp.cl/wp-admin/" "Mozilla/5.0 (Windows NT 10.0; Win64; x64) AppleWebKit/537.36 (KHTML, like Gecko) Chrome/150.0.0.0 Safari/537.36"
91.84.97.111 - - [04/Aug/2026:23:48:09 +0000] "GET /wp-includes/js/dist/notices.min.js?ver=f62fbf15dcc23301922f HTTP/3" 200 875 "https://www.sescorp.cl/wp-admin/" "Mozilla/5.0 (Windows NT 10.0; Win64; x64) AppleWebKit/537.36 (KHTML, like Gecko) Chrome/150.0.0.0 Safari/537.36"
91.84.97.111 - - [04/Aug/2026:23:48:09 +0000] "GET /wp-includes/js/dist/primitives.min.js?ver=0b5dcc337aa7cbf75570 HTTP/3" 200 767 "https://www.sescorp.cl/wp-admin/" "Mozilla/5.0 (Windows NT 10.0; Win64; x64) AppleWebKit/537.36 (KHTML, like Gecko) Chrome/150.0.0.0 Safari/537.36"
91.84.97.111 - - [04/Aug/2026:23:48:09 +0000] "GET /wp-includes/js/dist/keycodes.min.js?ver=34c8fb5e7a594a1c8037 HTTP/3" 200 1290 "https://www.sescorp.cl/wp-admin/" "Mozilla/5.0 (Windows NT 10.0; Win64; x64) AppleWebKit/537.36 (KHTML, like Gecko) Chrome/150.0.0.0 Safari/537.36"
91.84.97.111 - - [04/Aug/2026:23:48:09 +0000] "GET /wp-includes/js/dist/keyboard-shortcuts.min.js?ver=fbc45a34ce65c5723afa HTTP/3" 200 1246 "https://www.sescorp.cl/wp-admin/" "Mozilla/5.0 (Windows NT 10.0; Win64; x64) AppleWebKit/537.36 (KHTML, like Gecko) Chrome/150.0.0.0 Safari/537.36"
91.84.97.111 - - [04/Aug/2026:23:48:09 +0000] "GET /wp-includes/js/dist/html-entities.min.js?ver=e8b78b18a162491d5e5f HTTP/3" 200 388 "https://www.sescorp.cl/wp-admin/" "Mozilla/5.0 (Windows NT 10.0; Win64; x64) AppleWebKit/537.36 (KHTML, like Gecko) Chrome/150.0.0.0 Safari/537.36"
91.84.97.111 - - [04/Aug/2026:23:48:09 +0000] "GET /wp-includes/js/dist/warning.min.js?ver=d69bc18c456d01c11d5a HTTP/3" 200 202 "https://www.sescorp.cl/wp-admin/" "Mozilla/5.0 (Windows NT 10.0; Win64; x64) AppleWebKit/537.36 (KHTML, like Gecko) Chrome/150.0.0.0 Safari/537.36"
91.84.97.111 - - [04/Aug/2026:23:48:09 +0000] "GET /wp-includes/js/dist/private-apis.min.js?ver=4f465748bda624774139 HTTP/3" 200 900 "https://www.sescorp.cl/wp-admin/" "Mozilla/5.0 (Windows NT 10.0; Win64; x64) AppleWebKit/537.36 (KHTML, like Gecko) Chrome/150.0.0.0 Safari/537.36"
91.84.97.111 - - [04/Aug/2026:23:48:09 +0000] "GET /wp-includes/js/dist/block-serialization-default-parser.min.js?ver=14d44daebf663d05d330 HTTP/3" 200 1053 "https://www.sescorp.cl/wp-admin/" "Mozilla/5.0 (Windows NT 10.0; Win64; x64) AppleWebKit/537.36 (KHTML, like Gecko) Chrome/150.0.0.0 Safari/537.36"
91.84.97.111 - - [04/Aug/2026:23:48:09 +0000] "GET /wp-includes/js/dist/escape-html.min.js?ver=6561a406d2d232a6fbd2 HTTP/3" 200 476 "https://www.sescorp.cl/wp-admin/" "Mozilla/5.0 (Windows NT 10.0; Win64; x64) AppleWebKit/537.36 (KHTML, like Gecko) Chrome/150.0.0.0 Safari/537.36"
91.84.97.111 - - [04/Aug/2026:23:48:09 +0000] "GET /wp-includes/js/jquery/ui/mouse.min.js?ver=1.13.3 HTTP/3" 200 1012 "https://www.sescorp.cl/wp-admin/" "Mozilla/5.0 (Windows NT 10.0; Win64; x64) AppleWebKit/537.36 (KHTML, like Gecko) Chrome/150.0.0.0 Safari/537.36"
91.84.97.111 - - [04/Aug/2026:23:48:09 +0000] "GET /wp-includes/js/dist/token-list.min.js?ver=cfdf635a436c3953a965 HTTP/3" 200 532 "https://www.sescorp.cl/wp-admin/" "Mozilla/5.0 (Windows NT 10.0; Win64; x64) AppleWebKit/537.36 (KHTML, like Gecko) Chrome/150.0.0.0 Safari/537.36"
91.84.97.111 - - [04/Aug/2026:23:48:09 +0000] "GET /wp-includes/js/dist/blob.min.js?ver=9113eed771d446f4a556 HTTP/3" 200 505 "https://www.sescorp.cl/wp-admin/" "Mozilla/5.0 (Windows NT 10.0; Win64; x64) AppleWebKit/537.36 (KHTML, like Gecko) Chrome/150.0.0.0 Safari/537.36"
91.84.97.111 - - [04/Aug/2026:23:48:09 +0000] "GET /wp-includes/js/dist/shortcode.min.js?ver=0b3174183b858f2df320 HTTP/3" 200 1329 "https://www.sescorp.cl/wp-admin/" "Mozilla/5.0 (Windows NT 10.0; Win64; x64) AppleWebKit/537.36 (KHTML, like Gecko) Chrome/150.0.0.0 Safari/537.36"
91.84.97.111 - - [04/Aug/2026:23:48:09 +0000] "GET /wp-admin/js/dashboard.min.js?ver=6.9.4 HTTP/3" 200 2859 "https://www.sescorp.cl/wp-admin/" "Mozilla/5.0 (Windows NT 10.0; Win64; x64) AppleWebKit/537.36 (KHTML, like Gecko) Chrome/150.0.0.0 Safari/537.36"
91.84.97.111 - - [04/Aug/2026:23:48:09 +0000] "GET /wp-admin/js/edit-comments.min.js?ver=6.9.4 HTTP/3" 200 4930 "https://www.sescorp.cl/wp-admin/" "Mozilla/5.0 (Windows NT 10.0; Win64; x64) AppleWebKit/537.36 (KHTML, like Gecko) Chrome/150.0.0.0 Safari/537.36"
91.84.97.111 - - [04/Aug/2026:23:48:09 +0000] "GET /wp-includes/js/jquery/ui/core.min.js?ver=1.13.3 HTTP/3" 200 6812 "https://www.sescorp.cl/wp-admin/" "Mozilla/5.0 (Windows NT 10.0; Win64; x64) AppleWebKit/537.36 (KHTML, like Gecko) Chrome/150.0.0.0 Safari/537.36"
91.84.97.111 - - [04/Aug/2026:23:48:09 +0000] "GET /wp-includes/js/jquery/ui/sortable.min.js?ver=1.13.3 HTTP/3" 200 6358 "https://www.sescorp.cl/wp-admin/" "Mozilla/5.0 (Windows NT 10.0; Win64; x64) AppleWebKit/537.36 (KHTML, like Gecko) Chrome/150.0.0.0 Safari/537.36"
91.84.97.111 - - [04/Aug/2026:23:48:09 +0000] "GET /wp-admin/js/postbox.min.js?ver=6.9.4 HTTP/3" 200 2066 "https://www.sescorp.cl/wp-admin/" "Mozilla/5.0 (Windows NT 10.0; Win64; x64) AppleWebKit/537.36 (KHTML, like Gecko) Chrome/150.0.0.0 Safari/537.36"
91.84.97.111 - - [04/Aug/2026:23:48:09 +0000] "GET /wp-includes/js/dist/vendor/moment.min.js?ver=2.30.1 HTTP/3" 200 18383 "https://www.sescorp.cl/wp-admin/" "Mozilla/5.0 (Windows NT 10.0; Win64; x64) AppleWebKit/537.36 (KHTML, like Gecko) Chrome/150.0.0.0 Safari/537.36"
91.84.97.111 - - [04/Aug/2026:23:48:09 +0000] "GET /wp-includes/js/dist/date.min.js?ver=795a56839718d3ff7eae HTTP/3" 200 36299 "https://www.sescorp.cl/wp-admin/" "Mozilla/5.0 (Windows NT 10.0; Win64; x64) AppleWebKit/537.36 (KHTML, like Gecko) Chrome/150.0.0.0 Safari/537.36"
91.84.97.111 - - [04/Aug/2026:23:48:09 +0000] "GET /wp-admin/js/updates.min.js?ver=6.9.4 HTTP/3" 200 9908 "https://www.sescorp.cl/wp-admin/" "Mozilla/5.0 (Windows NT 10.0; Win64; x64) AppleWebKit/537.36 (KHTML, like Gecko) Chrome/150.0.0.0 Safari/537.36"
91.84.97.111 - - [04/Aug/2026:23:48:09 +0000] "GET /wp-includes/js/jquery/ui/draggable.min.js?ver=1.13.3 HTTP/3" 200 4691 "https://www.sescorp.cl/wp-admin/" "Mozilla/5.0 (Windows NT 10.0; Win64; x64) AppleWebKit/537.36 (KHTML, like Gecko) Chrome/150.0.0.0 Safari/537.36"
91.84.97.111 - - [04/Aug/2026:23:48:09 +0000] "GET /wp-includes/js/backbone.min.js?ver=1.6.0 HTTP/3" 200 7832 "https://www.sescorp.cl/wp-admin/" "Mozilla/5.0 (Windows NT 10.0; Win64; x64) AppleWebKit/537.36 (KHTML, like Gecko) Chrome/150.0.0.0 Safari/537.36"
91.84.97.111 - - [04/Aug/2026:23:48:09 +0000] "GET /wp-content/plugins/elementor/assets/lib/backbone/backbone.radio.min.js?ver=1.0.4 HTTP/3" 200 1494 "https://www.sescorp.cl/wp-admin/" "Mozilla/5.0 (Windows NT 10.0; Win64; x64) AppleWebKit/537.36 (KHTML, like Gecko) Chrome/150.0.0.0 Safari/537.36"
91.84.97.111 - - [04/Aug/2026:23:48:09 +0000] "GET /wp-includes/js/dist/vendor/react-dom.min.js?ver=18.3.1.1 HTTP/3" 200 40200 "https://www.sescorp.cl/wp-admin/" "Mozilla/5.0 (Windows NT 10.0; Win64; x64) AppleWebKit/537.36 (KHTML, like Gecko) Chrome/150.0.0.0 Safari/537.36"
91.84.97.111 - - [04/Aug/2026:23:48:09 +0000] "GET /wp-content/plugins/elementor/assets/js/vendors-redux.min.js?ver=4.2.1 HTTP/3" 200 20595 "https://www.sescorp.cl/wp-admin/" "Mozilla/5.0 (Windows NT 10.0; Win64; x64) AppleWebKit/537.36 (KHTML, like Gecko) Chrome/150.0.0.0 Safari/537.36"
91.84.97.111 - - [04/Aug/2026:23:48:09 +0000] "GET /wp-content/plugins/elementor/assets/lib/backbone/backbone.marionette.min.js?ver=2.4.5.e1 HTTP/3" 200 11272 "https://www.sescorp.cl/wp-admin/" "Mozilla/5.0 (Windows NT 10.0; Win64; x64) AppleWebKit/537.36 (KHTML, like Gecko) Chrome/150.0.0.0 Safari/537.36"
91.84.97.111 - - [04/Aug/2026:23:48:09 +0000] "GET /wp-content/plugins/elementor/assets/js/web-cli.min.js?ver=4.2.1 HTTP/3" 200 22969 "https://www.sescorp.cl/wp-admin/" "Mozilla/5.0 (Windows NT 10.0; Win64; x64) AppleWebKit/537.36 (KHTML, like Gecko) Chrome/150.0.0.0 Safari/537.36"
91.84.97.111 - - [04/Aug/2026:23:48:09 +0000] "GET /wp-content/plugins/elementor/assets/js/common-modules.min.js?ver=4.2.1 HTTP/3" 200 12023 "https://www.sescorp.cl/wp-admin/" "Mozilla/5.0 (Windows NT 10.0; Win64; x64) AppleWebKit/537.36 (KHTML, like Gecko) Chrome/150.0.0.0 Safari/537.36"
91.84.97.111 - - [04/Aug/2026:23:48:09 +0000] "GET /wp-content/plugins/elementor/assets/js/common.min.js?ver=4.2.1 HTTP/3" 200 109996 "https://www.sescorp.cl/wp-admin/" "Mozilla/5.0 (Windows NT 10.0; Win64; x64) AppleWebKit/537.36 (KHTML, like Gecko) Chrome/150.0.0.0 Safari/537.36"
91.84.97.111 - - [04/Aug/2026:23:48:09 +0000] "GET /wp-includes/js/heartbeat.min.js?ver=6.9.4 HTTP/3" 200 1947 "https://www.sescorp.cl/wp-admin/" "Mozilla/5.0 (Windows NT 10.0; Win64; x64) AppleWebKit/537.36 (KHTML, like Gecko) Chrome/150.0.0.0 Safari/537.36"
91.84.97.111 - - [04/Aug/2026:23:48:09 +0000] "GET /wp-content/plugins/elementor/assets/js/app-loader.min.js?ver=4.2.1 HTTP/3" 200 8758 "https://www.sescorp.cl/wp-admin/" "Mozilla/5.0 (Windows NT 10.0; Win64; x64) AppleWebKit/537.36 (KHTML, like Gecko) Chrome/150.0.0.0 Safari/537.36"
91.84.97.111 - - [04/Aug/2026:23:48:09 +0000] "GET /wp-includes/js/dist/dom.min.js?ver=26edef3be6483da3de2e HTTP/3" 200 4539 "https://www.sescorp.cl/wp-admin/" "Mozilla/5.0 (Windows NT 10.0; Win64; x64) AppleWebKit/537.36 (KHTML, like Gecko) Chrome/150.0.0.0 Safari/537.36"
91.84.97.111 - - [04/Aug/2026:23:48:09 +0000] "GET /wp-includes/js/dist/priority-queue.min.js?ver=2d59d091223ee9a33838 HTTP/3" 200 1450 "https://www.sescorp.cl/wp-admin/" "Mozilla/5.0 (Windows NT 10.0; Win64; x64) AppleWebKit/537.36 (KHTML, like Gecko) Chrome/150.0.0.0 Safari/537.36"
91.84.97.111 - - [04/Aug/2026:23:48:09 +0000] "GET /wp-includes/js/dist/element.min.js?ver=6a582b0c827fa25df3dd HTTP/3" 200 4846 "https://www.sescorp.cl/wp-admin/" "Mozilla/5.0 (Windows NT 10.0; Win64; x64) AppleWebKit/537.36 (KHTML, like Gecko) Chrome/150.0.0.0 Safari/537.36"
91.84.97.111 - - [04/Aug/2026:23:48:09 +0000] "GET /wp-includes/js/dist/redux-routine.min.js?ver=8bb92d45458b29590f53 HTTP/3" 200 2718 "https://www.sescorp.cl/wp-admin/" "Mozilla/5.0 (Windows NT 10.0; Win64; x64) AppleWebKit/537.36 (KHTML, like Gecko) Chrome/150.0.0.0 Safari/537.36"
91.84.97.111 - - [04/Aug/2026:23:48:09 +0000] "GET /wp-includes/js/dist/compose.min.js?ver=7a9b375d8c19cf9d3d9b HTTP/3" 200 12437 "https://www.sescorp.cl/wp-admin/" "Mozilla/5.0 (Windows NT 10.0; Win64; x64) AppleWebKit/537.36 (KHTML, like Gecko) Chrome/150.0.0.0 Safari/537.36"
91.84.97.111 - - [04/Aug/2026:23:48:09 +0000] "GET /wp-includes/js/dist/data.min.js?ver=f940198280891b0b6318 HTTP/3" 200 8588 "https://www.sescorp.cl/wp-admin/" "Mozilla/5.0 (Windows NT 10.0; Win64; x64) AppleWebKit/537.36 (KHTML, like Gecko) Chrome/150.0.0.0 Safari/537.36"
91.84.97.111 - - [04/Aug/2026:23:48:09 +0000] "GET /wp-includes/js/dist/rich-text.min.js?ver=5bdbb44f3039529e3645 HTTP/3" 200 11891 "https://www.sescorp.cl/wp-admin/" "Mozilla/5.0 (Windows NT 10.0; Win64; x64) AppleWebKit/537.36 (KHTML, like Gecko) Chrome/150.0.0.0 Safari/537.36"
91.84.97.111 - - [04/Aug/2026:23:48:09 +0000] "GET /wp-includes/js/dist/components.min.js?ver=0d72a218dfea8f6f442f HTTP/3" 200 242138 "https://www.sescorp.cl/wp-admin/" "Mozilla/5.0 (Windows NT 10.0; Win64; x64) AppleWebKit/537.36 (KHTML, like Gecko) Chrome/150.0.0.0 Safari/537.36"
91.84.97.111 - - [04/Aug/2026:23:48:09 +0000] "GET /wp-includes/js/dist/api-fetch.min.js?ver=3a4d9af2b423048b0dee HTTP/3" 200 2304 "https://www.sescorp.cl/wp-admin/" "Mozilla/5.0 (Windows NT 10.0; Win64; x64) AppleWebKit/537.36 (KHTML, like Gecko) Chrome/150.0.0.0 Safari/537.36"
91.84.97.111 - - [04/Aug/2026:23:48:09 +0000] "GET /wp-includes/js/dist/commands.min.js?ver=cac8f4817ab7cea0ac49 HTTP/3" 200 15932 "https://www.sescorp.cl/wp-admin/" "Mozilla/5.0 (Windows NT 10.0; Win64; x64) AppleWebKit/537.36 (KHTML, like Gecko) Chrome/150.0.0.0 Safari/537.36"
91.84.97.111 - - [04/Aug/2026:23:48:09 +0000] "GET /wp-includes/js/dist/preferences-persistence.min.js?ver=e954d3a4426d311f7d1a HTTP/3" 200 1925 "https://www.sescorp.cl/wp-admin/" "Mozilla/5.0 (Windows NT 10.0; Win64; x64) AppleWebKit/537.36 (KHTML, like Gecko) Chrome/150.0.0.0 Safari/537.36"
91.84.97.111 - - [04/Aug/2026:23:48:09 +0000] "GET /wp-includes/js/dist/blocks.min.js?ver=57eca4d23daac7159d88 HTTP/3" 200 52215 "https://www.sescorp.cl/wp-admin/" "Mozilla/5.0 (Windows NT 10.0; Win64; x64) AppleWebKit/537.36 (KHTML, like Gecko) Chrome/150.0.0.0 Safari/537.36"
91.84.97.111 - - [04/Aug/2026:23:48:09 +0000] "GET /wp-includes/js/dist/preferences.min.js?ver=2ca086aed510c242a1ed HTTP/3" 200 2705 "https://www.sescorp.cl/wp-admin/" "Mozilla/5.0 (Windows NT 10.0; Win64; x64) AppleWebKit/537.36 (KHTML, like Gecko) Chrome/150.0.0.0 Safari/537.36"
91.84.97.111 - - [04/Aug/2026:23:48:09 +0000] "GET /wp-includes/js/dist/style-engine.min.js?ver=7c6fcedc37dadafb8a81 HTTP/3" 200 1950 "https://www.sescorp.cl/wp-admin/" "Mozilla/5.0 (Windows NT 10.0; Win64; x64) AppleWebKit/537.36 (KHTML, like Gecko) Chrome/150.0.0.0 Safari/537.36"
91.84.97.111 - - [04/Aug/2026:23:48:09 +0000] "GET /wp-includes/js/dist/autop.min.js?ver=9fb50649848277dd318d HTTP/3" 200 2009 "https://www.sescorp.cl/wp-admin/" "Mozilla/5.0 (Windows NT 10.0; Win64; x64) AppleWebKit/537.36 (KHTML, like Gecko) Chrome/150.0.0.0 Safari/537.36"
91.84.97.111 - - [04/Aug/2026:23:48:09 +0000] "GET /wp-includes/js/dist/block-editor.min.js?ver=addf558a422e2ee57920 HTTP/3" 200 256837 "https://www.sescorp.cl/wp-admin/" "Mozilla/5.0 (Windows NT 10.0; Win64; x64) AppleWebKit/537.36 (KHTML, like Gecko) Chrome/150.0.0.0 Safari/537.36"
91.84.97.111 - - [04/Aug/2026:23:48:09 +0000] "GET /wp-includes/js/dist/core-commands.min.js?ver=effe2d88d7f0c50a8ce9 HTTP/3" 200 3373 "https://www.sescorp.cl/wp-admin/" "Mozilla/5.0 (Windows NT 10.0; Win64; x64) AppleWebKit/537.36 (KHTML, like Gecko) Chrome/150.0.0.0 Safari/537.36"
91.84.97.111 - - [04/Aug/2026:23:48:09 +0000] "GET /wp-includes/js/dist/router.min.js?ver=2dfc4b954318a03e6a76 HTTP/3" 200 5368 "https://www.sescorp.cl/wp-admin/" "Mozilla/5.0 (Windows NT 10.0; Win64; x64) AppleWebKit/537.36 (KHTML, like Gecko) Chrome/150.0.0.0 Safari/537.36"
91.84.97.111 - - [04/Aug/2026:23:48:09 +0000] "GET /wp-includes/js/dist/core-data.min.js?ver=15baadfe6e1374188072 HTTP/3" 200 20409 "https://www.sescorp.cl/wp-admin/" "Mozilla/5.0 (Windows NT 10.0; Win64; x64) AppleWebKit/537.36 (KHTML, like Gecko) Chrome/150.0.0.0 Safari/537.36"
91.84.97.111 - - [04/Aug/2026:23:48:09 +0000] "GET /wp-content/plugins/elementor/vendor/elementor/wp-one-package/assets/build/common.js?ver=1f031a48279dd8a7d4bd HTTP/3" 200 187 "https://www.sescorp.cl/wp-admin/" "Mozilla/5.0 (Windows NT 10.0; Win64; x64) AppleWebKit/537.36 (KHTML, like Gecko) Chrome/150.0.0.0 Safari/537.36"
91.84.97.111 - - [04/Aug/2026:23:48:09 +0000] "GET /wp-content/plugins/wordpress-seo/js/dist/externals/styleGuide.js?ver=7f48e01502b6d7d42ab6 HTTP/3" 200 2069 "https://www.sescorp.cl/wp-admin/" "Mozilla/5.0 (Windows NT 10.0; Win64; x64) AppleWebKit/537.36 (KHTML, like Gecko) Chrome/150.0.0.0 Safari/537.36"
91.84.97.111 - - [04/Aug/2026:23:48:09 +0000] "GET /wp-content/plugins/wordpress-seo/js/dist/api-client.js?ver=f56d7de163fa219c67e2 HTTP/3" 200 280 "https://www.sescorp.cl/wp-admin/" "Mozilla/5.0 (Windows NT 10.0; Win64; x64) AppleWebKit/537.36 (KHTML, like Gecko) Chrome/150.0.0.0 Safari/537.36"
91.84.97.111 - - [04/Aug/2026:23:48:09 +0000] "GET /wp-content/plugins/wordpress-seo/js/dist/dashboard-widget.js?ver=7b28bc202ecadc3becfb HTTP/3" 200 877 "https://www.sescorp.cl/wp-admin/" "Mozilla/5.0 (Windows NT 10.0; Win64; x64) AppleWebKit/537.36 (KHTML, like Gecko) Chrome/150.0.0.0 Safari/537.36"
91.84.97.111 - - [04/Aug/2026:23:48:09 +0000] "GET /wp-content/themes/sydney/js/admin-functions.js?ver=20250317 HTTP/3" 200 445 "https://www.sescorp.cl/wp-admin/" "Mozilla/5.0 (Windows NT 10.0; Win64; x64) AppleWebKit/537.36 (KHTML, like Gecko) Chrome/150.0.0.0 Safari/537.36"
91.84.97.111 - - [04/Aug/2026:23:48:09 +0000] "GET /wp-content/plugins/wordpress-seo/js/dist/externals/propTypes.js?ver=c91bdd5ec53db97a148d HTTP/3" 200 525 "https://www.sescorp.cl/wp-admin/" "Mozilla/5.0 (Windows NT 10.0; Win64; x64) AppleWebKit/537.36 (KHTML, like Gecko) Chrome/150.0.0.0 Safari/537.36"
91.84.97.111 - - [04/Aug/2026:23:48:09 +0000] "GET /wp-content/plugins/wordpress-seo/packages/js/images/Yoast_SEO_Icon.svg HTTP/3" 200 516 "https://www.sescorp.cl/wp-content/plugins/wordpress-seo/css/dist/dashboard-2820.css" "Mozilla/5.0 (Windows NT 10.0; Win64; x64) AppleWebKit/537.36 (KHTML, like Gecko) Chrome/150.0.0.0 Safari/537.36"
91.84.97.111 - - [04/Aug/2026:23:48:09 +0000] "GET /wp-content/plugins/elementor/assets/lib/eicons/fonts/eicons.woff2?5.53.0 HTTP/3" 200 108000 "https://www.sescorp.cl/wp-content/plugins/elementor/assets/lib/eicons/css/elementor-icons.min.css?ver=5.53.0" "Mozilla/5.0 (Windows NT 10.0; Win64; x64) AppleWebKit/537.36 (KHTML, like Gecko) Chrome/150.0.0.0 Safari/537.36"
91.84.97.111 - - [04/Aug/2026:23:48:09 +0000] "GET /wp-content/plugins/wordpress-seo/js/dist/externals/styledComponents.js?ver=dd0ef787a283c7da8061 HTTP/3" 200 13476 "https://www.sescorp.cl/wp-admin/" "Mozilla/5.0 (Windows NT 10.0; Win64; x64) AppleWebKit/537.36 (KHTML, like Gecko) Chrome/150.0.0.0 Safari/537.36"
91.84.97.111 - - [04/Aug/2026:23:48:09 +0000] "GET /wp-includes/js/dist/vendor/lodash.min.js?ver=4.17.21 HTTP/3" 200 24100 "https://www.sescorp.cl/wp-admin/" "Mozilla/5.0 (Windows NT 10.0; Win64; x64) AppleWebKit/537.36 (KHTML, like Gecko) Chrome/150.0.0.0 Safari/537.36"
91.84.97.111 - - [04/Aug/2026:23:48:09 +0000] "GET /wp-content/plugins/wordpress-seo/js/dist/externals/helpers.js?ver=fb0d821134242fa5ea98 HTTP/3" 200 16629 "https://www.sescorp.cl/wp-admin/" "Mozilla/5.0 (Windows NT 10.0; Win64; x64) AppleWebKit/537.36 (KHTML, like Gecko) Chrome/150.0.0.0 Safari/537.36"
91.84.97.111 - - [04/Aug/2026:23:48:09 +0000] "GET /wp-includes/js/wp-api.min.js?ver=6.9.4 HTTP/3" 200 3983 "https://www.sescorp.cl/wp-admin/" "Mozilla/5.0 (Windows NT 10.0; Win64; x64) AppleWebKit/537.36 (KHTML, like Gecko) Chrome/150.0.0.0 Safari/537.36"
91.84.97.111 - - [04/Aug/2026:23:48:09 +0000] "GET /wp-content/plugins/wordpress-seo/js/dist/externals/analysisReport.js?ver=a258334ee6d656f26c8e HTTP/3" 200 3055 "https://www.sescorp.cl/wp-admin/" "Mozilla/5.0 (Windows NT 10.0; Win64; x64) AppleWebKit/537.36 (KHTML, like Gecko) Chrome/150.0.0.0 Safari/537.36"
91.84.97.111 - - [04/Aug/2026:23:48:09 +0000] "GET /wp-content/plugins/wordpress-seo/js/dist/externals/componentsNew.js?ver=73e0957b300db930dc92 HTTP/3" 200 69239 "https://www.sescorp.cl/wp-admin/" "Mozilla/5.0 (Windows NT 10.0; Win64; x64) AppleWebKit/537.36 (KHTML, like Gecko) Chrome/150.0.0.0 Safari/537.36"
91.84.97.111 - - [04/Aug/2026:23:48:09 +0000] "GET /wp-content/plugins/wordpress-seo/js/dist/wincher-dashboard-widget.js?ver=5032e742483447674b85 HTTP/3" 200 5675 "https://www.sescorp.cl/wp-admin/" "Mozilla/5.0 (Windows NT 10.0; Win64; x64) AppleWebKit/537.36 (KHTML, like Gecko) Chrome/150.0.0.0 Safari/537.36"
91.84.97.111 - - [04/Aug/2026:23:48:09 +0000] "GET /wp-content/plugins/elementor/assets/js/import-export-admin.min.js?ver=4.2.1 HTTP/3" 200 2028 "https://www.sescorp.cl/wp-admin/" "Mozilla/5.0 (Windows NT 10.0; Win64; x64) AppleWebKit/537.36 (KHTML, like Gecko) Chrome/150.0.0.0 Safari/537.36"
91.84.97.111 - - [04/Aug/2026:23:48:09 +0000] "GET /wp-content/plugins/elementor/assets/js/editor-one-menu.min.js?ver=4.2.1 HTTP/3" 200 6285 "https://www.sescorp.cl/wp-admin/" "Mozilla/5.0 (Windows NT 10.0; Win64; x64) AppleWebKit/537.36 (KHTML, like Gecko) Chrome/150.0.0.0 Safari/537.36"
91.84.97.111 - - [04/Aug/2026:23:48:09 +0000] "GET /wp-content/plugins/elementor/assets/js/import-export-customization-admin.min.js?ver=4.2.1 HTTP/3" 200 11162 "https://www.sescorp.cl/wp-admin/" "Mozilla/5.0 (Windows NT 10.0; Win64; x64) AppleWebKit/537.36 (KHTML, like Gecko) Chrome/150.0.0.0 Safari/537.36"
91.84.97.111 - - [04/Aug/2026:23:48:09 +0000] "GET /wp-content/plugins/elementor/assets/js/admin-modules.min.js?ver=4.2.1 HTTP/3" 200 4655 "https://www.sescorp.cl/wp-admin/" "Mozilla/5.0 (Windows NT 10.0; Win64; x64) AppleWebKit/537.36 (KHTML, like Gecko) Chrome/150.0.0.0 Safari/537.36"
91.84.97.111 - - [04/Aug/2026:23:48:09 +0000] "GET /wp-content/plugins/elementor/assets/js/e-conversion-banner.min.js?ver=4.2.1 HTTP/3" 200 2935 "https://www.sescorp.cl/wp-admin/" "Mozilla/5.0 (Windows NT 10.0; Win64; x64) AppleWebKit/537.36 (KHTML, like Gecko) Chrome/150.0.0.0 Safari/537.36"
91.84.97.111 - - [04/Aug/2026:23:48:09 +0000] "GET /wp-content/plugins/elementor/assets/js/media-hints.min.js?ver=4.2.1 HTTP/3" 200 2181 "https://www.sescorp.cl/wp-admin/" "Mozilla/5.0 (Windows NT 10.0; Win64; x64) AppleWebKit/537.36 (KHTML, like Gecko) Chrome/150.0.0.0 Safari/537.36"
91.84.97.111 - - [04/Aug/2026:23:48:09 +0000] "GET /wp-content/plugins/elementor/assets/js/admin.min.js?ver=4.2.1 HTTP/3" 200 20730 "https://www.sescorp.cl/wp-admin/" "Mozilla/5.0 (Windows NT 10.0; Win64; x64) AppleWebKit/537.36 (KHTML, like Gecko) Chrome/150.0.0.0 Safari/537.36"
91.84.97.111 - - [04/Aug/2026:23:48:09 +0000] "GET /wp-content/plugins/elementor/assets/js/packages/schema/schema.min.js?ver=4.2.1 HTTP/3" 200 61806 "https://www.sescorp.cl/wp-admin/" "Mozilla/5.0 (Windows NT 10.0; Win64; x64) AppleWebKit/537.36 (KHTML, like Gecko) Chrome/150.0.0.0 Safari/537.36"
91.84.97.111 - - [04/Aug/2026:23:48:09 +0000] "GET /wp-content/plugins/elementor/assets/js/packages/editor-mcp/editor-mcp.min.js?ver=4.2.1 HTTP/3" 200 178236 "https://www.sescorp.cl/wp-admin/" "Mozilla/5.0 (Windows NT 10.0; Win64; x64) AppleWebKit/537.36 (KHTML, like Gecko) Chrome/150.0.0.0 Safari/537.36"
91.84.97.111 - - [04/Aug/2026:23:48:09 +0000] "GET /wp-content/plugins/elementor/assets/js/packages/elementor-mcp-common/elementor-mcp-common.min.js?ver=4.2.1 HTTP/3" 200 137245 "https://www.sescorp.cl/wp-admin/" "Mozilla/5.0 (Windows NT 10.0; Win64; x64) AppleWebKit/537.36 (KHTML, like Gecko) Chrome/150.0.0.0 Safari/537.36"
91.84.97.111 - - [04/Aug/2026:23:48:09 +0000] "GET /wp-content/plugins/elementor/assets/js/packages/elementor-capabilities-mcp/elementor-capabilities-mcp.min.js?ver=4.2.1 HTTP/3" 200 4252 "https://www.sescorp.cl/wp-admin/" "Mozilla/5.0 (Windows NT 10.0; Win64; x64) AppleWebKit/537.36 (KHTML, like Gecko) Chrome/150.0.0.0 Safari/537.36"
91.84.97.111 - - [04/Aug/2026:23:48:10 +0000] "GET /wp-includes/js/thickbox/loadingAnimation.gif HTTP/3" 200 15238 "https://www.sescorp.cl/wp-admin/" "Mozilla/5.0 (Windows NT 10.0; Win64; x64) AppleWebKit/537.36 (KHTML, like Gecko) Chrome/150.0.0.0 Safari/537.36"
91.84.97.111 - - [04/Aug/2026:23:48:12 +0000] "GET /wp-admin/plugins.php HTTP/3" 200 0 "https://www.sescorp.cl/wp-admin/" "Mozilla/5.0 (Windows NT 10.0; Win64; x64) AppleWebKit/537.36 (KHTML, like Gecko) Chrome/150.0.0.0 Safari/537.36"
91.84.97.111 - - [04/Aug/2026:23:48:10 +0000] "GET /wp-json/wp/v2/ HTTP/3" 200 14160 "https://www.sescorp.cl/wp-admin/" "Mozilla/5.0 (Windows NT 10.0; Win64; x64) AppleWebKit/537.36 (KHTML, like Gecko) Chrome/150.0.0.0 Safari/537.36"
91.84.97.111 - - [04/Aug/2026:23:48:10 +0000] "GET /wp-json/wp/v2/users/me?context=edit&_locale=user HTTP/3" 200 842 "https://www.sescorp.cl/wp-admin/" "Mozilla/5.0 (Windows NT 10.0; Win64; x64) AppleWebKit/537.36 (KHTML, like Gecko) Chrome/150.0.0.0 Safari/537.36"
91.84.97.111 - - [04/Aug/2026:23:48:10 +0000] "GET /wp-json/yoast/v1/statistics HTTP/3" 200 290 "https://www.sescorp.cl/wp-admin/" "Mozilla/5.0 (Windows NT 10.0; Win64; x64) AppleWebKit/537.36 (KHTML, like Gecko) Chrome/150.0.0.0 Safari/537.36"
91.84.97.111 - - [04/Aug/2026:23:48:10 +0000] "POST /wp-admin/admin-ajax.php HTTP/3" 200 535 "https://www.sescorp.cl/wp-admin/" "Mozilla/5.0 (Windows NT 10.0; Win64; x64) AppleWebKit/537.36 (KHTML, like Gecko) Chrome/150.0.0.0 Safari/537.36"
91.84.97.111 - - [04/Aug/2026:23:48:10 +0000] "GET /wp-admin/admin-ajax.php?action=dashboard-widgets&widget=dashboard_primary&pagenow=dashboard HTTP/3" 200 432 "https://www.sescorp.cl/wp-admin/" "Mozilla/5.0 (Windows NT 10.0; Win64; x64) AppleWebKit/537.36 (KHTML, like Gecko) Chrome/150.0.0.0 Safari/537.36"
91.84.97.111 - - [04/Aug/2026:23:48:12 +0000] "GET /wp-admin/plugin-install.php HTTP/3" 200 51957 "https://www.sescorp.cl/wp-admin/" "Mozilla/5.0 (Windows NT 10.0; Win64; x64) AppleWebKit/537.36 (KHTML, like Gecko) Chrome/150.0.0.0 Safari/537.36"
91.84.97.111 - - [04/Aug/2026:23:48:16 +0000] "GET /wp-admin/load-styles.php?c=0&dir=ltr&load%5Bchunk_0%5D=dashicons,admin-bar,common,forms,admin-menu,dashboard,list-tables,edit,revisions,media,themes,about,nav-menus,wp-pointer,widgets&load%5Bchunk_1%5D=,site-icon,l10n,buttons,wp-auth-check,wp-components,wp-commands&ver=6.9.4 HTTP/3" 200 119203 "https://www.sescorp.cl/wp-admin/plugin-install.php" "Mozilla/5.0 (Windows NT 10.0; Win64; x64) AppleWebKit/537.36 (KHTML, like Gecko) Chrome/150.0.0.0 Safari/537.36"
91.84.97.111 - - [04/Aug/2026:23:48:16 +0000] "GET /wp-admin/images/spinner.gif HTTP/3" 200 3656 "https://www.sescorp.cl/wp-admin/load-styles.php?c=0&dir=ltr&load%5Bchunk_0%5D=dashicons,admin-bar,common,forms,admin-menu,dashboard,list-tables,edit,revisions,media,themes,about,nav-menus,wp-pointer,widgets&load%5Bchunk_1%5D=,site-icon,l10n,buttons,wp-auth-check,wp-components,wp-commands&ver=6.9.4" "Mozilla/5.0 (Windows NT 10.0; Win64; x64) AppleWebKit/537.36 (KHTML, like Gecko) Chrome/150.0.0.0 Safari/537.36"
91.84.97.111 - - [04/Aug/2026:23:48:16 +0000] "GET /wp-json/wp/v2/users/me?context=edit&_locale=user HTTP/3" 200 842 "https://www.sescorp.cl/wp-admin/plugin-install.php" "Mozilla/5.0 (Windows NT 10.0; Win64; x64) AppleWebKit/537.36 (KHTML, like Gecko) Chrome/150.0.0.0 Safari/537.36"
182.43.184.15 - - [04/Aug/2026:23:48:44 +0000] "POST /xmlrpc.php HTTP/1.1" 200 222 "-" "Apache-HttpClient/4.5.2 (Java/1.8.0_161)"
182.43.184.15 - - [04/Aug/2026:23:49:17 +0000] "POST /xmlrpc.php HTTP/1.1" 200 222 "-" "Apache-HttpClient/4.5.2 (Java/1.8.0_161)"
182.43.184.15 - - [04/Aug/2026:23:52:10 +0000] "POST /xmlrpc.php HTTP/1.1" 200 222 "-" "Apache-HttpClient/4.5.2 (Java/1.8.0_161)"
91.84.97.111 - - [04/Aug/2026:23:53:19 +0000] "POST /wp-admin/admin-ajax.php HTTP/3" 200 67 "https://www.sescorp.cl/wp-admin/plugin-install.php" "Mozilla/5.0 (Windows NT 10.0; Win64; x64) AppleWebKit/537.36 (KHTML, like Gecko) Chrome/150.0.0.0 Safari/537.36"
45.148.10.75 - - [04/Aug/2026:23:40:19 +0000] "POST /?rest_route=/batch/v1 HTTP/1.1" 207 19933 "-" "Mozilla/5.0 (Windows NT 10.0; Win64; x64) AppleWebKit/537.36 (KHTML, like Gecko) Chrome/126.0.0.0 Safari/537.36"
182.43.184.15 - - [04/Aug/2026:23:40:20 +0000] "POST /xmlrpc.php HTTP/1.1" 200 222 "-" "Apache-HttpClient/4.5.2 (Java/1.8.0_161)"
45.148.10.75 - - [04/Aug/2026:23:40:29 +0000] "POST /?rest_route=/batch/v1 HTTP/1.1" 207 16267 "-" "Mozilla/5.0 (Windows NT 10.0; Win64; x64) AppleWebKit/537.36 (KHTML, like Gecko) Chrome/126.0.0.0 Safari/537.36"
45.148.10.75 - - [04/Aug/2026:23:40:37 +0000] "GET / HTTP/1.1" 403 1242 "-" "-"
182.43.184.15 - - [04/Aug/2026:23:41:16 +0000] "POST /xmlrpc.php HTTP/1.1" 200 222 "-" "Apache-HttpClient/4.5.2 (Java/1.8.0_161)"
182.43.184.15 - - [04/Aug/2026:23:43:21 +0000] "POST /xmlrpc.php HTTP/1.1" 200 222 "-" "Apache-HttpClient/4.5.2 (Java/1.8.0_161)"
170.10.160.123 - - [04/Aug/2026:23:43:51 +0000] "POST /wp-cron.php?doing_wp_cron=1785887031.2649130821228027343750 HTTP/1.1" 200 20 "-" "WordPress/6.9.4; https://www.sescorp.cl"
182.43.184.15 - - [04/Aug/2026:23:43:50 +0000] "POST /xmlrpc.php HTTP/1.1" 200 222 "-" "Apache-HttpClient/4.5.2 (Java/1.8.0_161)"
182.43.184.15 - - [04/Aug/2026:23:43:51 +0000] "POST /xmlrpc.php HTTP/1.1" 200 222 "-" "Apache-HttpClient/4.5.2 (Java/1.8.0_161)"
170.10.160.123 - - [04/Aug/2026:23:45:02 +0000] "GET /wp-cron.php HTTP/1.1" 200 0 "-" "Wget/1.19.5 (linux-gnu)"
182.43.184.15 - - [04/Aug/2026:23:45:04 +0000] "POST /xmlrpc.php HTTP/1.1" 200 222 "-" "Apache-HttpClient/4.5.2 (Java/1.8.0_161)"
182.43.184.15 - - [04/Aug/2026:23:46:44 +0000] "POST /xmlrpc.php HTTP/1.1" 200 222 "-" "Apache-HttpClient/4.5.2 (Java/1.8.0_161)"
182.43.184.15 - - [04/Aug/2026:23:47:08 +0000] "POST /xmlrpc.php HTTP/1.1" 200 222 "-" "Apache-HttpClient/4.5.2 (Java/1.8.0_161)"
170.10.160.123 - - [04/Aug/2026:23:47:41 +0000] "POST /wp-cron.php?doing_wp_cron=1785887261.2328419685363769531250 HTTP/1.1" 200 20 "-" "WordPress/6.9.4; https://www.sescorp.cl"
170.10.160.123 - - [04/Aug/2026:23:48:45 +0000] "POST /wp-cron.php?doing_wp_cron=1785887325.0436990261077880859375 HTTP/1.1" 200 20 "-" "WordPress/6.9.4; https://www.sescorp.cl"
170.10.160.123 - - [04/Aug/2026:23:49:53 +0000] "POST /wp-cron.php?doing_wp_cron=1785887393.2007369995117187500000 HTTP/1.1" 200 20 "-" "WordPress/6.9.4; https://www.sescorp.cl"
182.43.184.15 - - [04/Aug/2026:23:50:50 +0000] "POST /xmlrpc.php HTTP/1.1" 200 222 "-" "Apache-HttpClient/4.5.2 (Java/1.8.0_161)"
182.43.184.15 - - [04/Aug/2026:23:51:44 +0000] "POST /xmlrpc.php HTTP/1.1" 200 222 "-" "Apache-HttpClient/4.5.2 (Java/1.8.0_161)"
182.43.184.15 - - [04/Aug/2026:23:53:00 +0000] "POST /xmlrpc.php HTTP/1.1" 200 222 "-" "Apache-HttpClient/4.5.2 (Java/1.8.0_161)"
170.10.160.123 - - [04/Aug/2026:23:53:39 +0000] "POST /wp-cron.php?doing_wp_cron=1785887619.0356249809265136718750 HTTP/1.1" 200 20 "-" "WordPress/6.9.4; https://www.sescorp.cl"
182.43.184.15 - - [04/Aug/2026:23:53:38 +0000] "POST /xmlrpc.php HTTP/1.1" 200 222 "-" "Apache-HttpClient/4.5.2 (Java/1.8.0_161)"
182.43.184.15 - - [04/Aug/2026:23:54:05 +0000] "POST /xmlrpc.php HTTP/1.1" 200 222 "-" "Apache-HttpClient/4.5.2 (Java/1.8.0_161)"
91.84.97.111 - - [04/Aug/2026:23:55:20 +0000] "POST /wp-admin/admin-ajax.php HTTP/3" 200 67 "https://www.sescorp.cl/wp-admin/plugin-install.php" "Mozilla/5.0 (Windows NT 10.0; Win64; x64) AppleWebKit/537.36 (KHTML, like Gecko) Chrome/150.0.0.0 Safari/537.36"
170.10.160.123 - - [04/Aug/2026:23:55:41 +0000] "POST /wp-cron.php?doing_wp_cron=1785887741.8857750892639160156250 HTTP/1.1" 200 20 "-" "WordPress/6.9.4; https://www.sescorp.cl"
170.10.160.123 - - [04/Aug/2026:23:56:42 +0000] "POST /wp-cron.php?doing_wp_cron=1785887802.4238960742950439453125 HTTP/1.1" 200 20 "-" "WordPress/6.9.4; https://www.sescorp.cl"
91.84.97.111 - - [04/Aug/2026:23:57:21 +0000] "POST /wp-admin/admin-ajax.php HTTP/2" 200 67 "https://www.sescorp.cl/wp-admin/plugin-install.php" "Mozilla/5.0 (Windows NT 10.0; Win64; x64) AppleWebKit/537.36 (KHTML, like Gecko) Chrome/150.0.0.0 Safari/537.36"
170.10.160.123 - - [04/Aug/2026:23:44:35 +0000] "POST /wp-cron.php?doing_wp_cron=1785887075.9154601097106933593750 HTTP/1.1" 200 20 "-" "WordPress/6.9.4; https://www.sescorp.cl"
182.43.184.15 - - [04/Aug/2026:23:46:14 +0000] "POST /xmlrpc.php HTTP/1.1" 200 222 "-" "Apache-HttpClient/4.5.2 (Java/1.8.0_161)"
170.10.160.123 - - [04/Aug/2026:23:46:45 +0000] "POST /wp-cron.php?doing_wp_cron=1785887205.0947389602661132812500 HTTP/1.1" 200 20 "-" "WordPress/6.9.4; https://www.sescorp.cl"
182.43.184.15 - - [04/Aug/2026:23:48:10 +0000] "POST /xmlrpc.php HTTP/1.1" 200 222 "-" "Apache-HttpClient/4.5.2 (Java/1.8.0_161)"
91.84.97.111 - - [04/Aug/2026:23:49:17 +0000] "POST /wp-admin/admin-ajax.php HTTP/3" 200 67 "https://www.sescorp.cl/wp-admin/plugin-install.php" "Mozilla/5.0 (Windows NT 10.0; Win64; x64) AppleWebKit/537.36 (KHTML, like Gecko) Chrome/150.0.0.0 Safari/537.36"
182.43.184.15 - - [04/Aug/2026:23:49:52 +0000] "POST /xmlrpc.php HTTP/1.1" 200 222 "-" "Apache-HttpClient/4.5.2 (Java/1.8.0_161)"
182.43.184.15 - - [04/Aug/2026:23:50:15 +0000] "POST /xmlrpc.php HTTP/1.1" 200 222 "-" "Apache-HttpClient/4.5.2 (Java/1.8.0_161)"
170.10.160.123 - - [04/Aug/2026:23:50:51 +0000] "POST /wp-cron.php?doing_wp_cron=1785887451.5821750164031982421875 HTTP/1.1" 200 20 "-" "WordPress/6.9.4; https://www.sescorp.cl"
182.43.184.15 - - [04/Aug/2026:23:51:13 +0000] "POST /xmlrpc.php HTTP/1.1" 200 222 "-" "Apache-HttpClient/4.5.2 (Java/1.8.0_161)"
91.84.97.111 - - [04/Aug/2026:23:51:18 +0000] "POST /wp-admin/admin-ajax.php HTTP/3" 200 67 "https://www.sescorp.cl/wp-admin/plugin-install.php" "Mozilla/5.0 (Windows NT 10.0; Win64; x64) AppleWebKit/537.36 (KHTML, like Gecko) Chrome/150.0.0.0 Safari/537.36"
170.10.160.123 - - [04/Aug/2026:23:51:44 +0000] "POST /wp-cron.php?doing_wp_cron=1785887504.9565370082855224609375 HTTP/1.1" 200 20 "-" "WordPress/6.9.4; https://www.sescorp.cl"
170.10.160.123 - - [04/Aug/2026:23:52:43 +0000] "POST /wp-cron.php?doing_wp_cron=1785887563.6297938823699951171875 HTTP/1.1" 200 20 "-" "WordPress/6.9.4; https://www.sescorp.cl"
182.43.184.15 - - [04/Aug/2026:23:52:42 +0000] "POST /xmlrpc.php HTTP/1.1" 200 222 "-" "Apache-HttpClient/4.5.2 (Java/1.8.0_161)"
170.10.160.123 - - [04/Aug/2026:23:54:41 +0000] "POST /wp-cron.php?doing_wp_cron=1785887681.2589700222015380859375 HTTP/1.1" 200 20 "-" "WordPress/6.9.4; https://www.sescorp.cl"
182.43.184.15 - - [04/Aug/2026:23:54:40 +0000] "POST /xmlrpc.php HTTP/1.1" 200 222 "-" "Apache-HttpClient/4.5.2 (Java/1.8.0_161)"
182.43.184.15 - - [04/Aug/2026:23:55:01 +0000] "POST /xmlrpc.php HTTP/1.1" 200 222 "-" "Apache-HttpClient/4.5.2 (Java/1.8.0_161)"
182.43.184.15 - - [04/Aug/2026:23:56:41 +0000] "POST /xmlrpc.php HTTP/1.1" 200 222 "-" "Apache-HttpClient/4.5.2 (Java/1.8.0_161)"
182.43.184.15 - - [04/Aug/2026:23:56:58 +0000] "POST /xmlrpc.php HTTP/1.1" 200 222 "-" "Apache-HttpClient/4.5.2 (Java/1.8.0_161)"
182.43.184.15 - - [04/Aug/2026:23:57:54 +0000] "POST /xmlrpc.php HTTP/1.1" 200 222 "-" "Apache-HttpClient/4.5.2 (Java/1.8.0_161)"
91.84.97.111 - - [04/Aug/2026:23:59:22 +0000] "POST /wp-admin/admin-ajax.php HTTP/2" 200 67 "https://www.sescorp.cl/wp-admin/plugin-install.php" "Mozilla/5.0 (Windows NT 10.0; Win64; x64) AppleWebKit/537.36 (KHTML, like Gecko) Chrome/150.0.0.0 Safari/537.36"
170.10.160.123 - - [04/Aug/2026:23:59:37 +0000] "POST /wp-cron.php?doing_wp_cron=1785887977.0465450286865234375000 HTTP/1.1" 200 20 "-" "WordPress/6.9.4; https://www.sescorp.cl"
182.43.184.15 - - [05/Aug/2026:00:00:37 +0000] "POST /xmlrpc.php HTTP/1.1" 200 222 "-" "Apache-HttpClient/4.5.2 (Java/1.8.0_161)"
91.84.97.111 - - [05/Aug/2026:00:01:23 +0000] "POST /wp-admin/admin-ajax.php HTTP/2" 200 107 "https://www.sescorp.cl/wp-admin/plugin-install.php" "Mozilla/5.0 (Windows NT 10.0; Win64; x64) AppleWebKit/537.36 (KHTML, like Gecko) Chrome/150.0.0.0 Safari/537.36"
170.10.160.123 - - [05/Aug/2026:00:02:50 +0000] "POST /wp-cron.php?doing_wp_cron=1785888170.9207890033721923828125 HTTP/1.1" 200 20 "-" "WordPress/6.9.4; https://www.sescorp.cl"
182.43.184.15 - - [04/Aug/2026:23:55:41 +0000] "POST /xmlrpc.php HTTP/1.1" 200 222 "-" "Apache-HttpClient/4.5.2 (Java/1.8.0_161)"
182.43.184.15 - - [04/Aug/2026:23:55:58 +0000] "POST /xmlrpc.php HTTP/1.1" 200 222 "-" "Apache-HttpClient/4.5.2 (Java/1.8.0_161)"
170.10.160.123 - - [04/Aug/2026:23:57:43 +0000] "POST /wp-cron.php?doing_wp_cron=1785887863.6668119430541992187500 HTTP/1.1" 200 20 "-" "WordPress/6.9.4; https://www.sescorp.cl"
182.43.184.15 - - [04/Aug/2026:23:57:42 +0000] "POST /xmlrpc.php HTTP/1.1" 200 222 "-" "Apache-HttpClient/4.5.2 (Java/1.8.0_161)"
