74.248.33.65 - - [04/Aug/2026:23:06:47 +0000] "GET /7.php HTTP/1.1" 301 20 "-" "Mozilla/5.0 (Windows NT 10.0; Win64; x64) AppleWebKit/537.36 (KHTML, like Gecko) Chrome/120.0.0.0 Safari/537.36"
74.248.33.65 - - [04/Aug/2026:23:06:47 +0000] "GET /wp-content/plugins/index.php HTTP/1.1" 200 20 "-" "Mozilla/5.0 (Windows NT 10.0; Win64; x64) AppleWebKit/537.36 (KHTML, like Gecko) Chrome/120.0.0.0 Safari/537.36"
74.248.33.65 - - [04/Aug/2026:23:06:48 +0000] "GET /wp-includes/css/ HTTP/1.1" 200 1799 "-" "Mozilla/5.0 (Windows NT 10.0; Win64; x64) AppleWebKit/537.36 (KHTML, like Gecko) Chrome/120.0.0.0 Safari/537.36"
74.248.33.65 - - [04/Aug/2026:23:06:48 +0000] "GET /wp-admin/css/colors/modern/ HTTP/1.1" 200 1046 "-" "Mozilla/5.0 (Windows NT 10.0; Win64; x64) AppleWebKit/537.36 (KHTML, like Gecko) Chrome/120.0.0.0 Safari/537.36"
74.248.33.65 - - [04/Aug/2026:23:06:48 +0000] "GET /lite.php HTTP/1.1" 301 20 "-" "Mozilla/5.0 (Windows NT 10.0; Win64; x64) AppleWebKit/537.36 (KHTML, like Gecko) Chrome/120.0.0.0 Safari/537.36"
74.248.33.65 - - [04/Aug/2026:23:06:49 +0000] "GET /inputs.php HTTP/1.1" 301 20 "-" "Mozilla/5.0 (Windows NT 10.0; Win64; x64) AppleWebKit/537.36 (KHTML, like Gecko) Chrome/120.0.0.0 Safari/537.36"
170.10.160.123 - - [04/Aug/2026:22:40:30 +0000] "POST /wp-cron.php?doing_wp_cron=1785883230.8847270011901855468750 HTTP/1.1" 200 20 "-" "WordPress/6.9.4; https://www.sescorp.cl"
182.43.184.15 - - [04/Aug/2026:22:40:30 +0000] "POST /xmlrpc.php HTTP/1.1" 200 222 "-" "Apache-HttpClient/4.5.2 (Java/1.8.0_161)"
182.43.184.15 - - [04/Aug/2026:22:41:57 +0000] "POST /xmlrpc.php HTTP/1.1" 200 222 "-" "Apache-HttpClient/4.5.2 (Java/1.8.0_161)"
170.10.160.123 - - [04/Aug/2026:22:42:51 +0000] "POST /wp-cron.php?doing_wp_cron=1785883371.9517490863800048828125 HTTP/1.1" 200 20 "-" "WordPress/6.9.4; https://www.sescorp.cl"
170.10.160.123 - - [04/Aug/2026:22:45:03 +0000] "GET /wp-cron.php HTTP/1.1" 200 0 "-" "Wget/1.19.5 (linux-gnu)"
170.10.160.123 - - [04/Aug/2026:22:49:07 +0000] "POST /wp-cron.php?doing_wp_cron=1785883747.2327020168304443359375 HTTP/1.1" 200 20 "-" "WordPress/6.9.4; https://www.sescorp.cl"
170.10.160.123 - - [04/Aug/2026:22:50:36 +0000] "POST /wp-cron.php?doing_wp_cron=1785883836.2381489276885986328125 HTTP/1.1" 200 20 "-" "WordPress/6.9.4; https://www.sescorp.cl"
182.43.184.15 - - [04/Aug/2026:22:51:15 +0000] "POST /xmlrpc.php HTTP/1.1" 200 222 "-" "Apache-HttpClient/4.5.2 (Java/1.8.0_161)"
170.10.160.123 - - [04/Aug/2026:22:52:06 +0000] "POST /wp-cron.php?doing_wp_cron=1785883926.6998100280761718750000 HTTP/1.1" 200 20 "-" "WordPress/6.9.4; https://www.sescorp.cl"
182.43.184.15 - - [04/Aug/2026:22:55:15 +0000] "POST /xmlrpc.php HTTP/1.1" 200 222 "-" "Apache-HttpClient/4.5.2 (Java/1.8.0_161)"
170.10.160.123 - - [04/Aug/2026:22:55:48 +0000] "POST /wp-cron.php?doing_wp_cron=1785884148.0880789756774902343750 HTTP/1.1" 200 20 "-" "WordPress/6.9.4; https://www.sescorp.cl"
170.10.160.123 - - [04/Aug/2026:22:56:50 +0000] "POST /wp-cron.php?doing_wp_cron=1785884210.1495640277862548828125 HTTP/1.1" 200 20 "-" "WordPress/6.9.4; https://www.sescorp.cl"
170.10.160.123 - - [04/Aug/2026:22:58:19 +0000] "POST /wp-cron.php?doing_wp_cron=1785884299.4313879013061523437500 HTTP/1.1" 200 20 "-" "WordPress/6.9.4; https://www.sescorp.cl"
182.43.184.15 - - [04/Aug/2026:22:58:52 +0000] "POST /xmlrpc.php HTTP/1.1" 200 222 "-" "Apache-HttpClient/4.5.2 (Java/1.8.0_161)"
182.43.184.15 - - [04/Aug/2026:22:59:45 +0000] "POST /xmlrpc.php HTTP/1.1" 200 222 "-" "Apache-HttpClient/4.5.2 (Java/1.8.0_161)"
182.43.184.15 - - [04/Aug/2026:22:59:46 +0000] "POST /xmlrpc.php HTTP/1.1" 200 222 "-" "Apache-HttpClient/4.5.2 (Java/1.8.0_161)"
182.43.184.15 - - [04/Aug/2026:23:00:18 +0000] "POST /xmlrpc.php HTTP/1.1" 200 222 "-" "Apache-HttpClient/4.5.2 (Java/1.8.0_161)"
170.10.160.123 - - [04/Aug/2026:23:01:08 +0000] "POST /wp-cron.php?doing_wp_cron=1785884468.9356620311737060546875 HTTP/1.1" 200 20 "-" "WordPress/6.9.4; https://www.sescorp.cl"
203.134.193.134 - - [04/Aug/2026:23:01:20 +0000] "POST /wp-login.php HTTP/2" 200 3268 "https://sescorp.cl/wp-login.php" "Mozilla/5.0 (Windows NT 10.0; Win64; x64) AppleWebKit/537.36 (KHTML, like Gecko) Chrome/150.0.0.0 Safari/537.36"
170.10.160.123 - - [04/Aug/2026:23:01:43 +0000] "POST /wp-cron.php?doing_wp_cron=1785884503.4885089397430419921875 HTTP/1.1" 200 20 "-" "WordPress/6.9.4; https://www.sescorp.cl"
170.10.160.123 - - [04/Aug/2026:23:04:24 +0000] "POST /wp-cron.php?doing_wp_cron=1785884664.7035961151123046875000 HTTP/1.1" 200 20 "-" "WordPress/6.9.4; https://www.sescorp.cl"
182.43.184.15 - - [04/Aug/2026:23:04:49 +0000] "POST /xmlrpc.php HTTP/1.1" 200 222 "-" "Apache-HttpClient/4.5.2 (Java/1.8.0_161)"
170.10.160.123 - - [04/Aug/2026:23:05:47 +0000] "POST /wp-cron.php?doing_wp_cron=1785884747.2803759574890136718750 HTTP/1.1" 200 20 "-" "WordPress/6.9.4; https://www.sescorp.cl"
182.43.184.15 - - [04/Aug/2026:23:05:45 +0000] "POST /xmlrpc.php HTTP/1.1" 200 222 "-" "Apache-HttpClient/4.5.2 (Java/1.8.0_161)"
170.10.160.123 - - [04/Aug/2026:23:08:45 +0000] "POST /wp-cron.php?doing_wp_cron=1785884925.6984970569610595703125 HTTP/1.1" 200 20 "-" "WordPress/6.9.4; https://www.sescorp.cl"
182.43.184.15 - - [04/Aug/2026:23:08:45 +0000] "POST /xmlrpc.php HTTP/1.1" 200 222 "-" "Apache-HttpClient/4.5.2 (Java/1.8.0_161)"
74.248.33.65 - - [04/Aug/2026:23:06:49 +0000] "GET /a.php HTTP/1.1" 301 20 "-" "Mozilla/5.0 (Windows NT 10.0; Win64; x64) AppleWebKit/537.36 (KHTML, like Gecko) Chrome/120.0.0.0 Safari/537.36"
74.248.33.65 - - [04/Aug/2026:23:06:50 +0000] "GET /wp-admin/wp.php HTTP/1.1" 301 20 "-" "Mozilla/5.0 (Windows NT 10.0; Win64; x64) AppleWebKit/537.36 (KHTML, like Gecko) Chrome/120.0.0.0 Safari/537.36"
74.248.33.65 - - [04/Aug/2026:23:06:50 +0000] "GET /cgi-bin/ HTTP/1.1" 403 1242 "-" "Mozilla/5.0 (Windows NT 10.0; Win64; x64) AppleWebKit/537.36 (KHTML, like Gecko) Chrome/120.0.0.0 Safari/537.36"
74.248.33.65 - - [04/Aug/2026:23:06:51 +0000] "GET /x.php HTTP/1.1" 301 20 "-" "Mozilla/5.0 (Windows NT 10.0; Win64; x64) AppleWebKit/537.36 (KHTML, like Gecko) Chrome/120.0.0.0 Safari/537.36"
74.248.33.65 - - [04/Aug/2026:23:06:51 +0000] "GET /r.php HTTP/1.1" 301 20 "-" "Mozilla/5.0 (Windows NT 10.0; Win64; x64) AppleWebKit/537.36 (KHTML, like Gecko) Chrome/120.0.0.0 Safari/537.36"
74.248.33.65 - - [04/Aug/2026:23:06:52 +0000] "GET /wp-admin/js/widgets/ HTTP/1.1" 200 1272 "-" "Mozilla/5.0 (Windows NT 10.0; Win64; x64) AppleWebKit/537.36 (KHTML, like Gecko) Chrome/120.0.0.0 Safari/537.36"
74.248.33.65 - - [04/Aug/2026:23:06:52 +0000] "GET /wp-content/themes/ HTTP/1.1" 200 20 "-" "Mozilla/5.0 (Windows NT 10.0; Win64; x64) AppleWebKit/537.36 (KHTML, like Gecko) Chrome/120.0.0.0 Safari/537.36"
74.248.33.65 - - [04/Aug/2026:23:06:52 +0000] "GET /tool.php HTTP/1.1" 301 20 "-" "Mozilla/5.0 (Windows NT 10.0; Win64; x64) AppleWebKit/537.36 (KHTML, like Gecko) Chrome/120.0.0.0 Safari/537.36"
74.248.33.65 - - [04/Aug/2026:23:06:53 +0000] "GET /elp.php HTTP/1.1" 301 20 "-" "Mozilla/5.0 (Windows NT 10.0; Win64; x64) AppleWebKit/537.36 (KHTML, like Gecko) Chrome/120.0.0.0 Safari/537.36"
74.248.33.65 - - [04/Aug/2026:23:06:54 +0000] "GET /chosen.php HTTP/1.1" 301 20 "-" "Mozilla/5.0 (Windows NT 10.0; Win64; x64) AppleWebKit/537.36 (KHTML, like Gecko) Chrome/120.0.0.0 Safari/537.36"
74.248.33.65 - - [04/Aug/2026:23:06:54 +0000] "GET /b.php HTTP/1.1" 301 20 "-" "Mozilla/5.0 (Windows NT 10.0; Win64; x64) AppleWebKit/537.36 (KHTML, like Gecko) Chrome/120.0.0.0 Safari/537.36"
74.248.33.65 - - [04/Aug/2026:23:06:55 +0000] "GET /ca5.php HTTP/1.1" 301 20 "-" "Mozilla/5.0 (Windows NT 10.0; Win64; x64) AppleWebKit/537.36 (KHTML, like Gecko) Chrome/120.0.0.0 Safari/537.36"
74.248.33.65 - - [04/Aug/2026:23:06:56 +0000] "GET /install.php HTTP/1.1" 301 20 "-" "Mozilla/5.0 (Windows NT 10.0; Win64; x64) AppleWebKit/537.36 (KHTML, like Gecko) Chrome/120.0.0.0 Safari/537.36"
74.248.33.65 - - [04/Aug/2026:23:06:56 +0000] "GET /2.php HTTP/1.1" 301 20 "-" "Mozilla/5.0 (Windows NT 10.0; Win64; x64) AppleWebKit/537.36 (KHTML, like Gecko) Chrome/120.0.0.0 Safari/537.36"
74.248.33.65 - - [04/Aug/2026:23:06:57 +0000] "GET /lock.php HTTP/1.1" 301 20 "-" "Mozilla/5.0 (Windows NT 10.0; Win64; x64) AppleWebKit/537.36 (KHTML, like Gecko) Chrome/120.0.0.0 Safari/537.36"
74.248.33.65 - - [04/Aug/2026:23:06:57 +0000] "GET /wp-includes/interactivity-api/index.php HTTP/1.1" 301 20 "-" "Mozilla/5.0 (Windows NT 10.0; Win64; x64) AppleWebKit/537.36 (KHTML, like Gecko) Chrome/120.0.0.0 Safari/537.36"
182.43.184.15 - - [04/Aug/2026:23:07:21 +0000] "POST /xmlrpc.php HTTP/1.1" 200 222 "-" "Apache-HttpClient/4.5.2 (Java/1.8.0_161)"
182.43.184.15 - - [04/Aug/2026:23:09:14 +0000] "POST /xmlrpc.php HTTP/1.1" 200 222 "-" "Apache-HttpClient/4.5.2 (Java/1.8.0_161)"
170.10.160.123 - - [04/Aug/2026:23:10:34 +0000] "POST /wp-cron.php?doing_wp_cron=1785885034.9065721035003662109375 HTTP/1.1" 200 20 "-" "WordPress/6.9.4; https://www.sescorp.cl"
182.43.184.15 - - [04/Aug/2026:23:10:34 +0000] "POST /xmlrpc.php HTTP/1.1" 200 222 "-" "Apache-HttpClient/4.5.2 (Java/1.8.0_161)"
170.10.160.123 - - [04/Aug/2026:23:11:37 +0000] "POST /wp-cron.php?doing_wp_cron=1785885097.4200329780578613281250 HTTP/1.1" 200 20 "-" "WordPress/6.9.4; https://www.sescorp.cl"
182.43.184.15 - - [04/Aug/2026:23:11:36 +0000] "POST /xmlrpc.php HTTP/1.1" 200 222 "-" "Apache-HttpClient/4.5.2 (Java/1.8.0_161)"
182.43.184.15 - - [04/Aug/2026:23:12:01 +0000] "POST /xmlrpc.php HTTP/1.1" 200 222 "-" "Apache-HttpClient/4.5.2 (Java/1.8.0_161)"
182.43.184.15 - - [04/Aug/2026:23:12:03 +0000] "POST /xmlrpc.php HTTP/1.1" 200 222 "-" "Apache-HttpClient/4.5.2 (Java/1.8.0_161)"
170.10.160.123 - - [04/Aug/2026:23:10:09 +0000] "POST /wp-cron.php?doing_wp_cron=1785885009.6296501159667968750000 HTTP/1.1" 200 20 "-" "WordPress/6.9.4; https://www.sescorp.cl"
182.43.184.15 - - [04/Aug/2026:23:10:08 +0000] "POST /xmlrpc.php HTTP/1.1" 200 222 "-" "Apache-HttpClient/4.5.2 (Java/1.8.0_161)"
94.154.43.183 - - [04/Aug/2026:23:11:04 +0000] "GET /wp-content/plugins/contact-form-7/modules/recaptcha/index.js HTTP/1.1" 200 934 "-" "Mozilla/5.0 (Windows NT 10.0; Win64; x64) AppleWebKit/537.36 (KHTML, like Gecko) Chrome/147.0.0.0 Safari/537.36"
94.154.43.177 - - [04/Aug/2026:23:11:04 +0000] "GET /wp-content/plugins/contact-form-7/includes/swv/js/index.js HTTP/1.1" 200 12512 "-" "Mozilla/5.0 (Windows NT 10.0; Win64; x64) AppleWebKit/537.36 (KHTML, like Gecko) Chrome/147.0.0.0 Safari/537.36"
182.43.184.15 - - [04/Aug/2026:23:02:47 +0000] "POST /xmlrpc.php HTTP/1.1" 200 222 "-" "Apache-HttpClient/4.5.2 (Java/1.8.0_161)"
170.10.160.123 - - [04/Aug/2026:23:03:19 +0000] "POST /wp-cron.php?doing_wp_cron=1785884599.1511600017547607421875 HTTP/1.1" 200 20 "-" "WordPress/6.9.4; https://www.sescorp.cl"
182.43.184.15 - - [04/Aug/2026:23:03:16 +0000] "POST /xmlrpc.php HTTP/1.1" 200 222 "-" "Apache-HttpClient/4.5.2 (Java/1.8.0_161)"
182.43.184.15 - - [04/Aug/2026:23:04:23 +0000] "POST /xmlrpc.php HTTP/1.1" 200 222 "-" "Apache-HttpClient/4.5.2 (Java/1.8.0_161)"
182.43.184.15 - - [04/Aug/2026:23:07:53 +0000] "POST /xmlrpc.php HTTP/1.1" 200 222 "-" "Apache-HttpClient/4.5.2 (Java/1.8.0_161)"
94.154.43.186 - - [04/Aug/2026:23:11:04 +0000] "GET /wp-content/plugins/contact-form-7/includes/js/index.js HTTP/1.1" 200 13452 "-" "Mozilla/5.0 (Windows NT 10.0; Win64; x64) AppleWebKit/537.36 (KHTML, like Gecko) Chrome/147.0.0.0 Safari/537.36"
182.43.184.15 - - [04/Aug/2026:23:14:19 +0000] "POST /xmlrpc.php HTTP/1.1" 200 222 "-" "Apache-HttpClient/4.5.2 (Java/1.8.0_161)"
170.10.160.123 - - [04/Aug/2026:23:15:38 +0000] "POST /wp-cron.php?doing_wp_cron=1785885338.9128611087799072265625 HTTP/1.1" 200 20 "-" "WordPress/6.9.4; https://www.sescorp.cl"
182.43.184.15 - - [04/Aug/2026:23:15:38 +0000] "POST /xmlrpc.php HTTP/1.1" 200 222 "-" "Apache-HttpClient/4.5.2 (Java/1.8.0_161)"
182.43.184.15 - - [04/Aug/2026:23:16:59 +0000] "POST /xmlrpc.php HTTP/1.1" 200 222 "-" "Apache-HttpClient/4.5.2 (Java/1.8.0_161)"
182.43.184.15 - - [04/Aug/2026:23:17:32 +0000] "POST /xmlrpc.php HTTP/1.1" 200 222 "-" "Apache-HttpClient/4.5.2 (Java/1.8.0_161)"
170.10.160.123 - - [04/Aug/2026:23:19:02 +0000] "POST /wp-cron.php?doing_wp_cron=1785885542.4415369033813476562500 HTTP/1.1" 200 20 "-" "WordPress/6.9.4; https://www.sescorp.cl"
20.104.16.169 - - [04/Aug/2026:23:19:53 +0000] "GET /403.shtml HTTP/1.1" 403 1242 "-" "-"
20.104.16.169 - - [04/Aug/2026:23:19:53 +0000] "GET /403.shtml HTTP/1.1" 403 1242 "-" "-"
20.104.16.169 - - [04/Aug/2026:23:19:53 +0000] "GET /403.shtml HTTP/1.1" 403 1242 "-" "-"
20.104.16.169 - - [04/Aug/2026:23:19:53 +0000] "GET /403.shtml HTTP/1.1" 403 1242 "-" "-"
20.104.16.169 - - [04/Aug/2026:23:19:53 +0000] "GET /403.shtml HTTP/1.1" 403 1242 "-" "-"
20.104.16.169 - - [04/Aug/2026:23:19:53 +0000] "GET /403.shtml HTTP/1.1" 403 1242 "-" "-"
20.104.16.169 - - [04/Aug/2026:23:19:54 +0000] "GET /403.shtml HTTP/1.1" 403 1242 "-" "-"
20.104.16.169 - - [04/Aug/2026:23:19:54 +0000] "GET /403.shtml HTTP/1.1" 403 1242 "-" "-"
20.104.16.169 - - [04/Aug/2026:23:19:54 +0000] "GET /403.shtml HTTP/1.1" 403 1242 "-" "-"
20.104.16.169 - - [04/Aug/2026:23:19:54 +0000] "GET /403.shtml HTTP/1.1" 403 1242 "-" "-"
20.104.16.169 - - [04/Aug/2026:23:19:54 +0000] "GET /403.shtml HTTP/1.1" 403 1242 "-" "-"
20.104.16.169 - - [04/Aug/2026:23:19:55 +0000] "GET /403.shtml HTTP/1.1" 403 1242 "-" "-"
20.104.16.169 - - [04/Aug/2026:23:19:55 +0000] "GET /403.shtml HTTP/1.1" 403 1242 "-" "-"
20.104.16.169 - - [04/Aug/2026:23:19:55 +0000] "GET /403.shtml HTTP/1.1" 403 1242 "-" "-"
20.104.16.169 - - [04/Aug/2026:23:19:55 +0000] "GET /403.shtml HTTP/1.1" 403 1242 "-" "-"
20.104.16.169 - - [04/Aug/2026:23:19:55 +0000] "GET /403.shtml HTTP/1.1" 403 1242 "-" "-"
20.104.16.169 - - [04/Aug/2026:23:19:56 +0000] "GET /403.shtml HTTP/1.1" 403 1242 "-" "-"
20.104.16.169 - - [04/Aug/2026:23:19:56 +0000] "GET /403.shtml HTTP/1.1" 403 1242 "-" "-"
20.104.16.169 - - [04/Aug/2026:23:19:57 +0000] "GET /403.shtml HTTP/1.1" 403 1242 "-" "-"
20.104.16.169 - - [04/Aug/2026:23:19:57 +0000] "GET /403.shtml HTTP/1.1" 403 1242 "-" "-"
182.43.184.15 - - [04/Aug/2026:23:23:17 +0000] "POST /xmlrpc.php HTTP/1.1" 200 222 "-" "Apache-HttpClient/4.5.2 (Java/1.8.0_161)"
182.43.184.15 - - [04/Aug/2026:23:24:00 +0000] "POST /xmlrpc.php HTTP/1.1" 200 222 "-" "Apache-HttpClient/4.5.2 (Java/1.8.0_161)"
170.10.160.123 - - [04/Aug/2026:23:24:35 +0000] "POST /wp-cron.php?doing_wp_cron=1785885875.5729360580444335937500 HTTP/1.1" 200 20 "-" "WordPress/6.9.4; https://www.sescorp.cl"
182.43.184.15 - - [04/Aug/2026:23:25:56 +0000] "POST /xmlrpc.php HTTP/1.1" 200 222 "-" "Apache-HttpClient/4.5.2 (Java/1.8.0_161)"
182.43.184.15 - - [04/Aug/2026:23:27:12 +0000] "POST /xmlrpc.php HTTP/1.1" 200 222 "-" "Apache-HttpClient/4.5.2 (Java/1.8.0_161)"
91.84.97.111 - - [04/Aug/2026:23:27:31 +0000] "GET /wp-login.php HTTP/2" 200 3100 "-" "Mozilla/5.0 (Windows NT 10.0; Win64; x64) AppleWebKit/537.36 (KHTML, like Gecko) Chrome/150.0.0.0 Safari/537.36"
91.84.97.111 - - [04/Aug/2026:23:27:32 +0000] "GET /wp-includes/css/dashicons.min.css?ver=6.9.4 HTTP/2" 200 35101 "https://sescorp.cl/" "Mozilla/5.0 (Windows NT 10.0; Win64; x64) AppleWebKit/537.36 (KHTML, like Gecko) Chrome/150.0.0.0 Safari/537.36"
91.84.97.111 - - [04/Aug/2026:23:27:32 +0000] "GET /wp-includes/css/buttons.min.css?ver=6.9.4 HTTP/2" 200 1275 "https://sescorp.cl/" "Mozilla/5.0 (Windows NT 10.0; Win64; x64) AppleWebKit/537.36 (KHTML, like Gecko) Chrome/150.0.0.0 Safari/537.36"
91.84.97.111 - - [04/Aug/2026:23:27:32 +0000] "GET /wp-admin/css/forms.min.css?ver=6.9.4 HTTP/2" 200 6327 "https://sescorp.cl/" "Mozilla/5.0 (Windows NT 10.0; Win64; x64) AppleWebKit/537.36 (KHTML, like Gecko) Chrome/150.0.0.0 Safari/537.36"
91.84.97.111 - - [04/Aug/2026:23:27:32 +0000] "GET /wp-admin/css/l10n.min.css?ver=6.9.4 HTTP/2" 200 675 "https://sescorp.cl/" "Mozilla/5.0 (Windows NT 10.0; Win64; x64) AppleWebKit/537.36 (KHTML, like Gecko) Chrome/150.0.0.0 Safari/537.36"
91.84.97.111 - - [04/Aug/2026:23:27:32 +0000] "GET /wp-admin/css/login.min.css?ver=6.9.4 HTTP/2" 200 1965 "https://sescorp.cl/" "Mozilla/5.0 (Windows NT 10.0; Win64; x64) AppleWebKit/537.36 (KHTML, like Gecko) Chrome/150.0.0.0 Safari/537.36"
91.84.97.111 - - [04/Aug/2026:23:27:32 +0000] "GET /wp-includes/js/clipboard.min.js?ver=2.0.11 HTTP/2" 200 2989 "https://sescorp.cl/" "Mozilla/5.0 (Windows NT 10.0; Win64; x64) AppleWebKit/537.36 (KHTML, like Gecko) Chrome/150.0.0.0 Safari/537.36"
91.84.97.111 - - [04/Aug/2026:23:27:32 +0000] "GET /wp-includes/js/jquery/jquery.min.js?ver=3.7.1 HTTP/2" 200 29744 "https://sescorp.cl/" "Mozilla/5.0 (Windows NT 10.0; Win64; x64) AppleWebKit/537.36 (KHTML, like Gecko) Chrome/150.0.0.0 Safari/537.36"
91.84.97.111 - - [04/Aug/2026:23:27:32 +0000] "GET /wp-includes/js/jquery/jquery-migrate.min.js?ver=3.4.1 HTTP/2" 200 4678 "https://sescorp.cl/" "Mozilla/5.0 (Windows NT 10.0; Win64; x64) AppleWebKit/537.36 (KHTML, like Gecko) Chrome/150.0.0.0 Safari/537.36"
91.84.97.111 - - [04/Aug/2026:23:27:32 +0000] "GET /wp-includes/js/zxcvbn-async.min.js?ver=1.0 HTTP/2" 200 187 "https://sescorp.cl/" "Mozilla/5.0 (Windows NT 10.0; Win64; x64) AppleWebKit/537.36 (KHTML, like Gecko) Chrome/150.0.0.0 Safari/537.36"
91.84.97.111 - - [04/Aug/2026:23:27:32 +0000] "GET /wp-includes/js/dist/hooks.min.js?ver=dd5603f07f9220ed27f1 HTTP/2" 200 1852 "https://sescorp.cl/" "Mozilla/5.0 (Windows NT 10.0; Win64; x64) AppleWebKit/537.36 (KHTML, like Gecko) Chrome/150.0.0.0 Safari/537.36"
91.84.97.111 - - [04/Aug/2026:23:27:32 +0000] "GET /wp-includes/js/dist/i18n.min.js?ver=c26c3dc7bed366793375 HTTP/2" 200 2119 "https://sescorp.cl/" "Mozilla/5.0 (Windows NT 10.0; Win64; x64) AppleWebKit/537.36 (KHTML, like Gecko) Chrome/150.0.0.0 Safari/537.36"
91.84.97.111 - - [04/Aug/2026:23:27:32 +0000] "GET /wp-admin/js/password-strength-meter.min.js?ver=6.9.4 HTTP/2" 200 558 "https://sescorp.cl/" "Mozilla/5.0 (Windows NT 10.0; Win64; x64) AppleWebKit/537.36 (KHTML, like Gecko) Chrome/150.0.0.0 Safari/537.36"
91.84.97.111 - - [04/Aug/2026:23:27:32 +0000] "GET /wp-includes/js/underscore.min.js?ver=1.13.7 HTTP/2" 200 7185 "https://sescorp.cl/" "Mozilla/5.0 (Windows NT 10.0; Win64; x64) AppleWebKit/537.36 (KHTML, like Gecko) Chrome/150.0.0.0 Safari/537.36"
91.84.97.111 - - [04/Aug/2026:23:27:32 +0000] "GET /wp-includes/js/wp-util.min.js?ver=6.9.4 HTTP/2" 200 693 "https://sescorp.cl/" "Mozilla/5.0 (Windows NT 10.0; Win64; x64) AppleWebKit/537.36 (KHTML, like Gecko) Chrome/150.0.0.0 Safari/537.36"
91.84.97.111 - - [04/Aug/2026:23:27:32 +0000] "GET /wp-includes/js/dist/dom-ready.min.js?ver=f77871ff7694fffea381 HTTP/2" 200 275 "https://sescorp.cl/" "Mozilla/5.0 (Windows NT 10.0; Win64; x64) AppleWebKit/537.36 (KHTML, like Gecko) Chrome/150.0.0.0 Safari/537.36"
91.84.97.111 - - [04/Aug/2026:23:27:33 +0000] "GET /wp-includes/js/dist/a11y.min.js?ver=cb460b4676c94bd228ed HTTP/2" 200 794 "https://sescorp.cl/" "Mozilla/5.0 (Windows NT 10.0; Win64; x64) AppleWebKit/537.36 (KHTML, like Gecko) Chrome/150.0.0.0 Safari/537.36"
91.84.97.111 - - [04/Aug/2026:23:27:33 +0000] "GET /wp-admin/js/user-profile.min.js?ver=6.9.4 HTTP/2" 200 2889 "https://sescorp.cl/" "Mozilla/5.0 (Windows NT 10.0; Win64; x64) AppleWebKit/537.36 (KHTML, like Gecko) Chrome/150.0.0.0 Safari/537.36"
91.84.97.111 - - [04/Aug/2026:23:27:33 +0000] "GET /wp-admin/images/wordpress-logo.svg?ver=20131107 HTTP/2" 200 759 "https://www.sescorp.cl/wp-admin/css/login.min.css?ver=6.9.4" "Mozilla/5.0 (Windows NT 10.0; Win64; x64) AppleWebKit/537.36 (KHTML, like Gecko) Chrome/150.0.0.0 Safari/537.36"
170.10.160.123 - - [04/Aug/2026:23:13:32 +0000] "POST /wp-cron.php?doing_wp_cron=1785885212.5291600227355957031250 HTTP/1.1" 200 20 "-" "WordPress/6.9.4; https://www.sescorp.cl"
182.43.184.15 - - [04/Aug/2026:23:13:31 +0000] "POST /xmlrpc.php HTTP/1.1" 200 222 "-" "Apache-HttpClient/4.5.2 (Java/1.8.0_161)"
170.10.160.123 - - [04/Aug/2026:23:14:52 +0000] "POST /wp-cron.php?doing_wp_cron=1785885292.5893759727478027343750 HTTP/1.1" 200 20 "-" "WordPress/6.9.4; https://www.sescorp.cl"
182.43.184.15 - - [04/Aug/2026:23:14:51 +0000] "POST /xmlrpc.php HTTP/1.1" 200 222 "-" "Apache-HttpClient/4.5.2 (Java/1.8.0_161)"
182.43.184.15 - - [04/Aug/2026:23:18:27 +0000] "POST /xmlrpc.php HTTP/1.1" 200 222 "-" "Apache-HttpClient/4.5.2 (Java/1.8.0_161)"
170.10.160.123 - - [04/Aug/2026:23:19:50 +0000] "POST /wp-cron.php?doing_wp_cron=1785885590.6501970291137695312500 HTTP/1.1" 200 20 "-" "WordPress/6.9.4; https://www.sescorp.cl"
182.43.184.15 - - [04/Aug/2026:23:20:26 +0000] "POST /xmlrpc.php HTTP/1.1" 200 222 "-" "Apache-HttpClient/4.5.2 (Java/1.8.0_161)"
182.43.184.15 - - [04/Aug/2026:23:20:27 +0000] "POST /xmlrpc.php HTTP/1.1" 200 222 "-" "Apache-HttpClient/4.5.2 (Java/1.8.0_161)"
182.43.184.15 - - [04/Aug/2026:23:21:17 +0000] "POST /xmlrpc.php HTTP/1.1" 200 222 "-" "Apache-HttpClient/4.5.2 (Java/1.8.0_161)"
182.43.184.15 - - [04/Aug/2026:23:21:18 +0000] "POST /xmlrpc.php HTTP/1.1" 200 222 "-" "Apache-HttpClient/4.5.2 (Java/1.8.0_161)"
103.124.95.115 - - [04/Aug/2026:23:22:05 +0000] "GET /wp-login.php HTTP/2" 200 3100 "-" "Mozilla/5.0 (Windows NT 10.0; Win64; x64) AppleWebKit/537.36 (KHTML, like Gecko) Chrome/150.0.0.0 Safari/537.36"
141.98.11.42 - - [04/Aug/2026:23:22:49 +0000] "POST /?rest_route=/batch/v1 HTTP/1.1" 403 1242 "-" "wp2shell"
170.10.160.123 - - [04/Aug/2026:23:24:01 +0000] "POST /wp-cron.php?doing_wp_cron=1785885841.5560519695281982421875 HTTP/1.1" 200 20 "-" "WordPress/6.9.4; https://www.sescorp.cl"
182.43.184.15 - - [04/Aug/2026:23:24:34 +0000] "POST /xmlrpc.php HTTP/1.1" 200 222 "-" "Apache-HttpClient/4.5.2 (Java/1.8.0_161)"
170.10.160.123 - - [04/Aug/2026:23:26:38 +0000] "POST /wp-cron.php?doing_wp_cron=1785885998.1712779998779296875000 HTTP/1.1" 200 20 "-" "WordPress/6.9.4; https://www.sescorp.cl"
182.43.184.15 - - [04/Aug/2026:23:26:37 +0000] "POST /xmlrpc.php HTTP/1.1" 200 222 "-" "Apache-HttpClient/4.5.2 (Java/1.8.0_161)"
182.43.184.15 - - [04/Aug/2026:23:27:56 +0000] "POST /xmlrpc.php HTTP/1.1" 200 222 "-" "Apache-HttpClient/4.5.2 (Java/1.8.0_161)"
182.43.184.15 - - [04/Aug/2026:23:29:19 +0000] "POST /xmlrpc.php HTTP/1.1" 200 222 "-" "Apache-HttpClient/4.5.2 (Java/1.8.0_161)"
182.43.184.15 - - [04/Aug/2026:23:29:56 +0000] "POST /xmlrpc.php HTTP/1.1" 200 222 "-" "Apache-HttpClient/4.5.2 (Java/1.8.0_161)"
170.10.160.123 - - [04/Aug/2026:23:30:03 +0000] "GET /wp-cron.php HTTP/1.1" 200 0 "-" "Wget/1.19.5 (linux-gnu)"
182.43.184.15 - - [04/Aug/2026:23:30:34 +0000] "POST /xmlrpc.php HTTP/1.1" 200 222 "-" "Apache-HttpClient/4.5.2 (Java/1.8.0_161)"
170.10.160.123 - - [04/Aug/2026:23:31:55 +0000] "POST /wp-cron.php?doing_wp_cron=1785886315.4564180374145507812500 HTTP/1.1" 200 20 "-" "WordPress/6.9.4; https://www.sescorp.cl"
182.43.184.15 - - [04/Aug/2026:23:31:54 +0000] "POST /xmlrpc.php HTTP/1.1" 200 222 "-" "Apache-HttpClient/4.5.2 (Java/1.8.0_161)"
182.43.184.15 - - [04/Aug/2026:23:34:04 +0000] "POST /xmlrpc.php HTTP/1.1" 200 222 "-" "Apache-HttpClient/4.5.2 (Java/1.8.0_161)"
170.10.160.123 - - [04/Aug/2026:23:34:40 +0000] "POST /wp-cron.php?doing_wp_cron=1785886480.7951090335845947265625 HTTP/1.1" 200 20 "-" "WordPress/6.9.4; https://www.sescorp.cl"
182.43.184.15 - - [04/Aug/2026:23:35:18 +0000] "POST /xmlrpc.php HTTP/1.1" 200 222 "-" "Apache-HttpClient/4.5.2 (Java/1.8.0_161)"
170.10.160.123 - - [04/Aug/2026:23:36:31 +0000] "POST /wp-cron.php?doing_wp_cron=1785886591.6442899703979492187500 HTTP/1.1" 200 20 "-" "WordPress/6.9.4; https://www.sescorp.cl"
182.43.184.15 - - [04/Aug/2026:23:37:46 +0000] "POST /xmlrpc.php HTTP/1.1" 200 222 "-" "Apache-HttpClient/4.5.2 (Java/1.8.0_161)"
91.84.97.111 - - [04/Aug/2026:23:27:33 +0000] "GET /wp-content/uploads/2017/09/cropped-ICONO-NAVEGADOR-1-32x32.png HTTP/2" 200 1330 "https://sescorp.cl/" "Mozilla/5.0 (Windows NT 10.0; Win64; x64) AppleWebKit/537.36 (KHTML, like Gecko) Chrome/150.0.0.0 Safari/537.36"
91.84.97.111 - - [04/Aug/2026:23:27:33 +0000] "GET /wp-includes/js/zxcvbn.min.js HTTP/2" 200 389493 "https://sescorp.cl/" "Mozilla/5.0 (Windows NT 10.0; Win64; x64) AppleWebKit/537.36 (KHTML, like Gecko) Chrome/150.0.0.0 Safari/537.36"
182.43.184.15 - - [04/Aug/2026:23:28:38 +0000] "POST /xmlrpc.php HTTP/1.1" 200 222 "-" "Apache-HttpClient/4.5.2 (Java/1.8.0_161)"
170.10.160.123 - - [04/Aug/2026:23:29:56 +0000] "POST /wp-cron.php?doing_wp_cron=1785886196.7873470783233642578125 HTTP/1.1" 200 20 "-" "WordPress/6.9.4; https://www.sescorp.cl"
170.10.160.123 - - [04/Aug/2026:23:30:35 +0000] "POST /wp-cron.php?doing_wp_cron=1785886235.1380410194396972656250 HTTP/1.1" 200 20 "-" "WordPress/6.9.4; https://www.sescorp.cl"
182.43.184.15 - - [04/Aug/2026:23:31:17 +0000] "POST /xmlrpc.php HTTP/1.1" 200 222 "-" "Apache-HttpClient/4.5.2 (Java/1.8.0_161)"
91.84.97.111 - - [04/Aug/2026:23:32:06 +0000] "POST /wp-login.php HTTP/2" 200 3261 "https://sescorp.cl/" "Mozilla/5.0 (Windows NT 10.0; Win64; x64) AppleWebKit/537.36 (KHTML, like Gecko) Chrome/150.0.0.0 Safari/537.36"
170.10.160.123 - - [04/Aug/2026:23:32:37 +0000] "POST /wp-cron.php?doing_wp_cron=1785886357.5752770900726318359375 HTTP/1.1" 200 20 "-" "WordPress/6.9.4; https://www.sescorp.cl"
182.43.184.15 - - [04/Aug/2026:23:33:15 +0000] "POST /xmlrpc.php HTTP/1.1" 200 222 "-" "Apache-HttpClient/4.5.2 (Java/1.8.0_161)"
170.10.160.123 - - [04/Aug/2026:23:34:05 +0000] "POST /wp-cron.php?doing_wp_cron=1785886445.1900279521942138671875 HTTP/1.1" 200 20 "-" "WordPress/6.9.4; https://www.sescorp.cl"
170.10.160.123 - - [04/Aug/2026:23:35:54 +0000] "POST /wp-cron.php?doing_wp_cron=1785886554.0976350307464599609375 HTTP/1.1" 200 20 "-" "WordPress/6.9.4; https://www.sescorp.cl"
216.73.217.46 - - [04/Aug/2026:23:36:30 +0000] "GET /robots.txt HTTP/2" 200 125 "-" "Mozilla/5.0 AppleWebKit/537.36 (KHTML, like Gecko; compatible; ClaudeBot/1.0; +claudebot@anthropic.com)"
216.73.217.46 - - [04/Aug/2026:23:36:31 +0000] "GET /sitemap_index.xml HTTP/2" 200 283 "-" "Mozilla/5.0 AppleWebKit/537.36 (KHTML, like Gecko; compatible; ClaudeBot/1.0; +claudebot@anthropic.com)"
182.43.184.15 - - [04/Aug/2026:23:36:32 +0000] "POST /xmlrpc.php HTTP/1.1" 200 222 "-" "Apache-HttpClient/4.5.2 (Java/1.8.0_161)"
182.43.184.15 - - [04/Aug/2026:23:37:05 +0000] "POST /xmlrpc.php HTTP/1.1" 200 222 "-" "Apache-HttpClient/4.5.2 (Java/1.8.0_161)"
170.10.160.123 - - [04/Aug/2026:23:37:46 +0000] "POST /wp-cron.php?doing_wp_cron=1785886666.9415240287780761718750 HTTP/1.1" 200 20 "-" "WordPress/6.9.4; https://www.sescorp.cl"
182.43.184.15 - - [04/Aug/2026:23:38:20 +0000] "POST /xmlrpc.php HTTP/1.1" 200 222 "-" "Apache-HttpClient/4.5.2 (Java/1.8.0_161)"
170.10.160.123 - - [04/Aug/2026:23:39:39 +0000] "POST /wp-cron.php?doing_wp_cron=1785886779.4034130573272705078125 HTTP/1.1" 200 20 "-" "WordPress/6.9.4; https://www.sescorp.cl"
45.148.10.75 - - [04/Aug/2026:23:39:40 +0000] "GET / HTTP/1.1" 200 141214 "-" "Python-urllib/3.12"
45.148.10.75 - - [04/Aug/2026:23:39:42 +0000] "POST /?rest_route=/batch/v1 HTTP/1.1" 207 11644 "-" "Mozilla/5.0 (Windows NT 10.0; Win64; x64) AppleWebKit/537.36 (KHTML, like Gecko) Chrome/126.0.0.0 Safari/537.36"
45.148.10.75 - - [04/Aug/2026:23:39:49 +0000] "POST /?rest_route=/batch/v1 HTTP/1.1" 207 11584 "-" "Mozilla/5.0 (Windows NT 10.0; Win64; x64) AppleWebKit/537.36 (KHTML, like Gecko) Chrome/126.0.0.0 Safari/537.36"
45.148.10.75 - - [04/Aug/2026:23:39:50 +0000] "POST /?rest_route=/batch/v1 HTTP/1.1" 207 11584 "-" "Mozilla/5.0 (Windows NT 10.0; Win64; x64) AppleWebKit/537.36 (KHTML, like Gecko) Chrome/126.0.0.0 Safari/537.36"
45.148.10.75 - - [04/Aug/2026:23:39:54 +0000] "POST /?rest_route=/batch/v1 HTTP/1.1" 207 11584 "-" "Mozilla/5.0 (Windows NT 10.0; Win64; x64) AppleWebKit/537.36 (KHTML, like Gecko) Chrome/126.0.0.0 Safari/537.36"
170.10.160.123 - - [04/Aug/2026:23:15:03 +0000] "GET /wp-cron.php HTTP/1.1" 200 0 "-" "Wget/1.19.5 (linux-gnu)"
182.43.184.15 - - [04/Aug/2026:23:16:10 +0000] "POST /xmlrpc.php HTTP/1.1" 200 222 "-" "Apache-HttpClient/4.5.2 (Java/1.8.0_161)"
170.10.160.123 - - [04/Aug/2026:23:17:00 +0000] "POST /wp-cron.php?doing_wp_cron=1785885420.0487139225006103515625 HTTP/1.1" 200 20 "-" "WordPress/6.9.4; https://www.sescorp.cl"
170.10.160.123 - - [04/Aug/2026:23:17:33 +0000] "POST /wp-cron.php?doing_wp_cron=1785885453.2158679962158203125000 HTTP/1.1" 200 20 "-" "WordPress/6.9.4; https://www.sescorp.cl"
182.43.184.15 - - [04/Aug/2026:23:19:01 +0000] "POST /xmlrpc.php HTTP/1.1" 200 222 "-" "Apache-HttpClient/4.5.2 (Java/1.8.0_161)"
182.43.184.15 - - [04/Aug/2026:23:19:50 +0000] "POST /xmlrpc.php HTTP/1.1" 200 222 "-" "Apache-HttpClient/4.5.2 (Java/1.8.0_161)"
170.10.160.123 - - [04/Aug/2026:23:21:18 +0000] "POST /wp-cron.php?doing_wp_cron=1785885678.0319669246673583984375 HTTP/1.1" 200 20 "-" "WordPress/6.9.4; https://www.sescorp.cl"
170.10.160.123 - - [04/Aug/2026:23:21:52 +0000] "POST /wp-cron.php?doing_wp_cron=1785885712.9640979766845703125000 HTTP/1.1" 200 20 "-" "WordPress/6.9.4; https://www.sescorp.cl"
182.43.184.15 - - [04/Aug/2026:23:21:52 +0000] "POST /xmlrpc.php HTTP/1.1" 200 222 "-" "Apache-HttpClient/4.5.2 (Java/1.8.0_161)"
103.124.95.115 - - [04/Aug/2026:23:22:17 +0000] "POST /wp-login.php HTTP/2" 200 3268 "https://sescorp.cl/wp-login.php" "Mozilla/5.0 (Windows NT 10.0; Win64; x64) AppleWebKit/537.36 (KHTML, like Gecko) Chrome/150.0.0.0 Safari/537.36"
182.43.184.15 - - [04/Aug/2026:23:22:38 +0000] "POST /xmlrpc.php HTTP/1.1" 200 222 "-" "Apache-HttpClient/4.5.2 (Java/1.8.0_161)"
182.43.184.15 - - [04/Aug/2026:23:25:15 +0000] "POST /xmlrpc.php HTTP/1.1" 200 222 "-" "Apache-HttpClient/4.5.2 (Java/1.8.0_161)"
170.10.160.123 - - [04/Aug/2026:23:27:32 +0000] "POST /wp-cron.php?doing_wp_cron=1785886052.0930960178375244140625 HTTP/1.1" 200 20 "-" "WordPress/6.9.4; https://www.sescorp.cl"
170.10.160.123 - - [04/Aug/2026:23:28:39 +0000] "POST /wp-cron.php?doing_wp_cron=1785886119.3639390468597412109375 HTTP/1.1" 200 20 "-" "WordPress/6.9.4; https://www.sescorp.cl"
182.43.184.15 - - [04/Aug/2026:23:32:36 +0000] "POST /xmlrpc.php HTTP/1.1" 200 222 "-" "Apache-HttpClient/4.5.2 (Java/1.8.0_161)"
182.43.184.15 - - [04/Aug/2026:23:34:39 +0000] "POST /xmlrpc.php HTTP/1.1" 200 222 "-" "Apache-HttpClient/4.5.2 (Java/1.8.0_161)"
182.43.184.15 - - [04/Aug/2026:23:35:53 +0000] "POST /xmlrpc.php HTTP/1.1" 200 222 "-" "Apache-HttpClient/4.5.2 (Java/1.8.0_161)"
182.43.184.15 - - [04/Aug/2026:23:39:38 +0000] "POST /xmlrpc.php HTTP/1.1" 200 222 "-" "Apache-HttpClient/4.5.2 (Java/1.8.0_161)"
45.148.10.75 - - [04/Aug/2026:23:39:47 +0000] "POST /?rest_route=/batch/v1 HTTP/1.1" 207 11584 "-" "Mozilla/5.0 (Windows NT 10.0; Win64; x64) AppleWebKit/537.36 (KHTML, like Gecko) Chrome/126.0.0.0 Safari/537.36"
45.148.10.75 - - [04/Aug/2026:23:39:52 +0000] "POST /?rest_route=/batch/v1 HTTP/1.1" 207 11584 "-" "Mozilla/5.0 (Windows NT 10.0; Win64; x64) AppleWebKit/537.36 (KHTML, like Gecko) Chrome/126.0.0.0 Safari/537.36"
45.148.10.75 - - [04/Aug/2026:23:39:56 +0000] "POST /index.php?rest_route=/batch/v1 HTTP/1.1" 403 1242 "-" "Mozilla/5.0 (X11; Linux x86_64) AppleWebKit/537.36 (KHTML, like Gecko) Chrome/131.0.0.0 Safari/537.36"
45.148.10.75 - - [04/Aug/2026:23:39:58 +0000] "POST /index.php?rest_route=/batch/v1 HTTP/1.1" 403 1242 "-" "Mozilla/5.0 (X11; Linux x86_64) AppleWebKit/537.36 (KHTML, like Gecko) Chrome/131.0.0.0 Safari/537.36"
45.148.10.75 - - [04/Aug/2026:23:39:58 +0000] "POST /index.php?rest_route=/batch/v1 HTTP/1.1" 403 1242 "-" "Mozilla/5.0 (X11; Linux x86_64) AppleWebKit/537.36 (KHTML, like Gecko) Chrome/131.0.0.0 Safari/537.36"
45.148.10.75 - - [04/Aug/2026:23:39:59 +0000] "POST /index.php?rest_route=/batch/v1 HTTP/1.1" 403 1242 "-" "Mozilla/5.0 (X11; Linux x86_64) AppleWebKit/537.36 (KHTML, like Gecko) Chrome/131.0.0.0 Safari/537.36"
170.10.160.123 - - [04/Aug/2026:23:39:14 +0000] "POST /wp-cron.php?doing_wp_cron=1785886754.9535090923309326171875 HTTP/1.1" 200 20 "-" "WordPress/6.9.4; https://www.sescorp.cl"
182.43.184.15 - - [04/Aug/2026:23:39:14 +0000] "POST /xmlrpc.php HTTP/1.1" 200 222 "-" "Apache-HttpClient/4.5.2 (Java/1.8.0_161)"
45.148.10.75 - - [04/Aug/2026:23:39:43 +0000] "POST /?rest_route=/batch/v1 HTTP/1.1" 207 11660 "-" "Mozilla/5.0 (Windows NT 10.0; Win64; x64) AppleWebKit/537.36 (KHTML, like Gecko) Chrome/126.0.0.0 Safari/537.36"
45.148.10.75 - - [04/Aug/2026:23:39:45 +0000] "POST /?rest_route=/batch/v1 HTTP/1.1" 207 14227 "-" "Mozilla/5.0 (Windows NT 10.0; Win64; x64) AppleWebKit/537.36 (KHTML, like Gecko) Chrome/126.0.0.0 Safari/537.36"
45.148.10.75 - - [04/Aug/2026:23:39:46 +0000] "POST /?rest_route=/batch/v1 HTTP/1.1" 207 11584 "-" "Mozilla/5.0 (Windows NT 10.0; Win64; x64) AppleWebKit/537.36 (KHTML, like Gecko) Chrome/126.0.0.0 Safari/537.36"
45.148.10.75 - - [04/Aug/2026:23:39:51 +0000] "POST /?rest_route=/batch/v1 HTTP/1.1" 207 11584 "-" "Mozilla/5.0 (Windows NT 10.0; Win64; x64) AppleWebKit/537.36 (KHTML, like Gecko) Chrome/126.0.0.0 Safari/537.36"
45.148.10.75 - - [04/Aug/2026:23:39:55 +0000] "POST /index.php?rest_route=/batch/v1 HTTP/1.1" 403 1242 "-" "Mozilla/5.0 (X11; Linux x86_64) AppleWebKit/537.36 (KHTML, like Gecko) Chrome/131.0.0.0 Safari/537.36"
45.148.10.75 - - [04/Aug/2026:23:39:55 +0000] "POST /index.php?rest_route=/batch/v1 HTTP/1.1" 403 1242 "-" "Mozilla/5.0 (X11; Linux x86_64) AppleWebKit/537.36 (KHTML, like Gecko) Chrome/131.0.0.0 Safari/537.36"
45.148.10.75 - - [04/Aug/2026:23:39:56 +0000] "POST /index.php?rest_route=/batch/v1 HTTP/1.1" 403 1242 "-" "Mozilla/5.0 (X11; Linux x86_64) AppleWebKit/537.36 (KHTML, like Gecko) Chrome/131.0.0.0 Safari/537.36"
45.148.10.75 - - [04/Aug/2026:23:39:57 +0000] "POST /index.php?rest_route=/batch/v1 HTTP/1.1" 403 1242 "-" "Mozilla/5.0 (X11; Linux x86_64) AppleWebKit/537.36 (KHTML, like Gecko) Chrome/131.0.0.0 Safari/537.36"
45.148.10.75 - - [04/Aug/2026:23:39:59 +0000] "POST /index.php?rest_route=/batch/v1 HTTP/1.1" 403 1242 "-" "Mozilla/5.0 (X11; Linux x86_64) AppleWebKit/537.36 (KHTML, like Gecko) Chrome/131.0.0.0 Safari/537.36"
45.148.10.75 - - [04/Aug/2026:23:40:01 +0000] "POST /index.php?rest_route=/batch/v1 HTTP/1.1" 403 1242 "-" "Mozilla/5.0 (X11; Linux x86_64) AppleWebKit/537.36 (KHTML, like Gecko) Chrome/131.0.0.0 Safari/537.36"
45.148.10.75 - - [04/Aug/2026:23:40:02 +0000] "POST /index.php?rest_route=/batch/v1 HTTP/1.1" 403 1242 "-" "Mozilla/5.0 (X11; Linux x86_64) AppleWebKit/537.36 (KHTML, like Gecko) Chrome/131.0.0.0 Safari/537.36"
45.148.10.75 - - [04/Aug/2026:23:40:02 +0000] "POST /index.php?rest_route=/batch/v1 HTTP/1.1" 403 1242 "-" "Mozilla/5.0 (X11; Linux x86_64) AppleWebKit/537.36 (KHTML, like Gecko) Chrome/131.0.0.0 Safari/537.36"
45.148.10.75 - - [04/Aug/2026:23:40:02 +0000] "POST /index.php?rest_route=/batch/v1 HTTP/1.1" 403 1242 "-" "Mozilla/5.0 (X11; Linux x86_64) AppleWebKit/537.36 (KHTML, like Gecko) Chrome/131.0.0.0 Safari/537.36"
45.148.10.75 - - [04/Aug/2026:23:40:05 +0000] "POST /index.php?rest_route=/batch/v1 HTTP/1.1" 403 1242 "-" "Mozilla/5.0 (X11; Linux x86_64) AppleWebKit/537.36 (KHTML, like Gecko) Chrome/131.0.0.0 Safari/537.36"
45.148.10.75 - - [04/Aug/2026:23:40:07 +0000] "POST /index.php HTTP/1.1" 403 1242 "-" "Mozilla/5.0 (X11; Linux x86_64) AppleWebKit/537.36 (KHTML, like Gecko) Chrome/131.0.0.0 Safari/537.36"
45.148.10.75 - - [04/Aug/2026:23:40:07 +0000] "POST /index.php HTTP/1.1" 403 1242 "-" "Mozilla/5.0 (X11; Linux x86_64) AppleWebKit/537.36 (KHTML, like Gecko) Chrome/131.0.0.0 Safari/537.36"
45.148.10.75 - - [04/Aug/2026:23:40:08 +0000] "POST /index.php HTTP/1.1" 403 1242 "-" "Mozilla/5.0 (X11; Linux x86_64) AppleWebKit/537.36 (KHTML, like Gecko) Chrome/131.0.0.0 Safari/537.36"
45.148.10.75 - - [04/Aug/2026:23:40:08 +0000] "POST /index.php HTTP/1.1" 403 1242 "-" "Mozilla/5.0 (X11; Linux x86_64) AppleWebKit/537.36 (KHTML, like Gecko) Chrome/131.0.0.0 Safari/537.36"
45.148.10.75 - - [04/Aug/2026:23:40:00 +0000] "POST /index.php?rest_route=/batch/v1 HTTP/1.1" 403 1242 "-" "Mozilla/5.0 (X11; Linux x86_64) AppleWebKit/537.36 (KHTML, like Gecko) Chrome/131.0.0.0 Safari/537.36"
45.148.10.75 - - [04/Aug/2026:23:40:00 +0000] "POST /index.php?rest_route=/batch/v1 HTTP/1.1" 403 1242 "-" "Mozilla/5.0 (X11; Linux x86_64) AppleWebKit/537.36 (KHTML, like Gecko) Chrome/131.0.0.0 Safari/537.36"
45.148.10.75 - - [04/Aug/2026:23:40:00 +0000] "POST /index.php?rest_route=/batch/v1 HTTP/1.1" 403 1242 "-" "Mozilla/5.0 (X11; Linux x86_64) AppleWebKit/537.36 (KHTML, like Gecko) Chrome/131.0.0.0 Safari/537.36"
45.148.10.75 - - [04/Aug/2026:23:40:01 +0000] "POST /index.php?rest_route=/batch/v1 HTTP/1.1" 403 1242 "-" "Mozilla/5.0 (X11; Linux x86_64) AppleWebKit/537.36 (KHTML, like Gecko) Chrome/131.0.0.0 Safari/537.36"
45.148.10.75 - - [04/Aug/2026:23:40:01 +0000] "POST /index.php?rest_route=/batch/v1 HTTP/1.1" 403 1242 "-" "Mozilla/5.0 (X11; Linux x86_64) AppleWebKit/537.36 (KHTML, like Gecko) Chrome/131.0.0.0 Safari/537.36"
45.148.10.75 - - [04/Aug/2026:23:40:03 +0000] "POST /index.php?rest_route=/batch/v1 HTTP/1.1" 403 1242 "-" "Mozilla/5.0 (X11; Linux x86_64) AppleWebKit/537.36 (KHTML, like Gecko) Chrome/131.0.0.0 Safari/537.36"
45.148.10.75 - - [04/Aug/2026:23:40:04 +0000] "POST /index.php?rest_route=/batch/v1 HTTP/1.1" 403 1242 "-" "Mozilla/5.0 (X11; Linux x86_64) AppleWebKit/537.36 (KHTML, like Gecko) Chrome/131.0.0.0 Safari/537.36"
45.148.10.75 - - [04/Aug/2026:23:40:04 +0000] "POST /index.php?rest_route=/batch/v1 HTTP/1.1" 403 1242 "-" "Mozilla/5.0 (X11; Linux x86_64) AppleWebKit/537.36 (KHTML, like Gecko) Chrome/131.0.0.0 Safari/537.36"
45.148.10.75 - - [04/Aug/2026:23:40:04 +0000] "POST /index.php?rest_route=/batch/v1 HTTP/1.1" 403 1242 "-" "Mozilla/5.0 (X11; Linux x86_64) AppleWebKit/537.36 (KHTML, like Gecko) Chrome/131.0.0.0 Safari/537.36"
45.148.10.75 - - [04/Aug/2026:23:40:05 +0000] "POST /index.php?rest_route=/batch/v1 HTTP/1.1" 403 1242 "-" "Mozilla/5.0 (X11; Linux x86_64) AppleWebKit/537.36 (KHTML, like Gecko) Chrome/131.0.0.0 Safari/537.36"
45.148.10.75 - - [04/Aug/2026:23:40:06 +0000] "POST /index.php HTTP/1.1" 403 1242 "-" "Mozilla/5.0 (X11; Linux x86_64) AppleWebKit/537.36 (KHTML, like Gecko) Chrome/131.0.0.0 Safari/537.36"
45.148.10.75 - - [04/Aug/2026:23:40:06 +0000] "POST /index.php HTTP/1.1" 403 1242 "-" "Mozilla/5.0 (X11; Linux x86_64) AppleWebKit/537.36 (KHTML, like Gecko) Chrome/131.0.0.0 Safari/537.36"
45.148.10.75 - - [04/Aug/2026:23:40:07 +0000] "POST /index.php HTTP/1.1" 403 1242 "-" "Mozilla/5.0 (X11; Linux x86_64) AppleWebKit/537.36 (KHTML, like Gecko) Chrome/131.0.0.0 Safari/537.36"
45.148.10.75 - - [04/Aug/2026:23:40:08 +0000] "POST /index.php HTTP/1.1" 403 1242 "-" "Mozilla/5.0 (X11; Linux x86_64) AppleWebKit/537.36 (KHTML, like Gecko) Chrome/131.0.0.0 Safari/537.36"
45.148.10.75 - - [04/Aug/2026:23:40:09 +0000] "POST /index.php HTTP/1.1" 403 1242 "-" "Mozilla/5.0 (X11; Linux x86_64) AppleWebKit/537.36 (KHTML, like Gecko) Chrome/131.0.0.0 Safari/537.36"
45.148.10.75 - - [04/Aug/2026:23:40:10 +0000] "POST /index.php HTTP/1.1" 403 1242 "-" "Mozilla/5.0 (X11; Linux x86_64) AppleWebKit/537.36 (KHTML, like Gecko) Chrome/131.0.0.0 Safari/537.36"
45.148.10.75 - - [04/Aug/2026:23:40:10 +0000] "POST /index.php HTTP/1.1" 403 1242 "-" "Mozilla/5.0 (X11; Linux x86_64) AppleWebKit/537.36 (KHTML, like Gecko) Chrome/131.0.0.0 Safari/537.36"
45.148.10.75 - - [04/Aug/2026:23:40:11 +0000] "POST /index.php HTTP/1.1" 403 1242 "-" "Mozilla/5.0 (X11; Linux x86_64) AppleWebKit/537.36 (KHTML, like Gecko) Chrome/131.0.0.0 Safari/537.36"
45.148.10.75 - - [04/Aug/2026:23:40:11 +0000] "POST /index.php HTTP/1.1" 403 1242 "-" "Mozilla/5.0 (X11; Linux x86_64) AppleWebKit/537.36 (KHTML, like Gecko) Chrome/131.0.0.0 Safari/537.36"
45.148.10.75 - - [04/Aug/2026:23:40:12 +0000] "POST /index.php HTTP/1.1" 403 1242 "-" "Mozilla/5.0 (X11; Linux x86_64) AppleWebKit/537.36 (KHTML, like Gecko) Chrome/131.0.0.0 Safari/537.36"
45.148.10.75 - - [04/Aug/2026:23:39:56 +0000] "POST /index.php?rest_route=/batch/v1 HTTP/1.1" 403 1242 "-" "Mozilla/5.0 (X11; Linux x86_64) AppleWebKit/537.36 (KHTML, like Gecko) Chrome/131.0.0.0 Safari/537.36"
45.148.10.75 - - [04/Aug/2026:23:39:57 +0000] "POST /index.php?rest_route=/batch/v1 HTTP/1.1" 403 1242 "-" "Mozilla/5.0 (X11; Linux x86_64) AppleWebKit/537.36 (KHTML, like Gecko) Chrome/131.0.0.0 Safari/537.36"
45.148.10.75 - - [04/Aug/2026:23:39:57 +0000] "POST /index.php?rest_route=/batch/v1 HTTP/1.1" 403 1242 "-" "Mozilla/5.0 (X11; Linux x86_64) AppleWebKit/537.36 (KHTML, like Gecko) Chrome/131.0.0.0 Safari/537.36"
45.148.10.75 - - [04/Aug/2026:23:39:58 +0000] "POST /index.php?rest_route=/batch/v1 HTTP/1.1" 403 1242 "-" "Mozilla/5.0 (X11; Linux x86_64) AppleWebKit/537.36 (KHTML, like Gecko) Chrome/131.0.0.0 Safari/537.36"
45.148.10.75 - - [04/Aug/2026:23:39:58 +0000] "POST /index.php?rest_route=/batch/v1 HTTP/1.1" 403 1242 "-" "Mozilla/5.0 (X11; Linux x86_64) AppleWebKit/537.36 (KHTML, like Gecko) Chrome/131.0.0.0 Safari/537.36"
45.148.10.75 - - [04/Aug/2026:23:39:59 +0000] "POST /index.php?rest_route=/batch/v1 HTTP/1.1" 403 1242 "-" "Mozilla/5.0 (X11; Linux x86_64) AppleWebKit/537.36 (KHTML, like Gecko) Chrome/131.0.0.0 Safari/537.36"
45.148.10.75 - - [04/Aug/2026:23:40:00 +0000] "POST /index.php?rest_route=/batch/v1 HTTP/1.1" 403 1242 "-" "Mozilla/5.0 (X11; Linux x86_64) AppleWebKit/537.36 (KHTML, like Gecko) Chrome/131.0.0.0 Safari/537.36"
45.148.10.75 - - [04/Aug/2026:23:40:02 +0000] "POST /index.php?rest_route=/batch/v1 HTTP/1.1" 403 1242 "-" "Mozilla/5.0 (X11; Linux x86_64) AppleWebKit/537.36 (KHTML, like Gecko) Chrome/131.0.0.0 Safari/537.36"
45.148.10.75 - - [04/Aug/2026:23:40:03 +0000] "POST /index.php?rest_route=/batch/v1 HTTP/1.1" 403 1242 "-" "Mozilla/5.0 (X11; Linux x86_64) AppleWebKit/537.36 (KHTML, like Gecko) Chrome/131.0.0.0 Safari/537.36"
45.148.10.75 - - [04/Aug/2026:23:40:03 +0000] "POST /index.php?rest_route=/batch/v1 HTTP/1.1" 403 1242 "-" "Mozilla/5.0 (X11; Linux x86_64) AppleWebKit/537.36 (KHTML, like Gecko) Chrome/131.0.0.0 Safari/537.36"
45.148.10.75 - - [04/Aug/2026:23:40:05 +0000] "POST /index.php?rest_route=/batch/v1 HTTP/1.1" 403 1242 "-" "Mozilla/5.0 (X11; Linux x86_64) AppleWebKit/537.36 (KHTML, like Gecko) Chrome/131.0.0.0 Safari/537.36"
45.148.10.75 - - [04/Aug/2026:23:40:07 +0000] "POST /index.php HTTP/1.1" 403 1242 "-" "Mozilla/5.0 (X11; Linux x86_64) AppleWebKit/537.36 (KHTML, like Gecko) Chrome/131.0.0.0 Safari/537.36"
45.148.10.75 - - [04/Aug/2026:23:40:11 +0000] "POST /index.php HTTP/1.1" 403 1242 "-" "Mozilla/5.0 (X11; Linux x86_64) AppleWebKit/537.36 (KHTML, like Gecko) Chrome/131.0.0.0 Safari/537.36"
45.148.10.75 - - [04/Aug/2026:23:40:12 +0000] "POST /index.php HTTP/1.1" 403 1242 "-" "Mozilla/5.0 (X11; Linux x86_64) AppleWebKit/537.36 (KHTML, like Gecko) Chrome/131.0.0.0 Safari/537.36"
45.148.10.75 - - [04/Aug/2026:23:40:12 +0000] "POST /index.php HTTP/1.1" 403 1242 "-" "Mozilla/5.0 (X11; Linux x86_64) AppleWebKit/537.36 (KHTML, like Gecko) Chrome/131.0.0.0 Safari/537.36"
45.148.10.75 - - [04/Aug/2026:23:40:13 +0000] "POST /index.php HTTP/1.1" 403 1242 "-" "Mozilla/5.0 (X11; Linux x86_64) AppleWebKit/537.36 (KHTML, like Gecko) Chrome/131.0.0.0 Safari/537.36"
45.148.10.75 - - [04/Aug/2026:23:40:14 +0000] "POST /index.php HTTP/1.1" 403 1242 "-" "Mozilla/5.0 (X11; Linux x86_64) AppleWebKit/537.36 (KHTML, like Gecko) Chrome/131.0.0.0 Safari/537.36"
45.148.10.75 - - [04/Aug/2026:23:40:16 +0000] "POST /?rest_route=/batch/v1 HTTP/1.1" 207 11612 "-" "Mozilla/5.0 (Windows NT 10.0; Win64; x64) AppleWebKit/537.36 (KHTML, like Gecko) Chrome/126.0.0.0 Safari/537.36"
45.148.10.75 - - [04/Aug/2026:23:40:17 +0000] "POST /?rest_route=/batch/v1 HTTP/1.1" 207 19933 "-" "Mozilla/5.0 (Windows NT 10.0; Win64; x64) AppleWebKit/537.36 (KHTML, like Gecko) Chrome/126.0.0.0 Safari/537.36"
45.148.10.75 - - [04/Aug/2026:23:40:09 +0000] "POST /index.php HTTP/1.1" 403 1242 "-" "Mozilla/5.0 (X11; Linux x86_64) AppleWebKit/537.36 (KHTML, like Gecko) Chrome/131.0.0.0 Safari/537.36"
45.148.10.75 - - [04/Aug/2026:23:40:09 +0000] "POST /index.php HTTP/1.1" 403 1242 "-" "Mozilla/5.0 (X11; Linux x86_64) AppleWebKit/537.36 (KHTML, like Gecko) Chrome/131.0.0.0 Safari/537.36"
45.148.10.75 - - [04/Aug/2026:23:40:09 +0000] "POST /index.php HTTP/1.1" 403 1242 "-" "Mozilla/5.0 (X11; Linux x86_64) AppleWebKit/537.36 (KHTML, like Gecko) Chrome/131.0.0.0 Safari/537.36"
45.148.10.75 - - [04/Aug/2026:23:40:10 +0000] "POST /index.php HTTP/1.1" 403 1242 "-" "Mozilla/5.0 (X11; Linux x86_64) AppleWebKit/537.36 (KHTML, like Gecko) Chrome/131.0.0.0 Safari/537.36"
45.148.10.75 - - [04/Aug/2026:23:40:11 +0000] "POST /index.php HTTP/1.1" 403 1242 "-" "Mozilla/5.0 (X11; Linux x86_64) AppleWebKit/537.36 (KHTML, like Gecko) Chrome/131.0.0.0 Safari/537.36"
45.148.10.75 - - [04/Aug/2026:23:40:13 +0000] "POST /index.php HTTP/1.1" 403 1242 "-" "Mozilla/5.0 (X11; Linux x86_64) AppleWebKit/537.36 (KHTML, like Gecko) Chrome/131.0.0.0 Safari/537.36"
45.148.10.75 - - [04/Aug/2026:23:40:14 +0000] "POST /index.php HTTP/1.1" 403 1242 "-" "Mozilla/5.0 (X11; Linux x86_64) AppleWebKit/537.36 (KHTML, like Gecko) Chrome/131.0.0.0 Safari/537.36"
45.148.10.75 - - [04/Aug/2026:23:40:15 +0000] "POST /index.php HTTP/1.1" 403 1242 "-" "Mozilla/5.0 (X11; Linux x86_64) AppleWebKit/537.36 (KHTML, like Gecko) Chrome/131.0.0.0 Safari/537.36"
45.148.10.75 - - [04/Aug/2026:23:40:15 +0000] "POST /index.php HTTP/1.1" 403 1242 "-" "Mozilla/5.0 (X11; Linux x86_64) AppleWebKit/537.36 (KHTML, like Gecko) Chrome/131.0.0.0 Safari/537.36"
45.148.10.75 - - [04/Aug/2026:23:40:15 +0000] "POST /index.php HTTP/1.1" 403 1242 "-" "Mozilla/5.0 (X11; Linux x86_64) AppleWebKit/537.36 (KHTML, like Gecko) Chrome/131.0.0.0 Safari/537.36"
45.148.10.75 - - [04/Aug/2026:23:40:15 +0000] "POST /index.php HTTP/1.1" 403 1242 "-" "Mozilla/5.0 (X11; Linux x86_64) AppleWebKit/537.36 (KHTML, like Gecko) Chrome/131.0.0.0 Safari/537.36"
45.148.10.75 - - [04/Aug/2026:23:40:20 +0000] "POST /?rest_route=/batch/v1 HTTP/1.1" 207 11584 "-" "Mozilla/5.0 (Windows NT 10.0; Win64; x64) AppleWebKit/537.36 (KHTML, like Gecko) Chrome/126.0.0.0 Safari/537.36"
45.148.10.75 - - [04/Aug/2026:23:40:23 +0000] "POST /?rest_route=/batch/v1 HTTP/1.1" 207 11584 "-" "Mozilla/5.0 (Windows NT 10.0; Win64; x64) AppleWebKit/537.36 (KHTML, like Gecko) Chrome/126.0.0.0 Safari/537.36"
45.148.10.75 - - [04/Aug/2026:23:40:27 +0000] "POST /?rest_route=/batch/v1 HTTP/1.1" 207 11584 "-" "Mozilla/5.0 (Windows NT 10.0; Win64; x64) AppleWebKit/537.36 (KHTML, like Gecko) Chrome/126.0.0.0 Safari/537.36"
45.148.10.75 - - [04/Aug/2026:23:40:33 +0000] "POST /?rest_route=/batch/v1 HTTP/1.1" 207 11584 "-" "Mozilla/5.0 (Windows NT 10.0; Win64; x64) AppleWebKit/537.36 (KHTML, like Gecko) Chrome/126.0.0.0 Safari/537.36"
45.148.10.75 - - [04/Aug/2026:23:40:34 +0000] "POST /?rest_route=/batch/v1 HTTP/1.1" 207 11584 "-" "Mozilla/5.0 (Windows NT 10.0; Win64; x64) AppleWebKit/537.36 (KHTML, like Gecko) Chrome/126.0.0.0 Safari/537.36"
45.148.10.75 - - [04/Aug/2026:23:40:37 +0000] "POST /?rest_route=/batch/v1 HTTP/1.1" 403 1242 "-" "-"
45.148.10.75 - - [04/Aug/2026:23:40:38 +0000] "POST / HTTP/1.1" 403 1242 "-" "-"
182.43.184.15 - - [04/Aug/2026:23:40:39 +0000] "POST /xmlrpc.php HTTP/1.1" 200 222 "-" "Apache-HttpClient/4.5.2 (Java/1.8.0_161)"
182.43.184.15 - - [04/Aug/2026:23:41:36 +0000] "POST /xmlrpc.php HTTP/1.1" 200 222 "-" "Apache-HttpClient/4.5.2 (Java/1.8.0_161)"
182.43.184.15 - - [04/Aug/2026:23:42:15 +0000] "POST /xmlrpc.php HTTP/1.1" 200 222 "-" "Apache-HttpClient/4.5.2 (Java/1.8.0_161)"
170.10.160.123 - - [04/Aug/2026:23:42:40 +0000] "POST /wp-cron.php?doing_wp_cron=1785886960.9253189563751220703125 HTTP/1.1" 200 20 "-" "WordPress/6.9.4; https://www.sescorp.cl"
182.43.184.15 - - [04/Aug/2026:23:42:40 +0000] "POST /xmlrpc.php HTTP/1.1" 200 222 "-" "Apache-HttpClient/4.5.2 (Java/1.8.0_161)"
45.148.10.75 - - [04/Aug/2026:23:40:13 +0000] "POST /index.php HTTP/1.1" 403 1242 "-" "Mozilla/5.0 (X11; Linux x86_64) AppleWebKit/537.36 (KHTML, like Gecko) Chrome/131.0.0.0 Safari/537.36"
45.148.10.75 - - [04/Aug/2026:23:40:13 +0000] "POST /index.php HTTP/1.1" 403 1242 "-" "Mozilla/5.0 (X11; Linux x86_64) AppleWebKit/537.36 (KHTML, like Gecko) Chrome/131.0.0.0 Safari/537.36"
45.148.10.75 - - [04/Aug/2026:23:40:14 +0000] "POST /index.php HTTP/1.1" 403 1242 "-" "Mozilla/5.0 (X11; Linux x86_64) AppleWebKit/537.36 (KHTML, like Gecko) Chrome/131.0.0.0 Safari/537.36"
45.148.10.75 - - [04/Aug/2026:23:40:16 +0000] "POST /index.php HTTP/1.1" 403 1242 "-" "Mozilla/5.0 (X11; Linux x86_64) AppleWebKit/537.36 (KHTML, like Gecko) Chrome/131.0.0.0 Safari/537.36"
45.148.10.75 - - [04/Aug/2026:23:40:22 +0000] "POST /?rest_route=/batch/v1 HTTP/1.1" 207 11584 "-" "Mozilla/5.0 (Windows NT 10.0; Win64; x64) AppleWebKit/537.36 (KHTML, like Gecko) Chrome/126.0.0.0 Safari/537.36"
45.148.10.75 - - [04/Aug/2026:23:40:24 +0000] "POST /?rest_route=/batch/v1 HTTP/1.1" 207 11584 "-" "Mozilla/5.0 (Windows NT 10.0; Win64; x64) AppleWebKit/537.36 (KHTML, like Gecko) Chrome/126.0.0.0 Safari/537.36"
45.148.10.75 - - [04/Aug/2026:23:40:26 +0000] "POST /?rest_route=/batch/v1 HTTP/1.1" 207 11584 "-" "Mozilla/5.0 (Windows NT 10.0; Win64; x64) AppleWebKit/537.36 (KHTML, like Gecko) Chrome/126.0.0.0 Safari/537.36"
170.10.160.123 - - [04/Aug/2026:23:40:30 +0000] "POST /wp-cron.php?doing_wp_cron=1785886830.0435900688171386718750 HTTP/1.1" 200 20 "-" "WordPress/6.9.4; https://www.sescorp.cl"
45.148.10.75 - - [04/Aug/2026:23:40:30 +0000] "POST /?rest_route=/batch/v1 HTTP/1.1" 207 11584 "-" "Mozilla/5.0 (Windows NT 10.0; Win64; x64) AppleWebKit/537.36 (KHTML, like Gecko) Chrome/126.0.0.0 Safari/537.36"
45.148.10.75 - - [04/Aug/2026:23:40:31 +0000] "POST /?rest_route=/batch/v1 HTTP/1.1" 207 14227 "-" "Mozilla/5.0 (Windows NT 10.0; Win64; x64) AppleWebKit/537.36 (KHTML, like Gecko) Chrome/126.0.0.0 Safari/537.36"
45.148.10.75 - - [04/Aug/2026:23:40:35 +0000] "POST /?rest_route=/batch/v1 HTTP/1.1" 207 12870 "-" "Mozilla/5.0 (Windows NT 10.0; Win64; x64) AppleWebKit/537.36 (KHTML, like Gecko) Chrome/126.0.0.0 Safari/537.36"
45.148.10.75 - - [04/Aug/2026:23:40:37 +0000] "GET / HTTP/1.1" 403 1242 "-" "-"
