170.10.160.123 - - [04/Aug/2026:23:58:36 +0000] "POST /wp-cron.php?doing_wp_cron=1785887916.3112370967864990234375 HTTP/1.1" 200 20 "-" "WordPress/6.9.4; https://www.sescorp.cl"
182.43.184.15 - - [04/Aug/2026:23:58:35 +0000] "POST /xmlrpc.php HTTP/1.1" 200 222 "-" "Apache-HttpClient/4.5.2 (Java/1.8.0_161)"
182.43.184.15 - - [04/Aug/2026:23:59:36 +0000] "POST /xmlrpc.php HTTP/1.1" 200 222 "-" "Apache-HttpClient/4.5.2 (Java/1.8.0_161)"
182.43.184.15 - - [04/Aug/2026:23:59:56 +0000] "POST /xmlrpc.php HTTP/1.1" 200 222 "-" "Apache-HttpClient/4.5.2 (Java/1.8.0_161)"
170.10.160.123 - - [05/Aug/2026:00:00:05 +0000] "GET /wp-cron.php HTTP/1.1" 200 0 "-" "Wget/1.19.5 (linux-gnu)"
170.10.160.123 - - [05/Aug/2026:00:00:38 +0000] "POST /wp-cron.php?doing_wp_cron=1785888038.6750938892364501953125 HTTP/1.1" 200 20 "-" "WordPress/6.9.4; https://www.sescorp.cl"
182.43.184.15 - - [05/Aug/2026:00:02:09 +0000] "POST /xmlrpc.php HTTP/1.1" 200 222 "-" "Apache-HttpClient/4.5.2 (Java/1.8.0_161)"
182.43.184.15 - - [05/Aug/2026:00:03:58 +0000] "POST /xmlrpc.php HTTP/1.1" 200 222 "-" "Apache-HttpClient/4.5.2 (Java/1.8.0_161)"
91.84.97.111 - - [05/Aug/2026:00:05:25 +0000] "POST /wp-admin/admin-ajax.php HTTP/2" 200 67 "https://www.sescorp.cl/wp-admin/plugin-install.php" "Mozilla/5.0 (Windows NT 10.0; Win64; x64) AppleWebKit/537.36 (KHTML, like Gecko) Chrome/150.0.0.0 Safari/537.36"
91.84.97.111 - - [05/Aug/2026:00:05:52 +0000] "POST /wp-admin/update.php?action=upload-plugin HTTP/2" 403 1242 "https://www.sescorp.cl/wp-admin/plugin-install.php" "Mozilla/5.0 (Windows NT 10.0; Win64; x64) AppleWebKit/537.36 (KHTML, like Gecko) Chrome/150.0.0.0 Safari/537.36"
91.84.97.111 - - [05/Aug/2026:00:05:53 +0000] "GET /favicon.ico HTTP/2" 404 1251 "https://www.sescorp.cl/wp-admin/update.php?action=upload-plugin" "Mozilla/5.0 (Windows NT 10.0; Win64; x64) AppleWebKit/537.36 (KHTML, like Gecko) Chrome/150.0.0.0 Safari/537.36"
91.84.97.111 - - [05/Aug/2026:00:06:28 +0000] "GET /wp-admin/plugin-install.php HTTP/2" 200 51950 "https://www.sescorp.cl/wp-admin/" "Mozilla/5.0 (Windows NT 10.0; Win64; x64) AppleWebKit/537.36 (KHTML, like Gecko) Chrome/150.0.0.0 Safari/537.36"
91.84.97.111 - - [05/Aug/2026:00:06:30 +0000] "GET /wp-includes/js/dist/components.min.js?ver=0d72a218dfea8f6f442f HTTP/2" 200 242138 "https://www.sescorp.cl/wp-admin/plugin-install.php" "Mozilla/5.0 (Windows NT 10.0; Win64; x64) AppleWebKit/537.36 (KHTML, like Gecko) Chrome/150.0.0.0 Safari/537.36"
91.84.97.111 - - [05/Aug/2026:00:06:30 +0000] "GET /wp-includes/js/dist/block-editor.min.js?ver=addf558a422e2ee57920 HTTP/2" 200 256837 "https://www.sescorp.cl/wp-admin/plugin-install.php" "Mozilla/5.0 (Windows NT 10.0; Win64; x64) AppleWebKit/537.36 (KHTML, like Gecko) Chrome/150.0.0.0 Safari/537.36"
91.84.97.111 - - [05/Aug/2026:00:06:30 +0000] "GET /wp-content/plugins/elementor/assets/js/packages/editor-mcp/editor-mcp.min.js?ver=4.2.1 HTTP/2" 200 178236 "https://www.sescorp.cl/wp-admin/plugin-install.php" "Mozilla/5.0 (Windows NT 10.0; Win64; x64) AppleWebKit/537.36 (KHTML, like Gecko) Chrome/150.0.0.0 Safari/537.36"
91.84.97.111 - - [05/Aug/2026:00:06:30 +0000] "GET /wp-json/wp/v2/users/me?context=edit&_locale=user HTTP/2" 200 842 "https://www.sescorp.cl/wp-admin/plugin-install.php" "Mozilla/5.0 (Windows NT 10.0; Win64; x64) AppleWebKit/537.36 (KHTML, like Gecko) Chrome/150.0.0.0 Safari/537.36"
182.43.184.15 - - [04/Aug/2026:23:58:52 +0000] "POST /xmlrpc.php HTTP/1.1" 200 222 "-" "Apache-HttpClient/4.5.2 (Java/1.8.0_161)"
182.43.184.15 - - [04/Aug/2026:23:58:52 +0000] "POST /xmlrpc.php HTTP/1.1" 200 222 "-" "Apache-HttpClient/4.5.2 (Java/1.8.0_161)"
182.43.184.15 - - [05/Aug/2026:00:00:58 +0000] "POST /xmlrpc.php HTTP/1.1" 200 222 "-" "Apache-HttpClient/4.5.2 (Java/1.8.0_161)"
170.10.160.123 - - [05/Aug/2026:00:01:43 +0000] "POST /wp-cron.php?doing_wp_cron=1785888103.7513880729675292968750 HTTP/1.1" 200 20 "-" "WordPress/6.9.4; https://www.sescorp.cl"
182.43.184.15 - - [05/Aug/2026:00:01:42 +0000] "POST /xmlrpc.php HTTP/1.1" 200 222 "-" "Apache-HttpClient/4.5.2 (Java/1.8.0_161)"
182.43.184.15 - - [05/Aug/2026:00:01:44 +0000] "POST /xmlrpc.php HTTP/1.1" 200 222 "-" "Apache-HttpClient/4.5.2 (Java/1.8.0_161)"
182.43.184.15 - - [05/Aug/2026:00:02:50 +0000] "POST /xmlrpc.php HTTP/1.1" 200 222 "-" "Apache-HttpClient/4.5.2 (Java/1.8.0_161)"
182.43.184.15 - - [05/Aug/2026:00:03:07 +0000] "POST /xmlrpc.php HTTP/1.1" 200 222 "-" "Apache-HttpClient/4.5.2 (Java/1.8.0_161)"
91.84.97.111 - - [05/Aug/2026:00:03:24 +0000] "POST /wp-admin/admin-ajax.php HTTP/2" 200 67 "https://www.sescorp.cl/wp-admin/plugin-install.php" "Mozilla/5.0 (Windows NT 10.0; Win64; x64) AppleWebKit/537.36 (KHTML, like Gecko) Chrome/150.0.0.0 Safari/537.36"
170.10.160.123 - - [05/Aug/2026:00:03:59 +0000] "POST /wp-cron.php?doing_wp_cron=1785888239.6109020709991455078125 HTTP/1.1" 200 20 "-" "WordPress/6.9.4; https://www.sescorp.cl"
170.10.160.123 - - [05/Aug/2026:00:08:31 +0000] "POST /wp-cron.php?doing_wp_cron=1785888511.7367699146270751953125 HTTP/1.1" 200 20 "-" "WordPress/6.9.4; https://www.sescorp.cl"
45.8.19.86 - - [05/Aug/2026:00:08:31 +0000] "GET /wp-json/wp/v2/users HTTP/1.1" 200 413 "https://www.facebook.com/" "Mozilla/5.0 (Macintosh; Intel Mac OS X 10_15_7; rv:120.0) Gecko/20100101 Firefox/120.0"
45.8.19.86 - - [05/Aug/2026:00:08:33 +0000] "GET / HTTP/1.1" 200 22228 "https://www.bing.com/" "Mozilla/5.0 (Macintosh; Intel Mac OS X 10_15_7; rv:121.0) Gecko/20100101 Firefox/121.0"
45.8.19.86 - - [05/Aug/2026:00:08:34 +0000] "POST /wp-login.php HTTP/1.1" 200 3206 "https://www.sescorp.cl/wp-login.php" "Mozilla/5.0 (Macintosh; Intel Mac OS X 10_15_7; rv:120.0) Gecko/20100101 Firefox/120.0"
45.8.19.86 - - [05/Aug/2026:00:08:35 +0000] "GET /wp-admin/index.php HTTP/1.1" 302 20 "https://www.sescorp.cl/wp-login.php" "Mozilla/5.0 (Macintosh; Intel Mac OS X 13_6_1) AppleWebKit/605.1.15 (KHTML, like Gecko) Version/17.2 Safari/605.1.15"
45.8.19.86 - - [05/Aug/2026:00:08:36 +0000] "GET /wp-login.php?redirect_to=https%3A%2F%2Fwww.sescorp.cl%2Fwp-admin%2Findex.php&reauth=1 HTTP/1.1" 200 3108 "https://www.sescorp.cl/wp-login.php" "Mozilla/5.0 (Macintosh; Intel Mac OS X 13_6_1) AppleWebKit/605.1.15 (KHTML, like Gecko) Version/17.2 Safari/605.1.15"
45.8.19.86 - - [05/Aug/2026:00:08:37 +0000] "POST /wp-login.php HTTP/1.1" 200 3257 "https://www.sescorp.cl/wp-login.php" "Mozilla/5.0 (Macintosh; Intel Mac OS X 10_15_7; rv:119.0) Gecko/20100101 Firefox/119.0"
45.8.19.86 - - [05/Aug/2026:00:08:40 +0000] "GET /wp-admin/index.php HTTP/1.1" 302 20 "https://www.sescorp.cl/wp-login.php" "Mozilla/5.0 (Macintosh; Intel Mac OS X 13_6_1) AppleWebKit/537.36 (KHTML, like Gecko) Chrome/119.0.0.0 Safari/537.36"
45.8.19.86 - - [05/Aug/2026:00:08:41 +0000] "GET /wp-login.php?redirect_to=https%3A%2F%2Fwww.sescorp.cl%2Fwp-admin%2Findex.php&reauth=1 HTTP/1.1" 200 3108 "https://www.sescorp.cl/wp-login.php" "Mozilla/5.0 (Macintosh; Intel Mac OS X 13_6_1) AppleWebKit/537.36 (KHTML, like Gecko) Chrome/119.0.0.0 Safari/537.36"
45.8.19.86 - - [05/Aug/2026:00:08:42 +0000] "POST /wp-login.php HTTP/1.1" 200 3262 "https://www.sescorp.cl/wp-login.php" "Mozilla/5.0 (Windows NT 11.0; Win64; x64; rv:119.0) Gecko/20100101 Firefox/119.0"
45.8.19.86 - - [05/Aug/2026:00:08:43 +0000] "GET /wp-admin/index.php HTTP/1.1" 302 20 "https://www.sescorp.cl/wp-login.php" "Mozilla/5.0 (Macintosh; Intel Mac OS X 13_6_1) AppleWebKit/605.1.15 (KHTML, like Gecko) Version/16.6 Safari/605.1.15"
45.8.19.86 - - [05/Aug/2026:00:08:44 +0000] "GET /wp-login.php?redirect_to=https%3A%2F%2Fwww.sescorp.cl%2Fwp-admin%2Findex.php&reauth=1 HTTP/1.1" 200 3108 "https://www.sescorp.cl/wp-login.php" "Mozilla/5.0 (Macintosh; Intel Mac OS X 13_6_1) AppleWebKit/605.1.15 (KHTML, like Gecko) Version/16.6 Safari/605.1.15"
45.8.19.86 - - [05/Aug/2026:00:08:49 +0000] "POST /wp-login.php HTTP/1.1" 200 3255 "https://www.sescorp.cl/wp-login.php" "Mozilla/5.0 (Windows NT 10.0; Win64; x64) AppleWebKit/537.36 (KHTML, like Gecko) Chrome/121.0.0.0 Safari/537.36"
216.73.160.133 - - [05/Aug/2026:00:09:27 +0000] "GET /wp-admin/profile.php HTTP/1.1" 302 20 "https://www.sescorp.cl/wp-login.php" "Mozilla/5.0 (Macintosh; Intel Mac OS X 13_6_1) AppleWebKit/605.1.15 (KHTML, like Gecko) Version/17.2 Safari/605.1.15"
216.73.160.133 - - [05/Aug/2026:00:09:28 +0000] "GET /wp-login.php?redirect_to=https%3A%2F%2Fwww.sescorp.cl%2Fwp-admin%2Fprofile.php&reauth=1 HTTP/1.1" 200 3110 "https://www.sescorp.cl/wp-login.php" "Mozilla/5.0 (Macintosh; Intel Mac OS X 13_6_1) AppleWebKit/605.1.15 (KHTML, like Gecko) Version/17.2 Safari/605.1.15"
216.73.160.133 - - [05/Aug/2026:00:09:29 +0000] "POST /wp-login.php HTTP/1.1" 200 3253 "https://www.sescorp.cl/wp-login.php" "Mozilla/5.0 (Macintosh; Intel Mac OS X 13_6_1) AppleWebKit/605.1.15 (KHTML, like Gecko) Version/17.2 Safari/605.1.15"
216.73.160.133 - - [05/Aug/2026:00:09:31 +0000] "GET /wp-admin/index.php HTTP/1.1" 302 20 "https://www.sescorp.cl/wp-login.php" "Mozilla/5.0 (Windows NT 11.0; Win64; x64) AppleWebKit/537.36 (KHTML, like Gecko) Chrome/121.0.0.0 Safari/537.36"
216.73.160.133 - - [05/Aug/2026:00:09:33 +0000] "GET /wp-login.php?redirect_to=https%3A%2F%2Fwww.sescorp.cl%2Fwp-admin%2Findex.php&reauth=1 HTTP/1.1" 200 3108 "https://www.sescorp.cl/wp-login.php" "Mozilla/5.0 (Windows NT 11.0; Win64; x64) AppleWebKit/537.36 (KHTML, like Gecko) Chrome/121.0.0.0 Safari/537.36"
216.73.160.133 - - [05/Aug/2026:00:09:34 +0000] "POST /wp-login.php HTTP/1.1" 200 3257 "https://www.sescorp.cl/wp-login.php" "Mozilla/5.0 (Macintosh; Intel Mac OS X 13_6_1) AppleWebKit/537.36 (KHTML, like Gecko) Chrome/118.0.0.0 Safari/537.36"
216.73.160.133 - - [05/Aug/2026:00:09:35 +0000] "GET /wp-admin/index.php HTTP/1.1" 302 20 "https://www.sescorp.cl/wp-login.php" "Mozilla/5.0 (Windows NT 10.0; Win64; x64) AppleWebKit/537.36 (KHTML, like Gecko) Chrome/119.0.0.0 Safari/537.36"
216.73.160.133 - - [05/Aug/2026:00:09:36 +0000] "GET /wp-login.php?redirect_to=https%3A%2F%2Fwww.sescorp.cl%2Fwp-admin%2Findex.php&reauth=1 HTTP/1.1" 200 3108 "https://www.sescorp.cl/wp-login.php" "Mozilla/5.0 (Windows NT 10.0; Win64; x64) AppleWebKit/537.36 (KHTML, like Gecko) Chrome/119.0.0.0 Safari/537.36"
216.73.160.133 - - [05/Aug/2026:00:09:40 +0000] "POST /wp-login.php HTTP/1.1" 200 3257 "https://www.sescorp.cl/wp-login.php" "Mozilla/5.0 (Windows NT 11.0; Win64; x64) AppleWebKit/537.36 (KHTML, like Gecko) Chrome/121.0.0.0 Safari/537.36"
216.73.160.133 - - [05/Aug/2026:00:09:40 +0000] "GET /wp-admin/index.php HTTP/1.1" 302 20 "https://www.sescorp.cl/wp-login.php" "Mozilla/5.0 (X11; Ubuntu; Linux x86_64) AppleWebKit/537.36 (KHTML, like Gecko) Chrome/118.0.0.0 Safari/537.36"
216.73.160.133 - - [05/Aug/2026:00:09:41 +0000] "GET /wp-login.php?redirect_to=https%3A%2F%2Fwww.sescorp.cl%2Fwp-admin%2Findex.php&reauth=1 HTTP/1.1" 200 3108 "https://www.sescorp.cl/wp-login.php" "Mozilla/5.0 (X11; Ubuntu; Linux x86_64) AppleWebKit/537.36 (KHTML, like Gecko) Chrome/118.0.0.0 Safari/537.36"
216.73.160.133 - - [05/Aug/2026:00:09:42 +0000] "POST /wp-login.php HTTP/1.1" 200 3259 "https://www.sescorp.cl/wp-login.php" "Mozilla/5.0 (Windows NT 11.0; Win64; x64) AppleWebKit/537.36 (KHTML, like Gecko) Chrome/119.0.0.0 Safari/537.36"
216.73.160.133 - - [05/Aug/2026:00:09:44 +0000] "GET /wp-admin/index.php HTTP/1.1" 302 20 "https://www.sescorp.cl/wp-login.php" "Mozilla/5.0 (X11; Ubuntu; Linux x86_64) AppleWebKit/537.36 (KHTML, like Gecko) Chrome/119.0.0.0 Safari/537.36"
170.10.160.123 - - [05/Aug/2026:00:03:25 +0000] "POST /wp-cron.php?doing_wp_cron=1785888205.6285219192504882812500 HTTP/1.1" 200 20 "-" "WordPress/6.9.4; https://www.sescorp.cl"
182.43.184.15 - - [05/Aug/2026:00:04:10 +0000] "POST /xmlrpc.php HTTP/1.1" 200 222 "-" "Apache-HttpClient/4.5.2 (Java/1.8.0_161)"
182.43.184.15 - - [05/Aug/2026:00:04:11 +0000] "POST /xmlrpc.php HTTP/1.1" 200 222 "-" "Apache-HttpClient/4.5.2 (Java/1.8.0_161)"
170.10.160.123 - - [05/Aug/2026:00:05:26 +0000] "POST /wp-cron.php?doing_wp_cron=1785888326.7547869682312011718750 HTTP/1.1" 200 20 "-" "WordPress/6.9.4; https://www.sescorp.cl"
170.10.160.123 - - [05/Aug/2026:00:06:29 +0000] "POST /wp-cron.php?doing_wp_cron=1785888389.9717669486999511718750 HTTP/1.1" 200 20 "-" "WordPress/6.9.4; https://www.sescorp.cl"
45.8.19.77 - - [05/Aug/2026:00:09:01 +0000] "POST /wp-login.php HTTP/1.1" 200 3206 "https://www.sescorp.cl/wp-login.php" "Mozilla/5.0 (X11; Ubuntu; Linux x86_64) AppleWebKit/537.36 (KHTML, like Gecko) Chrome/121.0.0.0 Safari/537.36"
45.8.19.77 - - [05/Aug/2026:00:09:02 +0000] "GET /wp-admin/index.php HTTP/1.1" 302 20 "https://www.sescorp.cl/wp-login.php" "Mozilla/5.0 (Macintosh; Intel Mac OS X 10_15_7) AppleWebKit/537.36 (KHTML, like Gecko) Chrome/118.0.0.0 Safari/537.36"
45.8.19.77 - - [05/Aug/2026:00:09:03 +0000] "GET /wp-login.php?redirect_to=https%3A%2F%2Fwww.sescorp.cl%2Fwp-admin%2Findex.php&reauth=1 HTTP/1.1" 200 3108 "https://www.sescorp.cl/wp-login.php" "Mozilla/5.0 (Macintosh; Intel Mac OS X 10_15_7) AppleWebKit/537.36 (KHTML, like Gecko) Chrome/118.0.0.0 Safari/537.36"
45.8.19.77 - - [05/Aug/2026:00:09:07 +0000] "POST /wp-login.php HTTP/1.1" 200 3255 "https://www.sescorp.cl/wp-login.php" "Mozilla/5.0 (Macintosh; Intel Mac OS X 13_6_1) AppleWebKit/605.1.15 (KHTML, like Gecko) Version/16.6 Safari/605.1.15"
45.8.19.77 - - [05/Aug/2026:00:09:08 +0000] "GET /wp-admin/index.php HTTP/1.1" 302 20 "https://www.sescorp.cl/wp-login.php" "Mozilla/5.0 (Macintosh; Intel Mac OS X 13_6_1) AppleWebKit/605.1.15 (KHTML, like Gecko) Version/16.6 Safari/605.1.15"
45.8.19.77 - - [05/Aug/2026:00:09:09 +0000] "GET /wp-login.php?redirect_to=https%3A%2F%2Fwww.sescorp.cl%2Fwp-admin%2Findex.php&reauth=1 HTTP/1.1" 200 3108 "https://www.sescorp.cl/wp-login.php" "Mozilla/5.0 (Macintosh; Intel Mac OS X 13_6_1) AppleWebKit/605.1.15 (KHTML, like Gecko) Version/16.6 Safari/605.1.15"
45.8.19.77 - - [05/Aug/2026:00:09:12 +0000] "POST /wp-login.php HTTP/1.1" 200 3206 "https://www.sescorp.cl/wp-login.php" "Mozilla/5.0 (Windows NT 10.0; Win64; x64) AppleWebKit/537.36 (KHTML, like Gecko) Chrome/119.0.0.0 Safari/537.36"
45.8.19.77 - - [05/Aug/2026:00:09:13 +0000] "GET /wp-admin/index.php HTTP/1.1" 302 20 "https://www.sescorp.cl/wp-login.php" "Mozilla/5.0 (Macintosh; Intel Mac OS X 13_6_1) AppleWebKit/605.1.15 (KHTML, like Gecko) Version/17.2 Safari/605.1.15"
45.8.19.77 - - [05/Aug/2026:00:09:14 +0000] "GET /wp-login.php?redirect_to=https%3A%2F%2Fwww.sescorp.cl%2Fwp-admin%2Findex.php&reauth=1 HTTP/1.1" 200 3108 "https://www.sescorp.cl/wp-login.php" "Mozilla/5.0 (Macintosh; Intel Mac OS X 13_6_1) AppleWebKit/605.1.15 (KHTML, like Gecko) Version/17.2 Safari/605.1.15"
45.8.19.69 - - [05/Aug/2026:00:09:54 +0000] "POST /wp-login.php HTTP/1.1" 200 3260 "https://www.sescorp.cl/wp-login.php" "Mozilla/5.0 (Macintosh; Intel Mac OS X 10_15_7; rv:119.0) Gecko/20100101 Firefox/119.0"
45.8.19.69 - - [05/Aug/2026:00:09:55 +0000] "GET /wp-admin/index.php HTTP/1.1" 302 20 "https://www.sescorp.cl/wp-login.php" "Mozilla/5.0 (X11; Linux x86_64) AppleWebKit/537.36 (KHTML, like Gecko) Chrome/119.0.0.0 Safari/537.36"
45.8.19.69 - - [05/Aug/2026:00:09:56 +0000] "GET /wp-login.php?redirect_to=https%3A%2F%2Fwww.sescorp.cl%2Fwp-admin%2Findex.php&reauth=1 HTTP/1.1" 200 3108 "https://www.sescorp.cl/wp-login.php" "Mozilla/5.0 (X11; Linux x86_64) AppleWebKit/537.36 (KHTML, like Gecko) Chrome/119.0.0.0 Safari/537.36"
91.84.97.111 - - [05/Aug/2026:00:06:36 +0000] "GET /wp-admin/plugin-install.php HTTP/2" 200 51950 "https://www.sescorp.cl/wp-admin/" "Mozilla/5.0 (Windows NT 10.0; Win64; x64) AppleWebKit/537.36 (KHTML, like Gecko) Chrome/150.0.0.0 Safari/537.36"
91.84.97.111 - - [05/Aug/2026:00:06:38 +0000] "GET /wp-json/wp/v2/users/me?context=edit&_locale=user HTTP/2" 200 842 "https://www.sescorp.cl/wp-admin/plugin-install.php" "Mozilla/5.0 (Windows NT 10.0; Win64; x64) AppleWebKit/537.36 (KHTML, like Gecko) Chrome/150.0.0.0 Safari/537.36"
91.84.97.111 - - [05/Aug/2026:00:06:41 +0000] "POST /wp-admin/update.php?action=upload-plugin HTTP/2" 403 1242 "https://www.sescorp.cl/wp-admin/plugin-install.php" "Mozilla/5.0 (Windows NT 10.0; Win64; x64) AppleWebKit/537.36 (KHTML, like Gecko) Chrome/150.0.0.0 Safari/537.36"
91.84.97.111 - - [05/Aug/2026:00:06:44 +0000] "GET /wp-admin/plugin-install.php HTTP/2" 200 51950 "https://www.sescorp.cl/wp-admin/" "Mozilla/5.0 (Windows NT 10.0; Win64; x64) AppleWebKit/537.36 (KHTML, like Gecko) Chrome/150.0.0.0 Safari/537.36"
91.84.97.111 - - [05/Aug/2026:00:06:46 +0000] "GET /wp-json/wp/v2/users/me?context=edit&_locale=user HTTP/2" 200 842 "https://www.sescorp.cl/wp-admin/plugin-install.php" "Mozilla/5.0 (Windows NT 10.0; Win64; x64) AppleWebKit/537.36 (KHTML, like Gecko) Chrome/150.0.0.0 Safari/537.36"
170.10.160.123 - - [05/Aug/2026:00:08:16 +0000] "POST /wp-cron.php?doing_wp_cron=1785888496.6306428909301757812500 HTTP/1.1" 200 20 "-" "WordPress/6.9.4; https://www.sescorp.cl"
216.73.160.151 - - [05/Aug/2026:00:08:16 +0000] "GET /wp-login.php HTTP/1.1" 200 3100 "https://www.facebook.com/" "Mozilla/5.0 (Macintosh; Intel Mac OS X 13_6_1) AppleWebKit/605.1.15 (KHTML, like Gecko) Version/17.0 Safari/605.1.15"
216.73.160.151 - - [05/Aug/2026:00:08:17 +0000] "GET /?author=1 HTTP/1.1" 301 20 "https://www.facebook.com/" "Mozilla/5.0 (Macintosh; Intel Mac OS X 13_6_1) AppleWebKit/537.36 (KHTML, like Gecko) Chrome/121.0.0.0 Safari/537.36"
216.73.160.151 - - [05/Aug/2026:00:08:18 +0000] "GET / HTTP/1.1" 200 22228 "https://www.facebook.com/" "Mozilla/5.0 (Macintosh; Intel Mac OS X 13_6_1) AppleWebKit/537.36 (KHTML, like Gecko) Chrome/121.0.0.0 Safari/537.36"
216.73.160.151 - - [05/Aug/2026:00:08:21 +0000] "GET /?author=2 HTTP/1.1" 301 20 "https://www.google.com/" "Mozilla/5.0 (Macintosh; Intel Mac OS X 10_15_7; rv:118.0) Gecko/20100101 Firefox/118.0"
216.73.160.151 - - [05/Aug/2026:00:08:22 +0000] "GET / HTTP/1.1" 200 22228 "https://www.google.com/" "Mozilla/5.0 (Macintosh; Intel Mac OS X 10_15_7; rv:118.0) Gecko/20100101 Firefox/118.0"
170.10.160.123 - - [05/Aug/2026:00:09:30 +0000] "POST /wp-cron.php?doing_wp_cron=1785888570.0906128883361816406250 HTTP/1.1" 200 20 "-" "WordPress/6.9.4; https://www.sescorp.cl"
45.8.19.92 - - [05/Aug/2026:00:10:24 +0000] "POST /wp-login.php HTTP/1.1" 200 3254 "https://www.sescorp.cl/wp-login.php" "Mozilla/5.0 (Windows NT 11.0; Win64; x64) AppleWebKit/537.36 (KHTML, like Gecko) Chrome/118.0.0.0 Safari/537.36"
170.10.160.123 - - [05/Aug/2026:00:10:32 +0000] "POST /wp-cron.php?doing_wp_cron=1785888632.6072020530700683593750 HTTP/1.1" 200 20 "-" "WordPress/6.9.4; https://www.sescorp.cl"
45.8.19.92 - - [05/Aug/2026:00:10:31 +0000] "GET /wp-admin/index.php HTTP/1.1" 302 20 "https://www.sescorp.cl/wp-login.php" "Mozilla/5.0 (Windows NT 11.0; Win64; x64) AppleWebKit/537.36 (KHTML, like Gecko) Chrome/118.0.0.0 Safari/537.36"
45.8.19.92 - - [05/Aug/2026:00:10:32 +0000] "GET /wp-login.php?redirect_to=https%3A%2F%2Fwww.sescorp.cl%2Fwp-admin%2Findex.php&reauth=1 HTTP/1.1" 200 3108 "https://www.sescorp.cl/wp-login.php" "Mozilla/5.0 (Windows NT 11.0; Win64; x64) AppleWebKit/537.36 (KHTML, like Gecko) Chrome/118.0.0.0 Safari/537.36"
45.8.19.92 - - [05/Aug/2026:00:10:34 +0000] "POST /wp-login.php HTTP/1.1" 200 3256 "https://www.sescorp.cl/wp-login.php" "Mozilla/5.0 (Macintosh; Intel Mac OS X 10_15_7) AppleWebKit/605.1.15 (KHTML, like Gecko) Version/16.6 Safari/605.1.15"
45.8.19.69 - - [05/Aug/2026:00:09:56 +0000] "POST /wp-login.php HTTP/1.1" 200 3258 "https://www.sescorp.cl/wp-login.php" "Mozilla/5.0 (Macintosh; Intel Mac OS X 13_6_1; rv:118.0) Gecko/20100101 Firefox/118.0"
45.8.19.69 - - [05/Aug/2026:00:09:59 +0000] "GET /wp-admin/index.php HTTP/1.1" 302 20 "https://www.sescorp.cl/wp-login.php" "Mozilla/5.0 (Macintosh; Intel Mac OS X 13_6_1) AppleWebKit/537.36 (KHTML, like Gecko) Chrome/121.0.0.0 Safari/537.36"
45.8.19.69 - - [05/Aug/2026:00:10:01 +0000] "GET /wp-login.php?redirect_to=https%3A%2F%2Fwww.sescorp.cl%2Fwp-admin%2Findex.php&reauth=1 HTTP/1.1" 200 3108 "https://www.sescorp.cl/wp-login.php" "Mozilla/5.0 (Macintosh; Intel Mac OS X 13_6_1) AppleWebKit/537.36 (KHTML, like Gecko) Chrome/121.0.0.0 Safari/537.36"
45.8.19.69 - - [05/Aug/2026:00:10:03 +0000] "POST /wp-login.php HTTP/1.1" 200 3257 "https://www.sescorp.cl/wp-login.php" "Mozilla/5.0 (Windows NT 11.0; Win64; x64) AppleWebKit/537.36 (KHTML, like Gecko) Chrome/121.0.0.0 Safari/537.36"
45.8.19.69 - - [05/Aug/2026:00:10:04 +0000] "GET /wp-admin/index.php HTTP/1.1" 302 20 "https://www.sescorp.cl/wp-login.php" "Mozilla/5.0 (Macintosh; Intel Mac OS X 10_15_7) AppleWebKit/537.36 (KHTML, like Gecko) Chrome/118.0.0.0 Safari/537.36"
45.8.19.69 - - [05/Aug/2026:00:10:06 +0000] "GET /wp-login.php?redirect_to=https%3A%2F%2Fwww.sescorp.cl%2Fwp-admin%2Findex.php&reauth=1 HTTP/1.1" 200 3108 "https://www.sescorp.cl/wp-login.php" "Mozilla/5.0 (Macintosh; Intel Mac OS X 10_15_7) AppleWebKit/537.36 (KHTML, like Gecko) Chrome/118.0.0.0 Safari/537.36"
45.8.19.69 - - [05/Aug/2026:00:10:07 +0000] "POST /wp-login.php HTTP/1.1" 200 3258 "https://www.sescorp.cl/wp-login.php" "Mozilla/5.0 (Windows NT 11.0; Win64; x64; rv:120.0) Gecko/20100101 Firefox/120.0"
45.8.19.69 - - [05/Aug/2026:00:10:08 +0000] "GET /wp-admin/index.php HTTP/1.1" 302 20 "https://www.sescorp.cl/wp-login.php" "Mozilla/5.0 (Macintosh; Intel Mac OS X 13_6_1; rv:118.0) Gecko/20100101 Firefox/118.0"
45.8.19.69 - - [05/Aug/2026:00:10:09 +0000] "GET /wp-login.php?redirect_to=https%3A%2F%2Fwww.sescorp.cl%2Fwp-admin%2Findex.php&reauth=1 HTTP/1.1" 200 3108 "https://www.sescorp.cl/wp-login.php" "Mozilla/5.0 (Macintosh; Intel Mac OS X 13_6_1; rv:118.0) Gecko/20100101 Firefox/118.0"
45.8.19.69 - - [05/Aug/2026:00:10:10 +0000] "POST /wp-login.php HTTP/1.1" 200 3206 "https://www.sescorp.cl/wp-login.php" "Mozilla/5.0 (Windows NT 10.0; Win64; x64) AppleWebKit/537.36 (KHTML, like Gecko) Chrome/119.0.0.0 Safari/537.36"
45.8.19.69 - - [05/Aug/2026:00:10:13 +0000] "GET /wp-admin/index.php HTTP/1.1" 302 20 "https://www.sescorp.cl/wp-login.php" "Mozilla/5.0 (Windows NT 10.0; Win64; x64) AppleWebKit/537.36 (KHTML, like Gecko) Chrome/119.0.0.0 Safari/537.36"
45.8.19.69 - - [05/Aug/2026:00:10:16 +0000] "GET /wp-login.php?redirect_to=https%3A%2F%2Fwww.sescorp.cl%2Fwp-admin%2Findex.php&reauth=1 HTTP/1.1" 200 3108 "https://www.sescorp.cl/wp-login.php" "Mozilla/5.0 (Windows NT 10.0; Win64; x64) AppleWebKit/537.36 (KHTML, like Gecko) Chrome/119.0.0.0 Safari/537.36"
45.8.19.69 - - [05/Aug/2026:00:10:18 +0000] "POST /wp-login.php HTTP/1.1" 403 3108 "https://www.sescorp.cl/wp-login.php" "Mozilla/5.0 (Windows NT 10.0; Win64; x64; rv:120.0) Gecko/20100101 Firefox/120.0"
216.73.160.133 - - [05/Aug/2026:00:09:44 +0000] "GET /wp-login.php?redirect_to=https%3A%2F%2Fwww.sescorp.cl%2Fwp-admin%2Findex.php&reauth=1 HTTP/1.1" 200 3108 "https://www.sescorp.cl/wp-login.php" "Mozilla/5.0 (X11; Ubuntu; Linux x86_64) AppleWebKit/537.36 (KHTML, like Gecko) Chrome/119.0.0.0 Safari/537.36"
216.73.160.133 - - [05/Aug/2026:00:09:45 +0000] "POST /wp-login.php HTTP/1.1" 200 3206 "https://www.sescorp.cl/wp-login.php" "Mozilla/5.0 (Windows NT 10.0; Win64; x64) AppleWebKit/537.36 (KHTML, like Gecko) Chrome/119.0.0.0 Safari/537.36"
216.73.160.133 - - [05/Aug/2026:00:09:47 +0000] "GET /wp-admin/index.php HTTP/1.1" 302 20 "https://www.sescorp.cl/wp-login.php" "Mozilla/5.0 (Windows NT 11.0; Win64; x64; rv:120.0) Gecko/20100101 Firefox/120.0"
216.73.160.133 - - [05/Aug/2026:00:09:49 +0000] "GET /wp-login.php?redirect_to=https%3A%2F%2Fwww.sescorp.cl%2Fwp-admin%2Findex.php&reauth=1 HTTP/1.1" 200 3108 "https://www.sescorp.cl/wp-login.php" "Mozilla/5.0 (Windows NT 11.0; Win64; x64; rv:120.0) Gecko/20100101 Firefox/120.0"
216.73.160.133 - - [05/Aug/2026:00:09:50 +0000] "POST /wp-login.php HTTP/1.1" 403 3108 "https://www.sescorp.cl/wp-login.php" "Mozilla/5.0 (Windows NT 11.0; Win64; x64; rv:120.0) Gecko/20100101 Firefox/120.0"
45.8.19.92 - - [05/Aug/2026:00:10:38 +0000] "GET /wp-admin/index.php HTTP/1.1" 302 20 "https://www.sescorp.cl/wp-login.php" "Mozilla/5.0 (Macintosh; Intel Mac OS X 10_15_7; rv:119.0) Gecko/20100101 Firefox/119.0"
216.73.160.143 - - [05/Aug/2026:00:10:49 +0000] "GET /wp-admin/profile.php HTTP/1.1" 302 20 "https://www.sescorp.cl/wp-login.php" "Mozilla/5.0 (Macintosh; Intel Mac OS X 10_15_7; rv:119.0) Gecko/20100101 Firefox/119.0"
216.73.160.143 - - [05/Aug/2026:00:10:51 +0000] "GET /wp-login.php?redirect_to=https%3A%2F%2Fwww.sescorp.cl%2Fwp-admin%2Fprofile.php&reauth=1 HTTP/1.1" 200 3110 "https://www.sescorp.cl/wp-login.php" "Mozilla/5.0 (Macintosh; Intel Mac OS X 10_15_7; rv:119.0) Gecko/20100101 Firefox/119.0"
216.73.160.143 - - [05/Aug/2026:00:10:52 +0000] "POST /wp-login.php HTTP/1.1" 200 3258 "https://www.sescorp.cl/wp-login.php" "Mozilla/5.0 (Macintosh; Intel Mac OS X 13_6_1; rv:121.0) Gecko/20100101 Firefox/121.0"
216.73.160.143 - - [05/Aug/2026:00:10:53 +0000] "GET /wp-admin/index.php HTTP/1.1" 302 20 "https://www.sescorp.cl/wp-login.php" "Mozilla/5.0 (Windows NT 11.0; Win64; x64; rv:121.0) Gecko/20100101 Firefox/121.0"
216.73.160.143 - - [05/Aug/2026:00:10:54 +0000] "GET /wp-login.php?redirect_to=https%3A%2F%2Fwww.sescorp.cl%2Fwp-admin%2Findex.php&reauth=1 HTTP/1.1" 200 3108 "https://www.sescorp.cl/wp-login.php" "Mozilla/5.0 (Windows NT 11.0; Win64; x64; rv:121.0) Gecko/20100101 Firefox/121.0"
216.73.160.143 - - [05/Aug/2026:00:10:55 +0000] "POST /wp-login.php HTTP/1.1" 200 3261 "https://www.sescorp.cl/wp-login.php" "Mozilla/5.0 (Windows NT 11.0; Win64; x64; rv:118.0) Gecko/20100101 Firefox/118.0"
216.73.160.143 - - [05/Aug/2026:00:10:56 +0000] "GET /wp-admin/index.php HTTP/1.1" 302 20 "https://www.sescorp.cl/wp-login.php" "Mozilla/5.0 (Windows NT 11.0; Win64; x64) AppleWebKit/537.36 (KHTML, like Gecko) Chrome/118.0.0.0 Safari/537.36"
216.73.160.143 - - [05/Aug/2026:00:10:57 +0000] "GET /wp-login.php?redirect_to=https%3A%2F%2Fwww.sescorp.cl%2Fwp-admin%2Findex.php&reauth=1 HTTP/1.1" 200 3108 "https://www.sescorp.cl/wp-login.php" "Mozilla/5.0 (Windows NT 11.0; Win64; x64) AppleWebKit/537.36 (KHTML, like Gecko) Chrome/118.0.0.0 Safari/537.36"
216.73.160.143 - - [05/Aug/2026:00:10:58 +0000] "POST /wp-login.php HTTP/1.1" 200 3262 "https://www.sescorp.cl/wp-login.php" "Mozilla/5.0 (Windows NT 11.0; Win64; x64; rv:119.0) Gecko/20100101 Firefox/119.0"
216.73.160.143 - - [05/Aug/2026:00:10:59 +0000] "GET /wp-admin/index.php HTTP/1.1" 302 20 "https://www.sescorp.cl/wp-login.php" "Mozilla/5.0 (Macintosh; Intel Mac OS X 13_6_1) AppleWebKit/537.36 (KHTML, like Gecko) Chrome/120.0.0.0 Safari/537.36"
216.73.160.143 - - [05/Aug/2026:00:11:01 +0000] "GET /wp-login.php?redirect_to=https%3A%2F%2Fwww.sescorp.cl%2Fwp-admin%2Findex.php&reauth=1 HTTP/1.1" 200 3108 "https://www.sescorp.cl/wp-login.php" "Mozilla/5.0 (Macintosh; Intel Mac OS X 13_6_1) AppleWebKit/537.36 (KHTML, like Gecko) Chrome/120.0.0.0 Safari/537.36"
216.73.160.143 - - [05/Aug/2026:00:11:03 +0000] "POST /wp-login.php HTTP/1.1" 200 3253 "https://www.sescorp.cl/wp-login.php" "Mozilla/5.0 (X11; Linux x86_64) AppleWebKit/537.36 (KHTML, like Gecko) Chrome/119.0.0.0 Safari/537.36"
216.73.160.143 - - [05/Aug/2026:00:11:04 +0000] "GET /wp-admin/index.php HTTP/1.1" 302 20 "https://www.sescorp.cl/wp-login.php" "Mozilla/5.0 (Macintosh; Intel Mac OS X 10_15_7; rv:121.0) Gecko/20100101 Firefox/121.0"
216.73.160.143 - - [05/Aug/2026:00:11:05 +0000] "GET /wp-login.php?redirect_to=https%3A%2F%2Fwww.sescorp.cl%2Fwp-admin%2Findex.php&reauth=1 HTTP/1.1" 200 3108 "https://www.sescorp.cl/wp-login.php" "Mozilla/5.0 (Macintosh; Intel Mac OS X 10_15_7; rv:121.0) Gecko/20100101 Firefox/121.0"
216.73.160.143 - - [05/Aug/2026:00:11:07 +0000] "POST /wp-login.php HTTP/1.1" 200 3255 "https://www.sescorp.cl/wp-login.php" "Mozilla/5.0 (Macintosh; Intel Mac OS X 13_6_1) AppleWebKit/537.36 (KHTML, like Gecko) Chrome/118.0.0.0 Safari/537.36"
216.73.160.143 - - [05/Aug/2026:00:11:11 +0000] "GET /wp-admin/index.php HTTP/1.1" 302 20 "https://www.sescorp.cl/wp-login.php" "Mozilla/5.0 (Macintosh; Intel Mac OS X 10_15_7) AppleWebKit/605.1.15 (KHTML, like Gecko) Version/17.1 Safari/605.1.15"
216.73.160.143 - - [05/Aug/2026:00:11:13 +0000] "GET /wp-login.php?redirect_to=https%3A%2F%2Fwww.sescorp.cl%2Fwp-admin%2Findex.php&reauth=1 HTTP/1.1" 200 3108 "https://www.sescorp.cl/wp-login.php" "Mozilla/5.0 (Macintosh; Intel Mac OS X 10_15_7) AppleWebKit/605.1.15 (KHTML, like Gecko) Version/17.1 Safari/605.1.15"
216.73.160.143 - - [05/Aug/2026:00:11:14 +0000] "POST /wp-login.php HTTP/1.1" 403 3108 "https://www.sescorp.cl/wp-login.php" "Mozilla/5.0 (X11; Ubuntu; Linux x86_64) AppleWebKit/537.36 (KHTML, like Gecko) Chrome/118.0.0.0 Safari/537.36"
45.8.19.70 - - [05/Aug/2026:00:11:20 +0000] "POST /wp-login.php HTTP/1.1" 200 3259 "https://www.sescorp.cl/wp-login.php" "Mozilla/5.0 (Windows NT 10.0; Win64; x64) AppleWebKit/537.36 (KHTML, like Gecko) Chrome/120.0.0.0 Safari/537.36"
45.8.19.70 - - [05/Aug/2026:00:11:24 +0000] "GET /wp-admin/index.php HTTP/1.1" 302 20 "https://www.sescorp.cl/wp-login.php" "Mozilla/5.0 (X11; Ubuntu; Linux x86_64) AppleWebKit/537.36 (KHTML, like Gecko) Chrome/120.0.0.0 Safari/537.36"
45.8.19.70 - - [05/Aug/2026:00:11:24 +0000] "GET /wp-login.php?redirect_to=https%3A%2F%2Fwww.sescorp.cl%2Fwp-admin%2Findex.php&reauth=1 HTTP/1.1" 200 3108 "https://www.sescorp.cl/wp-login.php" "Mozilla/5.0 (X11; Ubuntu; Linux x86_64) AppleWebKit/537.36 (KHTML, like Gecko) Chrome/120.0.0.0 Safari/537.36"
45.8.19.70 - - [05/Aug/2026:00:11:26 +0000] "POST /wp-login.php HTTP/1.1" 200 3258 "https://www.sescorp.cl/wp-login.php" "Mozilla/5.0 (X11; Linux x86_64) AppleWebKit/537.36 (KHTML, like Gecko) Chrome/121.0.0.0 Safari/537.36"
45.8.19.70 - - [05/Aug/2026:00:11:27 +0000] "GET /wp-admin/index.php HTTP/1.1" 302 20 "https://www.sescorp.cl/wp-login.php" "Mozilla/5.0 (X11; Linux x86_64) AppleWebKit/537.36 (KHTML, like Gecko) Chrome/118.0.0.0 Safari/537.36"
45.8.19.70 - - [05/Aug/2026:00:11:27 +0000] "GET /wp-login.php?redirect_to=https%3A%2F%2Fwww.sescorp.cl%2Fwp-admin%2Findex.php&reauth=1 HTTP/1.1" 200 3108 "https://www.sescorp.cl/wp-login.php" "Mozilla/5.0 (X11; Linux x86_64) AppleWebKit/537.36 (KHTML, like Gecko) Chrome/118.0.0.0 Safari/537.36"
45.8.19.70 - - [05/Aug/2026:00:11:30 +0000] "POST /wp-login.php HTTP/1.1" 200 3257 "https://www.sescorp.cl/wp-login.php" "Mozilla/5.0 (Windows NT 11.0; Win64; x64; rv:121.0) Gecko/20100101 Firefox/121.0"
45.8.19.70 - - [05/Aug/2026:00:11:31 +0000] "GET /wp-admin/index.php HTTP/1.1" 302 20 "https://www.sescorp.cl/wp-login.php" "Mozilla/5.0 (X11; Ubuntu; Linux x86_64) AppleWebKit/537.36 (KHTML, like Gecko) Chrome/120.0.0.0 Safari/537.36"
45.8.19.70 - - [05/Aug/2026:00:11:33 +0000] "GET /wp-login.php?redirect_to=https%3A%2F%2Fwww.sescorp.cl%2Fwp-admin%2Findex.php&reauth=1 HTTP/1.1" 200 3108 "https://www.sescorp.cl/wp-login.php" "Mozilla/5.0 (X11; Ubuntu; Linux x86_64) AppleWebKit/537.36 (KHTML, like Gecko) Chrome/120.0.0.0 Safari/537.36"
45.8.19.70 - - [05/Aug/2026:00:11:35 +0000] "POST /wp-login.php HTTP/1.1" 200 3262 "https://www.sescorp.cl/wp-login.php" "Mozilla/5.0 (Windows NT 11.0; Win64; x64) AppleWebKit/537.36 (KHTML, like Gecko) Chrome/119.0.0.0 Safari/537.36"
45.8.19.70 - - [05/Aug/2026:00:11:37 +0000] "GET /wp-admin/index.php HTTP/1.1" 302 20 "https://www.sescorp.cl/wp-login.php" "Mozilla/5.0 (Macintosh; Intel Mac OS X 13_6_1) AppleWebKit/537.36 (KHTML, like Gecko) Chrome/118.0.0.0 Safari/537.36"
45.8.19.70 - - [05/Aug/2026:00:11:38 +0000] "GET /wp-login.php?redirect_to=https%3A%2F%2Fwww.sescorp.cl%2Fwp-admin%2Findex.php&reauth=1 HTTP/1.1" 200 3108 "https://www.sescorp.cl/wp-login.php" "Mozilla/5.0 (Macintosh; Intel Mac OS X 13_6_1) AppleWebKit/537.36 (KHTML, like Gecko) Chrome/118.0.0.0 Safari/537.36"
45.8.19.70 - - [05/Aug/2026:00:11:40 +0000] "POST /wp-login.php HTTP/1.1" 200 3255 "https://www.sescorp.cl/wp-login.php" "Mozilla/5.0 (Macintosh; Intel Mac OS X 13_6_1; rv:121.0) Gecko/20100101 Firefox/121.0"
45.8.19.70 - - [05/Aug/2026:00:11:43 +0000] "GET /wp-admin/index.php HTTP/1.1" 302 20 "https://www.sescorp.cl/wp-login.php" "Mozilla/5.0 (Macintosh; Intel Mac OS X 13_6_1) AppleWebKit/605.1.15 (KHTML, like Gecko) Version/17.1 Safari/605.1.15"
45.8.19.70 - - [05/Aug/2026:00:11:44 +0000] "GET /wp-login.php?redirect_to=https%3A%2F%2Fwww.sescorp.cl%2Fwp-admin%2Findex.php&reauth=1 HTTP/1.1" 200 3108 "https://www.sescorp.cl/wp-login.php" "Mozilla/5.0 (Macintosh; Intel Mac OS X 13_6_1) AppleWebKit/605.1.15 (KHTML, like Gecko) Version/17.1 Safari/605.1.15"
45.8.19.70 - - [05/Aug/2026:00:11:45 +0000] "POST /wp-login.php HTTP/1.1" 403 3108 "https://www.sescorp.cl/wp-login.php" "Mozilla/5.0 (Macintosh; Intel Mac OS X 10_15_7; rv:119.0) Gecko/20100101 Firefox/119.0"
216.73.160.148 - - [05/Aug/2026:00:11:51 +0000] "POST /wp-login.php HTTP/1.1" 200 3262 "https://www.sescorp.cl/wp-login.php" "Mozilla/5.0 (Windows NT 10.0; Win64; x64) AppleWebKit/537.36 (KHTML, like Gecko) Chrome/119.0.0.0 Safari/537.36"
216.73.160.148 - - [05/Aug/2026:00:11:54 +0000] "GET /wp-admin/index.php HTTP/1.1" 302 20 "https://www.sescorp.cl/wp-login.php" "Mozilla/5.0 (Macintosh; Intel Mac OS X 10_15_7; rv:118.0) Gecko/20100101 Firefox/118.0"
170.10.160.123 - - [05/Aug/2026:00:11:31 +0000] "POST /wp-cron.php?doing_wp_cron=1785888691.5578889846801757812500 HTTP/1.1" 200 20 "-" "WordPress/6.9.4; https://www.sescorp.cl"
216.73.160.135 - - [05/Aug/2026:00:12:19 +0000] "POST /wp-login.php HTTP/1.1" 200 3261 "https://www.sescorp.cl/wp-login.php" "Mozilla/5.0 (Macintosh; Intel Mac OS X 13_6_1) AppleWebKit/605.1.15 (KHTML, like Gecko) Version/17.1 Safari/605.1.15"
216.73.160.135 - - [05/Aug/2026:00:12:24 +0000] "GET /wp-admin/index.php HTTP/1.1" 302 20 "https://www.sescorp.cl/wp-login.php" "Mozilla/5.0 (Macintosh; Intel Mac OS X 10_15_7) AppleWebKit/605.1.15 (KHTML, like Gecko) Version/16.6 Safari/605.1.15"
216.73.160.135 - - [05/Aug/2026:00:12:25 +0000] "GET /wp-login.php?redirect_to=https%3A%2F%2Fwww.sescorp.cl%2Fwp-admin%2Findex.php&reauth=1 HTTP/1.1" 200 3108 "https://www.sescorp.cl/wp-login.php" "Mozilla/5.0 (Macintosh; Intel Mac OS X 10_15_7) AppleWebKit/605.1.15 (KHTML, like Gecko) Version/16.6 Safari/605.1.15"
216.73.160.135 - - [05/Aug/2026:00:12:26 +0000] "POST /wp-login.php HTTP/1.1" 200 3255 "https://www.sescorp.cl/wp-login.php" "Mozilla/5.0 (Macintosh; Intel Mac OS X 13_6_1) AppleWebKit/537.36 (KHTML, like Gecko) Chrome/120.0.0.0 Safari/537.36"
216.73.160.135 - - [05/Aug/2026:00:12:27 +0000] "GET /wp-admin/index.php HTTP/1.1" 302 20 "https://www.sescorp.cl/wp-login.php" "Mozilla/5.0 (Windows NT 11.0; Win64; x64) AppleWebKit/537.36 (KHTML, like Gecko) Chrome/118.0.0.0 Safari/537.36"
216.73.160.135 - - [05/Aug/2026:00:12:28 +0000] "GET /wp-login.php?redirect_to=https%3A%2F%2Fwww.sescorp.cl%2Fwp-admin%2Findex.php&reauth=1 HTTP/1.1" 200 3108 "https://www.sescorp.cl/wp-login.php" "Mozilla/5.0 (Windows NT 11.0; Win64; x64) AppleWebKit/537.36 (KHTML, like Gecko) Chrome/118.0.0.0 Safari/537.36"
170.10.160.123 - - [05/Aug/2026:00:12:34 +0000] "POST /wp-cron.php?doing_wp_cron=1785888754.0995268821716308593750 HTTP/1.1" 200 20 "-" "WordPress/6.9.4; https://www.sescorp.cl"
216.73.160.135 - - [05/Aug/2026:00:12:33 +0000] "POST /wp-login.php HTTP/1.1" 200 3253 "https://www.sescorp.cl/wp-login.php" "Mozilla/5.0 (Macintosh; Intel Mac OS X 13_6_1) AppleWebKit/537.36 (KHTML, like Gecko) Chrome/118.0.0.0 Safari/537.36"
216.73.160.135 - - [05/Aug/2026:00:12:34 +0000] "GET /wp-admin/index.php HTTP/1.1" 302 20 "https://www.sescorp.cl/wp-login.php" "Mozilla/5.0 (X11; Ubuntu; Linux x86_64) AppleWebKit/537.36 (KHTML, like Gecko) Chrome/121.0.0.0 Safari/537.36"
216.73.160.135 - - [05/Aug/2026:00:12:36 +0000] "GET /wp-login.php?redirect_to=https%3A%2F%2Fwww.sescorp.cl%2Fwp-admin%2Findex.php&reauth=1 HTTP/1.1" 200 3108 "https://www.sescorp.cl/wp-login.php" "Mozilla/5.0 (X11; Ubuntu; Linux x86_64) AppleWebKit/537.36 (KHTML, like Gecko) Chrome/121.0.0.0 Safari/537.36"
216.73.160.135 - - [05/Aug/2026:00:12:42 +0000] "POST /wp-login.php HTTP/1.1" 200 3263 "https://www.sescorp.cl/wp-login.php" "Mozilla/5.0 (Windows NT 10.0; Win64; x64; rv:120.0) Gecko/20100101 Firefox/120.0"
216.73.160.135 - - [05/Aug/2026:00:12:43 +0000] "GET /wp-admin/index.php HTTP/1.1" 302 20 "https://www.sescorp.cl/wp-login.php" "Mozilla/5.0 (Windows NT 11.0; Win64; x64; rv:118.0) Gecko/20100101 Firefox/118.0"
216.73.160.135 - - [05/Aug/2026:00:12:44 +0000] "GET /wp-login.php?redirect_to=https%3A%2F%2Fwww.sescorp.cl%2Fwp-admin%2Findex.php&reauth=1 HTTP/1.1" 200 3108 "https://www.sescorp.cl/wp-login.php" "Mozilla/5.0 (Windows NT 11.0; Win64; x64; rv:118.0) Gecko/20100101 Firefox/118.0"
216.73.160.135 - - [05/Aug/2026:00:12:45 +0000] "POST /wp-login.php HTTP/1.1" 200 3256 "https://www.sescorp.cl/wp-login.php" "Mozilla/5.0 (Macintosh; Intel Mac OS X 13_6_1) AppleWebKit/605.1.15 (KHTML, like Gecko) Version/16.6 Safari/605.1.15"
216.73.160.135 - - [05/Aug/2026:00:12:48 +0000] "GET /wp-admin/index.php HTTP/1.1" 302 20 "https://www.sescorp.cl/wp-login.php" "Mozilla/5.0 (X11; Linux x86_64) AppleWebKit/537.36 (KHTML, like Gecko) Chrome/118.0.0.0 Safari/537.36"
216.73.160.148 - - [05/Aug/2026:00:11:55 +0000] "GET /wp-login.php?redirect_to=https%3A%2F%2Fwww.sescorp.cl%2Fwp-admin%2Findex.php&reauth=1 HTTP/1.1" 200 3108 "https://www.sescorp.cl/wp-login.php" "Mozilla/5.0 (Macintosh; Intel Mac OS X 10_15_7; rv:118.0) Gecko/20100101 Firefox/118.0"
216.73.160.148 - - [05/Aug/2026:00:11:56 +0000] "POST /wp-login.php HTTP/1.1" 200 3253 "https://www.sescorp.cl/wp-login.php" "Mozilla/5.0 (Macintosh; Intel Mac OS X 13_6_1; rv:118.0) Gecko/20100101 Firefox/118.0"
216.73.160.148 - - [05/Aug/2026:00:11:57 +0000] "GET /wp-admin/index.php HTTP/1.1" 302 20 "https://www.sescorp.cl/wp-login.php" "Mozilla/5.0 (Macintosh; Intel Mac OS X 10_15_7; rv:118.0) Gecko/20100101 Firefox/118.0"
216.73.160.148 - - [05/Aug/2026:00:11:58 +0000] "GET /wp-login.php?redirect_to=https%3A%2F%2Fwww.sescorp.cl%2Fwp-admin%2Findex.php&reauth=1 HTTP/1.1" 200 3108 "https://www.sescorp.cl/wp-login.php" "Mozilla/5.0 (Macintosh; Intel Mac OS X 10_15_7; rv:118.0) Gecko/20100101 Firefox/118.0"
216.73.160.148 - - [05/Aug/2026:00:11:59 +0000] "POST /wp-login.php HTTP/1.1" 200 3255 "https://www.sescorp.cl/wp-login.php" "Mozilla/5.0 (Macintosh; Intel Mac OS X 10_15_7) AppleWebKit/537.36 (KHTML, like Gecko) Chrome/120.0.0.0 Safari/537.36"
216.73.160.148 - - [05/Aug/2026:00:12:00 +0000] "GET /wp-admin/index.php HTTP/1.1" 302 20 "https://www.sescorp.cl/wp-login.php" "Mozilla/5.0 (Windows NT 10.0; Win64; x64) AppleWebKit/537.36 (KHTML, like Gecko) Chrome/121.0.0.0 Safari/537.36"
216.73.160.148 - - [05/Aug/2026:00:12:02 +0000] "GET /wp-login.php?redirect_to=https%3A%2F%2Fwww.sescorp.cl%2Fwp-admin%2Findex.php&reauth=1 HTTP/1.1" 200 3108 "https://www.sescorp.cl/wp-login.php" "Mozilla/5.0 (Windows NT 10.0; Win64; x64) AppleWebKit/537.36 (KHTML, like Gecko) Chrome/121.0.0.0 Safari/537.36"
216.73.160.148 - - [05/Aug/2026:00:12:03 +0000] "POST /wp-login.php HTTP/1.1" 200 3256 "https://www.sescorp.cl/wp-login.php" "Mozilla/5.0 (Macintosh; Intel Mac OS X 13_6_1) AppleWebKit/605.1.15 (KHTML, like Gecko) Version/17.1 Safari/605.1.15"
216.73.160.148 - - [05/Aug/2026:00:12:05 +0000] "GET /wp-admin/index.php HTTP/1.1" 302 20 "https://www.sescorp.cl/wp-login.php" "Mozilla/5.0 (Macintosh; Intel Mac OS X 10_15_7; rv:118.0) Gecko/20100101 Firefox/118.0"
216.73.160.148 - - [05/Aug/2026:00:12:08 +0000] "GET /wp-login.php?redirect_to=https%3A%2F%2Fwww.sescorp.cl%2Fwp-admin%2Findex.php&reauth=1 HTTP/1.1" 200 3108 "https://www.sescorp.cl/wp-login.php" "Mozilla/5.0 (Macintosh; Intel Mac OS X 10_15_7; rv:118.0) Gecko/20100101 Firefox/118.0"
216.73.160.148 - - [05/Aug/2026:00:12:09 +0000] "POST /wp-login.php HTTP/1.1" 200 3256 "https://www.sescorp.cl/wp-login.php" "Mozilla/5.0 (Macintosh; Intel Mac OS X 10_15_7) AppleWebKit/605.1.15 (KHTML, like Gecko) Version/17.0 Safari/605.1.15"
216.73.160.148 - - [05/Aug/2026:00:12:14 +0000] "GET /wp-admin/index.php HTTP/1.1" 302 20 "https://www.sescorp.cl/wp-login.php" "Mozilla/5.0 (Windows NT 11.0; Win64; x64) AppleWebKit/537.36 (KHTML, like Gecko) Chrome/119.0.0.0 Safari/537.36"
216.73.160.148 - - [05/Aug/2026:00:12:16 +0000] "GET /wp-login.php?redirect_to=https%3A%2F%2Fwww.sescorp.cl%2Fwp-admin%2Findex.php&reauth=1 HTTP/1.1" 200 3108 "https://www.sescorp.cl/wp-login.php" "Mozilla/5.0 (Windows NT 11.0; Win64; x64) AppleWebKit/537.36 (KHTML, like Gecko) Chrome/119.0.0.0 Safari/537.36"
216.73.160.148 - - [05/Aug/2026:00:12:17 +0000] "POST /wp-login.php HTTP/1.1" 403 3108 "https://www.sescorp.cl/wp-login.php" "Mozilla/5.0 (Windows NT 11.0; Win64; x64) AppleWebKit/537.36 (KHTML, like Gecko) Chrome/121.0.0.0 Safari/537.36"
170.10.160.123 - - [05/Aug/2026:00:13:33 +0000] "POST /wp-cron.php?doing_wp_cron=1785888813.1840410232543945312500 HTTP/1.1" 200 20 "-" "WordPress/6.9.4; https://www.sescorp.cl"
40.87.20.23 - - [05/Aug/2026:00:13:33 +0000] "GET / HTTP/1.1" 301 20 "-" "Mozilla/5.0 (Windows NT 10.0; Win64; x64) AppleWebKit/537.36 (KHTML, like Gecko) Chrome/145.0.0.0 Safari/537.36"
216.73.160.135 - - [05/Aug/2026:00:12:49 +0000] "GET /wp-login.php?redirect_to=https%3A%2F%2Fwww.sescorp.cl%2Fwp-admin%2Findex.php&reauth=1 HTTP/1.1" 200 3108 "https://www.sescorp.cl/wp-login.php" "Mozilla/5.0 (X11; Linux x86_64) AppleWebKit/537.36 (KHTML, like Gecko) Chrome/118.0.0.0 Safari/537.36"
216.73.160.135 - - [05/Aug/2026:00:12:50 +0000] "POST /wp-login.php HTTP/1.1" 403 3108 "https://www.sescorp.cl/wp-login.php" "Mozilla/5.0 (Macintosh; Intel Mac OS X 10_15_7) AppleWebKit/537.36 (KHTML, like Gecko) Chrome/119.0.0.0 Safari/537.36"
216.73.160.151 - - [05/Aug/2026:00:13:32 +0000] "POST /wp-login.php HTTP/1.1" 200 3259 "https://www.sescorp.cl/wp-login.php" "Mozilla/5.0 (Windows NT 10.0; Win64; x64) AppleWebKit/537.36 (KHTML, like Gecko) Chrome/118.0.0.0 Safari/537.36"
40.87.20.23 - - [05/Aug/2026:00:13:34 +0000] "GET / HTTP/1.1" 200 22228 "-" "Mozilla/5.0 (Windows NT 10.0; Win64; x64) AppleWebKit/537.36 (KHTML, like Gecko) Chrome/145.0.0.0 Safari/537.36"
216.73.160.151 - - [05/Aug/2026:00:13:37 +0000] "GET /wp-admin/index.php HTTP/1.1" 302 20 "https://www.sescorp.cl/wp-login.php" "Mozilla/5.0 (Windows NT 10.0; Win64; x64) AppleWebKit/537.36 (KHTML, like Gecko) Chrome/120.0.0.0 Safari/537.36"
216.73.160.151 - - [05/Aug/2026:00:13:39 +0000] "GET /wp-login.php?redirect_to=https%3A%2F%2Fwww.sescorp.cl%2Fwp-admin%2Findex.php&reauth=1 HTTP/1.1" 200 3108 "https://www.sescorp.cl/wp-login.php" "Mozilla/5.0 (Windows NT 10.0; Win64; x64) AppleWebKit/537.36 (KHTML, like Gecko) Chrome/120.0.0.0 Safari/537.36"
216.73.160.151 - - [05/Aug/2026:00:13:40 +0000] "POST /wp-login.php HTTP/1.1" 200 3259 "https://www.sescorp.cl/wp-login.php" "Mozilla/5.0 (X11; Ubuntu; Linux x86_64) AppleWebKit/537.36 (KHTML, like Gecko) Chrome/120.0.0.0 Safari/537.36"
216.73.160.151 - - [05/Aug/2026:00:13:42 +0000] "GET /wp-admin/index.php HTTP/1.1" 302 20 "https://www.sescorp.cl/wp-login.php" "Mozilla/5.0 (X11; Ubuntu; Linux x86_64) AppleWebKit/537.36 (KHTML, like Gecko) Chrome/119.0.0.0 Safari/537.36"
216.73.160.151 - - [05/Aug/2026:00:13:44 +0000] "GET /wp-login.php?redirect_to=https%3A%2F%2Fwww.sescorp.cl%2Fwp-admin%2Findex.php&reauth=1 HTTP/1.1" 200 3108 "https://www.sescorp.cl/wp-login.php" "Mozilla/5.0 (X11; Ubuntu; Linux x86_64) AppleWebKit/537.36 (KHTML, like Gecko) Chrome/119.0.0.0 Safari/537.36"
216.73.160.151 - - [05/Aug/2026:00:13:45 +0000] "POST /wp-login.php HTTP/1.1" 200 3256 "https://www.sescorp.cl/wp-login.php" "Mozilla/5.0 (Windows NT 11.0; Win64; x64; rv:121.0) Gecko/20100101 Firefox/121.0"
216.73.160.151 - - [05/Aug/2026:00:13:46 +0000] "GET /wp-admin/index.php HTTP/1.1" 302 20 "https://www.sescorp.cl/wp-login.php" "Mozilla/5.0 (X11; Linux x86_64) AppleWebKit/537.36 (KHTML, like Gecko) Chrome/120.0.0.0 Safari/537.36"
216.73.160.151 - - [05/Aug/2026:00:13:48 +0000] "GET /wp-login.php?redirect_to=https%3A%2F%2Fwww.sescorp.cl%2Fwp-admin%2Findex.php&reauth=1 HTTP/1.1" 200 3108 "https://www.sescorp.cl/wp-login.php" "Mozilla/5.0 (X11; Linux x86_64) AppleWebKit/537.36 (KHTML, like Gecko) Chrome/120.0.0.0 Safari/537.36"
45.8.19.77 - - [05/Aug/2026:00:13:59 +0000] "GET /wp-admin/profile.php HTTP/1.1" 302 20 "https://www.sescorp.cl/wp-login.php" "Mozilla/5.0 (X11; Linux x86_64) AppleWebKit/537.36 (KHTML, like Gecko) Chrome/120.0.0.0 Safari/537.36"
45.8.19.77 - - [05/Aug/2026:00:14:02 +0000] "GET /wp-login.php?redirect_to=https%3A%2F%2Fwww.sescorp.cl%2Fwp-admin%2Fprofile.php&reauth=1 HTTP/1.1" 200 3110 "https://www.sescorp.cl/wp-login.php" "Mozilla/5.0 (X11; Linux x86_64) AppleWebKit/537.36 (KHTML, like Gecko) Chrome/120.0.0.0 Safari/537.36"
45.8.19.77 - - [05/Aug/2026:00:14:03 +0000] "POST /wp-login.php HTTP/1.1" 200 3263 "https://www.sescorp.cl/wp-login.php" "Mozilla/5.0 (Windows NT 10.0; Win64; x64) AppleWebKit/537.36 (KHTML, like Gecko) Chrome/118.0.0.0 Safari/537.36"
45.8.19.77 - - [05/Aug/2026:00:14:06 +0000] "GET /wp-admin/index.php HTTP/1.1" 302 20 "https://www.sescorp.cl/wp-login.php" "Mozilla/5.0 (Macintosh; Intel Mac OS X 13_6_1) AppleWebKit/605.1.15 (KHTML, like Gecko) Version/17.1 Safari/605.1.15"
45.8.19.74 - - [05/Aug/2026:00:12:54 +0000] "POST /wp-login.php HTTP/1.1" 200 3260 "https://www.sescorp.cl/wp-login.php" "Mozilla/5.0 (X11; Ubuntu; Linux x86_64) AppleWebKit/537.36 (KHTML, like Gecko) Chrome/120.0.0.0 Safari/537.36"
45.8.19.74 - - [05/Aug/2026:00:12:55 +0000] "GET /wp-admin/index.php HTTP/1.1" 302 20 "https://www.sescorp.cl/wp-login.php" "Mozilla/5.0 (Macintosh; Intel Mac OS X 10_15_7; rv:119.0) Gecko/20100101 Firefox/119.0"
45.8.19.74 - - [05/Aug/2026:00:12:57 +0000] "GET /wp-login.php?redirect_to=https%3A%2F%2Fwww.sescorp.cl%2Fwp-admin%2Findex.php&reauth=1 HTTP/1.1" 200 3108 "https://www.sescorp.cl/wp-login.php" "Mozilla/5.0 (Macintosh; Intel Mac OS X 10_15_7; rv:119.0) Gecko/20100101 Firefox/119.0"
45.8.19.74 - - [05/Aug/2026:00:12:59 +0000] "POST /wp-login.php HTTP/1.1" 200 3258 "https://www.sescorp.cl/wp-login.php" "Mozilla/5.0 (Windows NT 10.0; Win64; x64; rv:118.0) Gecko/20100101 Firefox/118.0"
216.73.160.146 - - [05/Aug/2026:00:14:42 +0000] "GET /wp-admin/profile.php HTTP/1.1" 302 20 "https://www.sescorp.cl/wp-login.php" "Mozilla/5.0 (Macintosh; Intel Mac OS X 13_6_1) AppleWebKit/537.36 (KHTML, like Gecko) Chrome/121.0.0.0 Safari/537.36"
216.73.160.146 - - [05/Aug/2026:00:14:43 +0000] "GET /wp-login.php?redirect_to=https%3A%2F%2Fwww.sescorp.cl%2Fwp-admin%2Fprofile.php&reauth=1 HTTP/1.1" 200 3110 "https://www.sescorp.cl/wp-login.php" "Mozilla/5.0 (Macintosh; Intel Mac OS X 13_6_1) AppleWebKit/537.36 (KHTML, like Gecko) Chrome/121.0.0.0 Safari/537.36"
216.73.160.146 - - [05/Aug/2026:00:14:46 +0000] "POST /wp-login.php HTTP/1.1" 200 3256 "https://www.sescorp.cl/wp-login.php" "Mozilla/5.0 (X11; Ubuntu; Linux x86_64) AppleWebKit/537.36 (KHTML, like Gecko) Chrome/119.0.0.0 Safari/537.36"
216.73.160.146 - - [05/Aug/2026:00:14:50 +0000] "GET /wp-admin/index.php HTTP/1.1" 302 20 "https://www.sescorp.cl/wp-login.php" "Mozilla/5.0 (X11; Linux x86_64) AppleWebKit/537.36 (KHTML, like Gecko) Chrome/121.0.0.0 Safari/537.36"
216.73.160.146 - - [05/Aug/2026:00:14:52 +0000] "GET /wp-login.php?redirect_to=https%3A%2F%2Fwww.sescorp.cl%2Fwp-admin%2Findex.php&reauth=1 HTTP/1.1" 200 3108 "https://www.sescorp.cl/wp-login.php" "Mozilla/5.0 (X11; Linux x86_64) AppleWebKit/537.36 (KHTML, like Gecko) Chrome/121.0.0.0 Safari/537.36"
216.73.160.146 - - [05/Aug/2026:00:14:53 +0000] "POST /wp-login.php HTTP/1.1" 200 3206 "https://www.sescorp.cl/wp-login.php" "Mozilla/5.0 (Windows NT 11.0; Win64; x64) AppleWebKit/537.36 (KHTML, like Gecko) Chrome/121.0.0.0 Safari/537.36"
216.73.160.146 - - [05/Aug/2026:00:14:58 +0000] "GET /wp-admin/index.php HTTP/1.1" 302 20 "https://www.sescorp.cl/wp-login.php" "Mozilla/5.0 (Windows NT 11.0; Win64; x64) AppleWebKit/537.36 (KHTML, like Gecko) Chrome/120.0.0.0 Safari/537.36"
216.73.160.146 - - [05/Aug/2026:00:14:59 +0000] "GET /wp-login.php?redirect_to=https%3A%2F%2Fwww.sescorp.cl%2Fwp-admin%2Findex.php&reauth=1 HTTP/1.1" 200 3108 "https://www.sescorp.cl/wp-login.php" "Mozilla/5.0 (Windows NT 11.0; Win64; x64) AppleWebKit/537.36 (KHTML, like Gecko) Chrome/120.0.0.0 Safari/537.36"
216.73.160.146 - - [05/Aug/2026:00:15:01 +0000] "POST /wp-login.php HTTP/1.1" 200 3253 "https://www.sescorp.cl/wp-login.php" "Mozilla/5.0 (Windows NT 10.0; Win64; x64; rv:121.0) Gecko/20100101 Firefox/121.0"
216.73.160.146 - - [05/Aug/2026:00:15:04 +0000] "GET /wp-admin/index.php HTTP/1.1" 302 20 "https://www.sescorp.cl/wp-login.php" "Mozilla/5.0 (X11; Ubuntu; Linux x86_64) AppleWebKit/537.36 (KHTML, like Gecko) Chrome/118.0.0.0 Safari/537.36"
216.73.160.146 - - [05/Aug/2026:00:15:06 +0000] "GET /wp-login.php?redirect_to=https%3A%2F%2Fwww.sescorp.cl%2Fwp-admin%2Findex.php&reauth=1 HTTP/1.1" 200 3108 "https://www.sescorp.cl/wp-login.php" "Mozilla/5.0 (X11; Ubuntu; Linux x86_64) AppleWebKit/537.36 (KHTML, like Gecko) Chrome/118.0.0.0 Safari/537.36"
216.73.160.146 - - [05/Aug/2026:00:15:10 +0000] "POST /wp-login.php HTTP/1.1" 200 3253 "https://www.sescorp.cl/wp-login.php" "Mozilla/5.0 (Windows NT 11.0; Win64; x64) AppleWebKit/537.36 (KHTML, like Gecko) Chrome/118.0.0.0 Safari/537.36"
40.87.20.23 - - [05/Aug/2026:00:13:36 +0000] "POST /?rest_route=/batch/v1&_w2s=c2aa00b0 HTTP/1.1" 403 1242 "-" "Mozilla/5.0 (Windows NT 10.0; Win64; x64) AppleWebKit/537.36 (KHTML, like Gecko) Chrome/145.0.0.0 Safari/537.36"
40.87.20.23 - - [05/Aug/2026:00:13:36 +0000] "POST /?rest_route=/batch/v1&_w2s=d7847390 HTTP/1.1" 403 1242 "-" "Mozilla/5.0 (Macintosh; Intel Mac OS X 10_15_7) AppleWebKit/537.36 (KHTML, like Gecko) Chrome/146.0.0.0 Safari/537.36"
40.87.20.23 - - [05/Aug/2026:00:13:36 +0000] "POST /?_w2s=5ea1efb9 HTTP/1.1" 403 1242 "-" "Mozilla/5.0 (Windows NT 10.0; Win64; x64) AppleWebKit/537.36 (KHTML, like Gecko) Chrome/146.0.0.0 Safari/537.36"
40.87.20.23 - - [05/Aug/2026:00:13:36 +0000] "POST /?_w2s=256f2b31 HTTP/1.1" 403 1242 "-" "Mozilla/5.0 (Macintosh; Intel Mac OS X 10_15_7) AppleWebKit/537.36 (KHTML, like Gecko) Chrome/146.0.0.0 Safari/537.36"
