20.52.171.102 - - [04/Aug/2026:19:14:38 +0000] "GET /403.shtml HTTP/1.1" 403 1242 "-" "-"
20.52.171.102 - - [04/Aug/2026:19:14:39 +0000] "GET /403.shtml HTTP/1.1" 403 1242 "-" "-"
20.52.171.102 - - [04/Aug/2026:19:14:39 +0000] "GET /403.shtml HTTP/1.1" 403 1242 "-" "-"
170.10.160.123 - - [04/Aug/2026:19:03:23 +0000] "POST /wp-cron.php?doing_wp_cron=1785870203.3303968906402587890625 HTTP/1.1" 200 20 "-" "WordPress/6.9.4; https://www.sescorp.cl"
170.10.160.123 - - [04/Aug/2026:19:04:31 +0000] "POST /wp-cron.php?doing_wp_cron=1785870271.8664560317993164062500 HTTP/1.1" 200 20 "-" "WordPress/6.9.4; https://www.sescorp.cl"
168.181.50.50 - - [04/Aug/2026:19:04:31 +0000] "POST /xmlrpc.php HTTP/1.1" 200 416 "-" "Mozilla/5.0 (Windows NT 10.0; x64) AppleWebKit/537.36 (KHTML, like Gecko) Edge/94.0.0.0 Safari/537.36"
168.181.50.50 - - [04/Aug/2026:19:06:19 +0000] "POST /xmlrpc.php HTTP/1.1" 200 416 "-" "Mozilla/5.0 (Macintosh; Intel Mac OS X 10_15_7; x86) AppleWebKit/537.36 (KHTML, like Gecko) Firefox/88.0.0.0 Safari/537.36"
170.10.160.123 - - [04/Aug/2026:19:06:30 +0000] "POST /wp-cron.php?doing_wp_cron=1785870390.6229829788208007812500 HTTP/1.1" 200 20 "-" "WordPress/6.9.4; https://www.sescorp.cl"
168.181.50.50 - - [04/Aug/2026:19:06:30 +0000] "POST /xmlrpc.php HTTP/1.1" 200 416 "-" "Mozilla/5.0 (X11; Ubuntu; Linux x86_64; arm64) AppleWebKit/537.36 (KHTML, like Gecko) Opera/77.0.0.0 Safari/537.36"
168.181.50.50 - - [04/Aug/2026:19:06:40 +0000] "POST /xmlrpc.php HTTP/1.1" 200 416 "-" "Mozilla/5.0 (Linux; Android 10; x64) AppleWebKit/537.36 (KHTML, like Gecko) Safari/11.0.0.0 Safari/537.36"
168.181.50.50 - - [04/Aug/2026:19:06:52 +0000] "POST /xmlrpc.php HTTP/1.1" 200 416 "-" "Mozilla/5.0 (Windows NT 10.0; arm64) AppleWebKit/537.36 (KHTML, like Gecko) Safari/12.0.0.0 Safari/537.36"
182.43.184.15 - - [04/Aug/2026:19:08:12 +0000] "POST /xmlrpc.php HTTP/1.1" 200 222 "-" "Apache-HttpClient/4.5.2 (Java/1.8.0_161)"
168.181.50.50 - - [04/Aug/2026:19:09:26 +0000] "POST /xmlrpc.php HTTP/1.1" 200 416 "-" "Mozilla/5.0 (Linux; Android 10; arm64) AppleWebKit/537.36 (KHTML, like Gecko) Chrome/82.0.0.0 Safari/537.36"
170.10.160.123 - - [04/Aug/2026:19:09:45 +0000] "POST /wp-cron.php?doing_wp_cron=1785870585.1896219253540039062500 HTTP/1.1" 200 20 "-" "WordPress/6.9.4; https://www.sescorp.cl"
168.181.50.50 - - [04/Aug/2026:19:09:44 +0000] "POST /xmlrpc.php HTTP/1.1" 200 416 "-" "Mozilla/5.0 (Linux; Android 10; x86) AppleWebKit/537.36 (KHTML, like Gecko) Edge/99.0.0.0 Safari/537.36"
168.181.50.50 - - [04/Aug/2026:19:11:18 +0000] "POST /xmlrpc.php HTTP/1.1" 200 416 "-" "Mozilla/5.0 (Linux; Android 10; x64) AppleWebKit/537.36 (KHTML, like Gecko) Safari/15.0.0.0 Safari/537.36"
168.181.50.50 - - [04/Aug/2026:19:11:45 +0000] "POST /xmlrpc.php HTTP/1.1" 403 1242 "-" "Mozilla/5.0 (Windows NT 6.3; arm64) AppleWebKit/537.36 (KHTML, like Gecko) Firefox/89.0.0.0 Safari/537.36"
168.181.50.50 - - [04/Aug/2026:19:11:57 +0000] "POST /xmlrpc.php HTTP/1.1" 403 1242 "-" "Mozilla/5.0 (Windows NT 6.3; arm64) AppleWebKit/537.36 (KHTML, like Gecko) Safari/10.0.0.0 Safari/537.36"
182.43.184.15 - - [04/Aug/2026:19:14:22 +0000] "POST /xmlrpc.php HTTP/1.1" 200 222 "-" "Apache-HttpClient/4.5.2 (Java/1.8.0_161)"
205.185.117.197 - - [04/Aug/2026:19:16:30 +0000] "GET / HTTP/1.1" 200 12586 "-" "Mozilla/5.0 (Windows NT 10.0; Win64; x64; rv:120.0) Gecko/20100101 Firefox/120.0"
205.185.117.197 - - [04/Aug/2026:19:16:31 +0000] "GET /plugins/editors/jce/jce.xml HTTP/1.1" 404 3422 "-" "Mozilla/5.0 (iPhone; CPU iPhone OS 17_2 like Mac OS X) AppleWebKit/605.1.15 (KHTML, like Gecko) Version/17.2 Mobile/15E148 Safari/604.1"
205.185.117.197 - - [04/Aug/2026:19:16:31 +0000] "GET /administrator/components/com_jce/ HTTP/1.1" 404 3422 "-" "Mozilla/5.0 (iPhone; CPU iPhone OS 17_2 like Mac OS X) AppleWebKit/605.1.15 (KHTML, like Gecko) Version/17.2 Mobile/15E148 Safari/604.1"
205.185.117.197 - - [04/Aug/2026:19:16:31 +0000] "GET /media/system/js/core.js HTTP/1.1" 404 3422 "-" "Mozilla/5.0 (iPhone; CPU iPhone OS 17_2 like Mac OS X) AppleWebKit/605.1.15 (KHTML, like Gecko) Version/17.2 Mobile/15E148 Safari/604.1"
205.185.117.197 - - [04/Aug/2026:19:16:31 +0000] "GET /media/jui/js/bootstrap.min.js HTTP/1.1" 404 3422 "-" "Mozilla/5.0 (X11; Linux x86_64) AppleWebKit/537.36 (KHTML, like Gecko) Chrome/120.0.0.0 Safari/537.36"
20.52.171.102 - - [04/Aug/2026:19:14:39 +0000] "GET /403.shtml HTTP/1.1" 403 1242 "-" "-"
20.52.171.102 - - [04/Aug/2026:19:14:40 +0000] "GET /403.shtml HTTP/1.1" 403 1242 "-" "-"
20.52.171.102 - - [04/Aug/2026:19:14:40 +0000] "GET /403.shtml HTTP/1.1" 403 1242 "-" "-"
20.52.171.102 - - [04/Aug/2026:19:14:40 +0000] "GET /403.shtml HTTP/1.1" 403 1242 "-" "-"
20.52.171.102 - - [04/Aug/2026:19:14:40 +0000] "GET /403.shtml HTTP/1.1" 403 1242 "-" "-"
20.52.171.102 - - [04/Aug/2026:19:14:41 +0000] "GET /403.shtml HTTP/1.1" 403 1242 "-" "-"
20.52.171.102 - - [04/Aug/2026:19:14:41 +0000] "GET /403.shtml HTTP/1.1" 403 1242 "-" "-"
20.52.171.102 - - [04/Aug/2026:19:14:41 +0000] "GET /403.shtml HTTP/1.1" 403 1242 "-" "-"
20.52.171.102 - - [04/Aug/2026:19:14:42 +0000] "GET /403.shtml HTTP/1.1" 403 1242 "-" "-"
20.52.171.102 - - [04/Aug/2026:19:14:42 +0000] "GET /403.shtml HTTP/1.1" 403 1242 "-" "-"
20.52.171.102 - - [04/Aug/2026:19:14:42 +0000] "GET /403.shtml HTTP/1.1" 403 1242 "-" "-"
20.52.171.102 - - [04/Aug/2026:19:14:42 +0000] "GET /403.shtml HTTP/1.1" 403 1242 "-" "-"
20.52.171.102 - - [04/Aug/2026:19:14:42 +0000] "GET /403.shtml HTTP/1.1" 403 1242 "-" "-"
20.52.171.102 - - [04/Aug/2026:19:14:43 +0000] "GET /403.shtml HTTP/1.1" 403 1242 "-" "-"
20.52.171.102 - - [04/Aug/2026:19:14:43 +0000] "GET /403.shtml HTTP/1.1" 403 1242 "-" "-"
20.52.171.102 - - [04/Aug/2026:19:14:43 +0000] "GET /403.shtml HTTP/1.1" 403 1242 "-" "-"
20.52.171.102 - - [04/Aug/2026:19:14:43 +0000] "GET /403.shtml HTTP/1.1" 403 1242 "-" "-"
20.52.171.102 - - [04/Aug/2026:19:14:44 +0000] "GET /403.shtml HTTP/1.1" 403 1242 "-" "-"
20.52.171.102 - - [04/Aug/2026:19:14:44 +0000] "GET /403.shtml HTTP/1.1" 403 1242 "-" "-"
20.52.171.102 - - [04/Aug/2026:19:14:44 +0000] "GET /403.shtml HTTP/1.1" 403 1242 "-" "-"
20.52.171.102 - - [04/Aug/2026:19:14:45 +0000] "GET /403.shtml HTTP/1.1" 403 1242 "-" "-"
20.52.171.102 - - [04/Aug/2026:19:14:45 +0000] "GET /403.shtml HTTP/1.1" 403 1242 "-" "-"
20.52.171.102 - - [04/Aug/2026:19:14:45 +0000] "GET /403.shtml HTTP/1.1" 403 1242 "-" "-"
20.52.171.102 - - [04/Aug/2026:19:14:46 +0000] "GET /403.shtml HTTP/1.1" 403 1242 "-" "-"
20.52.171.102 - - [04/Aug/2026:19:14:46 +0000] "GET /403.shtml HTTP/1.1" 403 1242 "-" "-"
20.52.171.102 - - [04/Aug/2026:19:14:46 +0000] "GET /403.shtml HTTP/1.1" 403 1242 "-" "-"
20.52.171.102 - - [04/Aug/2026:19:14:46 +0000] "GET /403.shtml HTTP/1.1" 403 1242 "-" "-"
20.52.171.102 - - [04/Aug/2026:19:14:47 +0000] "GET /403.shtml HTTP/1.1" 403 1242 "-" "-"
182.43.184.15 - - [04/Aug/2026:19:15:20 +0000] "POST /xmlrpc.php HTTP/1.1" 200 222 "-" "Apache-HttpClient/4.5.2 (Java/1.8.0_161)"
205.185.117.197 - - [04/Aug/2026:19:16:31 +0000] "GET /?rest_route=/ HTTP/1.1" 200 12594 "https://duckduckgo.com/" "Mozilla/5.0 (X11; Linux x86_64) AppleWebKit/537.36 (KHTML, like Gecko) Chrome/120.0.0.0 Safari/537.36"
205.185.117.197 - - [04/Aug/2026:19:16:31 +0000] "GET /media/vendor/jquery/js/jquery.min.js?3.6.0 HTTP/1.1" 404 3422 "-" "Mozilla/5.0 (iPhone; CPU iPhone OS 17_2 like Mac OS X) AppleWebKit/605.1.15 (KHTML, like Gecko) Version/17.2 Mobile/15E148 Safari/604.1"
205.185.117.197 - - [04/Aug/2026:19:16:32 +0000] "GET / HTTP/1.1" 200 12587 "-" "Mozilla/5.0 (Windows NT 10.0; Win64; x64) AppleWebKit/537.36 (KHTML, like Gecko) Chrome/120.0.0.0 Safari/537.36"
205.185.117.197 - - [04/Aug/2026:19:16:33 +0000] "POST /wp-admin/admin-ajax.php?action=updraft_central_ajaxcallback HTTP/1.1" 404 3422 "-" "python-requests/2.34.2"
205.185.117.197 - - [04/Aug/2026:19:16:34 +0000] "GET /wp-content/plugins/wp_fcqwfgz/wp_fcqwfgz.php HTTP/1.1" 404 3422 "-" "python-requests/2.34.2"
205.185.117.197 - - [04/Aug/2026:19:16:35 +0000] "GET /wp-content/plugins/wp_fcqwfgz/wp_fcqwfgz.php HTTP/1.1" 404 3422 "-" "python-requests/2.34.2"
205.185.117.197 - - [04/Aug/2026:19:16:36 +0000] "GET /wp-content/plugins/wp_fcqwfgz/wp_fcqwfgz.php HTTP/1.1" 404 3422 "-" "python-requests/2.34.2"
205.185.117.197 - - [04/Aug/2026:19:16:37 +0000] "GET /wp-content/plugins/wp_fcqwfgz/wp_fcqwfgz.php HTTP/1.1" 404 3422 "-" "python-requests/2.34.2"
205.185.117.197 - - [04/Aug/2026:19:16:38 +0000] "GET /wp-content/plugins/wp_fcqwfgz/wp_fcqwfgz.php HTTP/1.1" 404 3422 "-" "python-requests/2.34.2"
182.43.184.15 - - [04/Aug/2026:19:20:04 +0000] "POST /xmlrpc.php HTTP/1.1" 200 222 "-" "Apache-HttpClient/4.5.2 (Java/1.8.0_161)"
182.43.184.15 - - [04/Aug/2026:19:21:00 +0000] "POST /xmlrpc.php HTTP/1.1" 200 222 "-" "Apache-HttpClient/4.5.2 (Java/1.8.0_161)"
168.181.50.50 - - [04/Aug/2026:19:10:37 +0000] "POST /xmlrpc.php HTTP/1.1" 200 416 "-" "Mozilla/5.0 (Macintosh; Intel Mac OS X 10_15_7; x64) AppleWebKit/537.36 (KHTML, like Gecko) Edge/90.0.0.0 Safari/537.36"
170.10.160.123 - - [04/Aug/2026:19:10:37 +0000] "GET / HTTP/1.1" 200 141638 "-" "Mozilla/5.0 (Windows NT 10.0; Win64; x64; rv:122.0) Gecko/20100101 Firefox/122.0"
168.181.50.50 - - [04/Aug/2026:19:10:48 +0000] "POST /xmlrpc.php HTTP/1.1" 403 1242 "-" "Mozilla/5.0 (Linux; Android 10; x86) AppleWebKit/537.36 (KHTML, like Gecko) Safari/10.0.0.0 Safari/537.36"
168.181.50.50 - - [04/Aug/2026:19:10:58 +0000] "POST /xmlrpc.php HTTP/1.1" 403 1242 "-" "Mozilla/5.0 (Windows NT 6.3; x64) AppleWebKit/537.36 (KHTML, like Gecko) Firefox/99.0.0.0 Safari/537.36"
170.10.160.123 - - [04/Aug/2026:19:11:07 +0000] "GET / HTTP/1.1" 200 141638 "-" "Mozilla/5.0 (Windows NT 10.0; Win64; x64; rv:122.0) Gecko/20100101 Firefox/122.0"
168.181.50.50 - - [04/Aug/2026:19:11:34 +0000] "POST /xmlrpc.php HTTP/1.1" 403 1242 "-" "Mozilla/5.0 (Windows NT 10.0; arm64) AppleWebKit/537.36 (KHTML, like Gecko) Chrome/115.0.0.0 Safari/537.36"
168.181.50.50 - - [04/Aug/2026:19:13:03 +0000] "POST /xmlrpc.php HTTP/1.1" 403 1242 "-" "Mozilla/5.0 (Windows NT 6.3; arm64) AppleWebKit/537.36 (KHTML, like Gecko) Edge/83.0.0.0 Safari/537.36"
168.181.50.50 - - [04/Aug/2026:19:13:13 +0000] "POST /xmlrpc.php HTTP/1.1" 403 1242 "-" "Mozilla/5.0 (Windows NT 6.2; arm64) AppleWebKit/537.36 (KHTML, like Gecko) Edge/80.0.0.0 Safari/537.36"
168.181.50.50 - - [04/Aug/2026:19:13:23 +0000] "POST /xmlrpc.php HTTP/1.1" 403 1242 "-" "Mozilla/5.0 (Windows NT 6.2; x86) AppleWebKit/537.36 (KHTML, like Gecko) Chrome/94.0.0.0 Safari/537.36"
188.165.195.29 - - [04/Aug/2026:19:13:31 +0000] "GET /wp-login.php HTTP/2" 200 3100 "-" "Mozilla/5.0 (Windows NT 10.0; Win64; x64) AppleWebKit/537.36 (KHTML, like Gecko) Chrome/150.0.0.0 Safari/537.36"
188.165.195.29 - - [04/Aug/2026:19:13:48 +0000] "POST /wp-login.php HTTP/2" 200 3268 "https://sescorp.cl/wp-login.php" "Mozilla/5.0 (Windows NT 10.0; Win64; x64) AppleWebKit/537.36 (KHTML, like Gecko) Chrome/150.0.0.0 Safari/537.36"
170.10.160.123 - - [04/Aug/2026:19:15:06 +0000] "GET /wp-cron.php HTTP/1.1" 200 0 "-" "Wget/1.19.5 (linux-gnu)"
217.216.33.248 - - [04/Aug/2026:19:26:45 +0000] "GET / HTTP/1.1" 200 141638 "-" "wp2shell"
182.43.184.15 - - [04/Aug/2026:19:27:09 +0000] "POST /xmlrpc.php HTTP/1.1" 200 222 "-" "Apache-HttpClient/4.5.2 (Java/1.8.0_161)"
217.216.33.248 - - [04/Aug/2026:19:27:13 +0000] "GET / HTTP/1.1" 200 141638 "-" "wp2shell"
170.10.160.123 - - [04/Aug/2026:19:30:04 +0000] "GET /wp-cron.php HTTP/1.1" 200 0 "-" "Wget/1.19.5 (linux-gnu)"
170.10.160.123 - - [04/Aug/2026:19:30:48 +0000] "POST /wp-cron.php?doing_wp_cron=1785871848.2370650768280029296875 HTTP/1.1" 200 20 "-" "WordPress/6.9.4; https://www.sescorp.cl"
212.80.9.235 - - [04/Aug/2026:19:30:47 +0000] "GET /wp-login.php HTTP/2" 200 3100 "-" "Mozilla/5.0 (Windows NT 10.0; Win64; x64) AppleWebKit/537.36 (KHTML, like Gecko) Chrome/150.0.0.0 Safari/537.36"
212.80.9.235 - - [04/Aug/2026:19:30:57 +0000] "POST /wp-login.php HTTP/2" 200 3268 "https://sescorp.cl/wp-login.php" "Mozilla/5.0 (Windows NT 10.0; Win64; x64) AppleWebKit/537.36 (KHTML, like Gecko) Chrome/150.0.0.0 Safari/537.36"
182.43.184.15 - - [04/Aug/2026:19:33:32 +0000] "POST /xmlrpc.php HTTP/1.1" 200 222 "-" "Apache-HttpClient/4.5.2 (Java/1.8.0_161)"
170.10.160.123 - - [04/Aug/2026:19:36:34 +0000] "POST /wp-cron.php?doing_wp_cron=1785872194.3345229625701904296875 HTTP/1.1" 200 20 "-" "WordPress/6.9.4; https://www.sescorp.cl"
67.207.94.191 - - [04/Aug/2026:19:38:36 +0000] "GET /wp-login.php HTTP/2" 200 3100 "-" "Mozilla/5.0 (Windows NT 10.0; Win64; x64) AppleWebKit/537.36 (KHTML, like Gecko) Chrome/150.0.0.0 Safari/537.36"
182.43.184.15 - - [04/Aug/2026:19:42:03 +0000] "POST /xmlrpc.php HTTP/1.1" 200 222 "-" "Apache-HttpClient/4.5.2 (Java/1.8.0_161)"
170.10.160.123 - - [04/Aug/2026:19:43:25 +0000] "POST /wp-cron.php?doing_wp_cron=1785872605.1062428951263427734375 HTTP/1.1" 200 20 "-" "WordPress/6.9.4; https://www.sescorp.cl"
182.43.184.15 - - [04/Aug/2026:19:43:24 +0000] "POST /xmlrpc.php HTTP/1.1" 200 222 "-" "Apache-HttpClient/4.5.2 (Java/1.8.0_161)"
170.10.160.123 - - [04/Aug/2026:19:47:03 +0000] "POST /wp-cron.php?doing_wp_cron=1785872823.6327879428863525390625 HTTP/1.1" 200 20 "-" "WordPress/6.9.4; https://www.sescorp.cl"
182.43.184.15 - - [04/Aug/2026:19:47:02 +0000] "POST /xmlrpc.php HTTP/1.1" 200 222 "-" "Apache-HttpClient/4.5.2 (Java/1.8.0_161)"
170.10.160.123 - - [04/Aug/2026:19:47:30 +0000] "POST /wp-cron.php?doing_wp_cron=1785872850.3499979972839355468750 HTTP/1.1" 200 20 "-" "WordPress/6.9.4; https://www.sescorp.cl"
182.43.184.15 - - [04/Aug/2026:19:52:14 +0000] "POST /xmlrpc.php HTTP/1.1" 200 222 "-" "Apache-HttpClient/4.5.2 (Java/1.8.0_161)"
173.252.82.6 - - [04/Aug/2026:19:53:28 +0000] "GET /central-de-alarmas-sescorp/ HTTP/2" 200 23404 "-" "Mozilla/5.0 (Windows NT 10.0; Win64; x64) AppleWebKit/537.36 (KHTML, like Gecko) Chrome/145.0.0.0 Safari/537.36 (compatible; meta-webindexer/1.1 (+https://developers.facebook.com/docs/sharing/webmasters/crawler))"
173.252.70.2 - - [04/Aug/2026:19:53:29 +0000] "GET /wp-content/plugins/elementor/assets/lib/animations/styles/fadeInUp.min.css?ver=4.2.1 HTTP/2" 200 130 "https://www.sescorp.cl/central-de-alarmas-sescorp/" "Mozilla/5.0 (Windows NT 10.0; Win64; x64) AppleWebKit/537.36 (KHTML, like Gecko) Chrome/145.0.0.0 Safari/537.36 (compatible; meta-webindexer/1.1 (+https://developers.facebook.com/docs/sharing/webmasters/crawler))"
173.252.95.7 - - [04/Aug/2026:19:53:29 +0000] "GET /wp-includes/js/jquery/jquery.min.js?ver=3.7.1 HTTP/2" 200 30412 "https://www.sescorp.cl/central-de-alarmas-sescorp/" "Mozilla/5.0 (Windows NT 10.0; Win64; x64) AppleWebKit/537.36 (KHTML, like Gecko) Chrome/145.0.0.0 Safari/537.36 (compatible; meta-webindexer/1.1 (+https://developers.facebook.com/docs/sharing/webmasters/crawler))"
182.43.184.15 - - [04/Aug/2026:19:26:27 +0000] "POST /xmlrpc.php HTTP/1.1" 200 222 "-" "Apache-HttpClient/4.5.2 (Java/1.8.0_161)"
182.43.184.15 - - [04/Aug/2026:19:34:52 +0000] "POST /xmlrpc.php HTTP/1.1" 200 222 "-" "Apache-HttpClient/4.5.2 (Java/1.8.0_161)"
69.171.230.115 - - [04/Aug/2026:19:36:33 +0000] "GET /robots.txt HTTP/2" 200 172 "-" "facebookexternalhit/1.1 (+http://www.facebook.com/externalhit_uatext.php)"
170.10.160.123 - - [04/Aug/2026:19:42:08 +0000] "POST /wp-cron.php?doing_wp_cron=1785872528.8501338958740234375000 HTTP/1.1" 200 20 "-" "WordPress/6.9.4; https://www.sescorp.cl"
170.10.160.123 - - [04/Aug/2026:19:45:03 +0000] "GET /wp-cron.php HTTP/1.1" 200 0 "-" "Wget/1.19.5 (linux-gnu)"
216.73.217.46 - - [04/Aug/2026:19:47:29 +0000] "GET /robots.txt HTTP/2" 200 125 "-" "Mozilla/5.0 AppleWebKit/537.36 (KHTML, like Gecko; compatible; ClaudeBot/1.0; +claudebot@anthropic.com)"
216.73.217.46 - - [04/Aug/2026:19:47:29 +0000] "GET /sitemap_index.xml HTTP/2" 200 283 "-" "Mozilla/5.0 AppleWebKit/537.36 (KHTML, like Gecko; compatible; ClaudeBot/1.0; +claudebot@anthropic.com)"
182.43.184.15 - - [04/Aug/2026:19:47:58 +0000] "POST /xmlrpc.php HTTP/1.1" 200 222 "-" "Apache-HttpClient/4.5.2 (Java/1.8.0_161)"
170.10.160.123 - - [04/Aug/2026:19:53:29 +0000] "POST /wp-cron.php?doing_wp_cron=1785873209.3058409690856933593750 HTTP/1.1" 200 20 "-" "WordPress/6.9.4; https://www.sescorp.cl"
173.252.82.50 - - [04/Aug/2026:19:53:29 +0000] "GET /wp-content/plugins/contact-form-7/includes/css/styles.css?ver=6.1.6 HTTP/2" 200 1035 "https://www.sescorp.cl/central-de-alarmas-sescorp/" "Mozilla/5.0 (Windows NT 10.0; Win64; x64) AppleWebKit/537.36 (KHTML, like Gecko) Chrome/145.0.0.0 Safari/537.36 (compatible; meta-webindexer/1.1 (+https://developers.facebook.com/docs/sharing/webmasters/crawler))"
173.252.82.60 - - [04/Aug/2026:19:53:29 +0000] "GET /wp-content/uploads/2018/05/Raul-Lagos-central-de-alarmas-chillan.jpg HTTP/2" 200 34499 "https://www.sescorp.cl/central-de-alarmas-sescorp/" "Mozilla/5.0 (Windows NT 10.0; Win64; x64) AppleWebKit/537.36 (KHTML, like Gecko) Chrome/145.0.0.0 Safari/537.36 (compatible; meta-webindexer/1.1 (+https://developers.facebook.com/docs/sharing/webmasters/crawler))"
173.252.70.54 - - [04/Aug/2026:19:53:29 +0000] "GET /wp-content/themes/sydney/style.css?ver=20230821 HTTP/2" 200 770 "https://www.sescorp.cl/central-de-alarmas-sescorp/" "Mozilla/5.0 (Windows NT 10.0; Win64; x64) AppleWebKit/537.36 (KHTML, like Gecko) Chrome/145.0.0.0 Safari/537.36 (compatible; meta-webindexer/1.1 (+https://developers.facebook.com/docs/sharing/webmasters/crawler))"
173.252.95.37 - - [04/Aug/2026:19:53:29 +0000] "GET /wp-content/themes/sydney/css/styles.min.css?ver=20260720 HTTP/2" 200 9576 "https://www.sescorp.cl/central-de-alarmas-sescorp/" "Mozilla/5.0 (Windows NT 10.0; Win64; x64) AppleWebKit/537.36 (KHTML, like Gecko) Chrome/145.0.0.0 Safari/537.36 (compatible; meta-webindexer/1.1 (+https://developers.facebook.com/docs/sharing/webmasters/crawler))"
173.252.82.68 - - [04/Aug/2026:19:53:29 +0000] "GET /wp-content/plugins/elementor/assets/css/frontend.min.css?ver=4.2.1 HTTP/2" 200 7269 "https://www.sescorp.cl/central-de-alarmas-sescorp/" "Mozilla/5.0 (Windows NT 10.0; Win64; x64) AppleWebKit/537.36 (KHTML, like Gecko) Chrome/145.0.0.0 Safari/537.36 (compatible; meta-webindexer/1.1 (+https://developers.facebook.com/docs/sharing/webmasters/crawler))"
173.252.82.60 - - [04/Aug/2026:19:53:29 +0000] "GET /wp-content/uploads/2018/06/sescorp-20-an%CC%83os.png HTTP/2" 200 6115 "https://www.sescorp.cl/central-de-alarmas-sescorp/" "Mozilla/5.0 (Windows NT 10.0; Win64; x64) AppleWebKit/537.36 (KHTML, like Gecko) Chrome/145.0.0.0 Safari/537.36 (compatible; meta-webindexer/1.1 (+https://developers.facebook.com/docs/sharing/webmasters/crawler))"
170.10.160.123 - - [04/Aug/2026:19:26:23 +0000] "POST /wp-cron.php?doing_wp_cron=1785871583.8473930358886718750000 HTTP/1.1" 200 20 "-" "WordPress/6.9.4; https://www.sescorp.cl"
182.43.184.15 - - [04/Aug/2026:19:26:18 +0000] "POST /xmlrpc.php HTTP/1.1" 200 222 "-" "Apache-HttpClient/4.5.2 (Java/1.8.0_161)"
170.10.160.123 - - [04/Aug/2026:19:33:37 +0000] "POST /wp-cron.php?doing_wp_cron=1785872017.5944790840148925781250 HTTP/1.1" 200 20 "-" "WordPress/6.9.4; https://www.sescorp.cl"
170.10.160.123 - - [04/Aug/2026:19:34:53 +0000] "POST /wp-cron.php?doing_wp_cron=1785872093.6491289138793945312500 HTTP/1.1" 200 20 "-" "WordPress/6.9.4; https://www.sescorp.cl"
170.10.160.123 - - [04/Aug/2026:19:38:37 +0000] "POST /wp-cron.php?doing_wp_cron=1785872317.4949440956115722656250 HTTP/1.1" 200 20 "-" "WordPress/6.9.4; https://www.sescorp.cl"
170.10.160.123 - - [04/Aug/2026:19:51:04 +0000] "POST /wp-cron.php?doing_wp_cron=1785873064.0822410583496093750000 HTTP/1.1" 200 20 "-" "WordPress/6.9.4; https://www.sescorp.cl"
182.43.184.15 - - [04/Aug/2026:19:51:03 +0000] "POST /xmlrpc.php HTTP/1.1" 200 222 "-" "Apache-HttpClient/4.5.2 (Java/1.8.0_161)"
170.10.160.123 - - [04/Aug/2026:19:52:15 +0000] "POST /wp-cron.php?doing_wp_cron=1785873135.2115669250488281250000 HTTP/1.1" 200 20 "-" "WordPress/6.9.4; https://www.sescorp.cl"
173.252.70.52 - - [04/Aug/2026:19:53:29 +0000] "GET /wp-content/plugins/elementor/assets/css/widget-spacer.min.css?ver=4.2.1 HTTP/2" 200 334 "https://www.sescorp.cl/central-de-alarmas-sescorp/" "Mozilla/5.0 (Windows NT 10.0; Win64; x64) AppleWebKit/537.36 (KHTML, like Gecko) Chrome/145.0.0.0 Safari/537.36 (compatible; meta-webindexer/1.1 (+https://developers.facebook.com/docs/sharing/webmasters/crawler))"
173.252.82.50 - - [04/Aug/2026:19:53:29 +0000] "GET /wp-content/plugins/elementor/assets/lib/animations/styles/zoomIn.min.css?ver=4.2.1 HTTP/2" 200 106 "https://www.sescorp.cl/central-de-alarmas-sescorp/" "Mozilla/5.0 (Windows NT 10.0; Win64; x64) AppleWebKit/537.36 (KHTML, like Gecko) Chrome/145.0.0.0 Safari/537.36 (compatible; meta-webindexer/1.1 (+https://developers.facebook.com/docs/sharing/webmasters/crawler))"
173.252.82.60 - - [04/Aug/2026:19:53:29 +0000] "GET /wp-content/plugins/elementor/assets/css/widget-google_maps.min.css?ver=4.2.1 HTTP/2" 200 137 "https://www.sescorp.cl/central-de-alarmas-sescorp/" "Mozilla/5.0 (Windows NT 10.0; Win64; x64) AppleWebKit/537.36 (KHTML, like Gecko) Chrome/145.0.0.0 Safari/537.36 (compatible; meta-webindexer/1.1 (+https://developers.facebook.com/docs/sharing/webmasters/crawler))"
173.252.82.68 - - [04/Aug/2026:19:53:29 +0000] "GET /wp-content/plugins/elementor/assets/lib/animations/styles/fadeInLeft.min.css?ver=4.2.1 HTTP/2" 200 137 "https://www.sescorp.cl/central-de-alarmas-sescorp/" "Mozilla/5.0 (Windows NT 10.0; Win64; x64) AppleWebKit/537.36 (KHTML, like Gecko) Chrome/145.0.0.0 Safari/537.36 (compatible; meta-webindexer/1.1 (+https://developers.facebook.com/docs/sharing/webmasters/crawler))"
173.252.95.114 - - [04/Aug/2026:19:53:29 +0000] "GET /wp-content/plugins/elementor/assets/lib/animations/styles/fadeInRight.min.css?ver=4.2.1 HTTP/2" 200 139 "https://www.sescorp.cl/central-de-alarmas-sescorp/" "Mozilla/5.0 (Windows NT 10.0; Win64; x64) AppleWebKit/537.36 (KHTML, like Gecko) Chrome/145.0.0.0 Safari/537.36 (compatible; meta-webindexer/1.1 (+https://developers.facebook.com/docs/sharing/webmasters/crawler))"
69.63.184.4 - - [04/Aug/2026:19:53:29 +0000] "GET /wp-content/plugins/elementor/assets/css/widget-heading.min.css?ver=4.2.1 HTTP/2" 200 160 "https://www.sescorp.cl/central-de-alarmas-sescorp/" "Mozilla/5.0 (Windows NT 10.0; Win64; x64) AppleWebKit/537.36 (KHTML, like Gecko) Chrome/145.0.0.0 Safari/537.36 (compatible; meta-webindexer/1.1 (+https://developers.facebook.com/docs/sharing/webmasters/crawler))"
173.252.95.37 - - [04/Aug/2026:19:53:29 +0000] "GET /wp-includes/js/jquery/jquery-migrate.min.js?ver=3.4.1 HTTP/2" 200 4870 "https://www.sescorp.cl/central-de-alarmas-sescorp/" "Mozilla/5.0 (Windows NT 10.0; Win64; x64) AppleWebKit/537.36 (KHTML, like Gecko) Chrome/145.0.0.0 Safari/537.36 (compatible; meta-webindexer/1.1 (+https://developers.facebook.com/docs/sharing/webmasters/crawler))"
173.252.95.37 - - [04/Aug/2026:19:53:29 +0000] "GET /wp-content/uploads/elementor/google-fonts/css/robotoslab.css?ver=1742241204 HTTP/2" 200 917 "https://www.sescorp.cl/central-de-alarmas-sescorp/" "Mozilla/5.0 (Windows NT 10.0; Win64; x64) AppleWebKit/537.36 (KHTML, like Gecko) Chrome/145.0.0.0 Safari/537.36 (compatible; meta-webindexer/1.1 (+https://developers.facebook.com/docs/sharing/webmasters/crawler))"
173.252.70.54 - - [04/Aug/2026:19:53:29 +0000] "GET /wp-content/plugins/elementor/assets/css/widget-divider.min.css?ver=4.2.1 HTTP/2" 200 740 "https://www.sescorp.cl/central-de-alarmas-sescorp/" "Mozilla/5.0 (Windows NT 10.0; Win64; x64) AppleWebKit/537.36 (KHTML, like Gecko) Chrome/145.0.0.0 Safari/537.36 (compatible; meta-webindexer/1.1 (+https://developers.facebook.com/docs/sharing/webmasters/crawler))"
173.252.95.114 - - [04/Aug/2026:19:53:29 +0000] "GET /wp-content/themes/sydney/css/components/elementor.min.css?ver=20220824 HTTP/2" 200 2275 "https://www.sescorp.cl/central-de-alarmas-sescorp/" "Mozilla/5.0 (Windows NT 10.0; Win64; x64) AppleWebKit/537.36 (KHTML, like Gecko) Chrome/145.0.0.0 Safari/537.36 (compatible; meta-webindexer/1.1 (+https://developers.facebook.com/docs/sharing/webmasters/crawler))"
173.252.69.4 - - [04/Aug/2026:19:53:29 +0000] "GET /wp-content/uploads/elementor/google-fonts/css/roboto.css?ver=1742241201 HTTP/2" 200 2849 "https://www.sescorp.cl/central-de-alarmas-sescorp/" "Mozilla/5.0 (Windows NT 10.0; Win64; x64) AppleWebKit/537.36 (KHTML, like Gecko) Chrome/145.0.0.0 Safari/537.36 (compatible; meta-webindexer/1.1 (+https://developers.facebook.com/docs/sharing/webmasters/crawler))"
173.252.70.11 - - [04/Aug/2026:19:53:29 +0000] "GET /wp-content/themes/sydney/js/scripts.js?ver=20250902 HTTP/2" 200 17868 "https://www.sescorp.cl/central-de-alarmas-sescorp/" "Mozilla/5.0 (Windows NT 10.0; Win64; x64) AppleWebKit/537.36 (KHTML, like Gecko) Chrome/145.0.0.0 Safari/537.36 (compatible; meta-webindexer/1.1 (+https://developers.facebook.com/docs/sharing/webmasters/crawler))"
173.252.70.2 - - [04/Aug/2026:19:53:29 +0000] "GET /wp-content/themes/sydney/js/functions.min.js?ver=20260611 HTTP/2" 200 3599 "https://www.sescorp.cl/central-de-alarmas-sescorp/" "Mozilla/5.0 (Windows NT 10.0; Win64; x64) AppleWebKit/537.36 (KHTML, like Gecko) Chrome/145.0.0.0 Safari/537.36 (compatible; meta-webindexer/1.1 (+https://developers.facebook.com/docs/sharing/webmasters/crawler))"
69.63.184.26 - - [04/Aug/2026:19:53:29 +0000] "GET /wp-content/plugins/elementor/assets/js/webpack.runtime.min.js?ver=4.2.1 HTTP/2" 200 2546 "https://www.sescorp.cl/central-de-alarmas-sescorp/" "Mozilla/5.0 (Windows NT 10.0; Win64; x64) AppleWebKit/537.36 (KHTML, like Gecko) Chrome/145.0.0.0 Safari/537.36 (compatible; meta-webindexer/1.1 (+https://developers.facebook.com/docs/sharing/webmasters/crawler))"
173.252.95.46 - - [04/Aug/2026:19:53:29 +0000] "GET /wp-content/plugins/elementor/assets/js/frontend.min.js?ver=4.2.1 HTTP/2" 200 10435 "https://www.sescorp.cl/central-de-alarmas-sescorp/" "Mozilla/5.0 (Windows NT 10.0; Win64; x64) AppleWebKit/537.36 (KHTML, like Gecko) Chrome/145.0.0.0 Safari/537.36 (compatible; meta-webindexer/1.1 (+https://developers.facebook.com/docs/sharing/webmasters/crawler))"
173.252.70.8 - - [04/Aug/2026:19:53:29 +0000] "GET /wp-includes/js/dist/vendor/wp-polyfill.min.js?ver=3.15.0 HTTP/2" 200 11859 "https://www.sescorp.cl/central-de-alarmas-sescorp/" "Mozilla/5.0 (Windows NT 10.0; Win64; x64) AppleWebKit/537.36 (KHTML, like Gecko) Chrome/145.0.0.0 Safari/537.36 (compatible; meta-webindexer/1.1 (+https://developers.facebook.com/docs/sharing/webmasters/crawler))"
69.63.184.34 - - [04/Aug/2026:19:53:29 +0000] "GET /wp-content/plugins/elementor/assets/css/widget-video.min.css?ver=4.2.1 HTTP/2" 200 403 "https://www.sescorp.cl/central-de-alarmas-sescorp/" "Mozilla/5.0 (Windows NT 10.0; Win64; x64) AppleWebKit/537.36 (KHTML, like Gecko) Chrome/145.0.0.0 Safari/537.36 (compatible; meta-webindexer/1.1 (+https://developers.facebook.com/docs/sharing/webmasters/crawler))"
173.252.82.68 - - [04/Aug/2026:19:53:29 +0000] "GET /wp-content/plugins/elementor/assets/css/widget-image.min.css?ver=4.2.1 HTTP/2" 200 134 "https://www.sescorp.cl/central-de-alarmas-sescorp/" "Mozilla/5.0 (Windows NT 10.0; Win64; x64) AppleWebKit/537.36 (KHTML, like Gecko) Chrome/145.0.0.0 Safari/537.36 (compatible; meta-webindexer/1.1 (+https://developers.facebook.com/docs/sharing/webmasters/crawler))"
69.63.184.26 - - [04/Aug/2026:19:53:29 +0000] "GET /wp-content/uploads/elementor/google-fonts/css/ptsans.css?ver=1742241204 HTTP/2" 200 631 "https://www.sescorp.cl/central-de-alarmas-sescorp/" "Mozilla/5.0 (Windows NT 10.0; Win64; x64) AppleWebKit/537.36 (KHTML, like Gecko) Chrome/145.0.0.0 Safari/537.36 (compatible; meta-webindexer/1.1 (+https://developers.facebook.com/docs/sharing/webmasters/crawler))"
173.252.82.68 - - [04/Aug/2026:19:53:29 +0000] "GET /wp-content/plugins/elementor/assets/css/conditionals/shapes.min.css?ver=4.2.1 HTTP/2" 200 288 "https://www.sescorp.cl/central-de-alarmas-sescorp/" "Mozilla/5.0 (Windows NT 10.0; Win64; x64) AppleWebKit/537.36 (KHTML, like Gecko) Chrome/145.0.0.0 Safari/537.36 (compatible; meta-webindexer/1.1 (+https://developers.facebook.com/docs/sharing/webmasters/crawler))"
173.252.70.12 - - [04/Aug/2026:19:53:29 +0000] "GET /wp-content/themes/sydney/css/bootstrap/bootstrap.min.css?ver=1 HTTP/2" 200 1977 "https://www.sescorp.cl/central-de-alarmas-sescorp/" "Mozilla/5.0 (Windows NT 10.0; Win64; x64) AppleWebKit/537.36 (KHTML, like Gecko) Chrome/145.0.0.0 Safari/537.36 (compatible; meta-webindexer/1.1 (+https://developers.facebook.com/docs/sharing/webmasters/crawler))"
173.252.70.21 - - [04/Aug/2026:19:53:29 +0000] "GET /wp-includes/js/dist/hooks.min.js?ver=dd5603f07f9220ed27f1 HTTP/2" 200 1939 "https://www.sescorp.cl/central-de-alarmas-sescorp/" "Mozilla/5.0 (Windows NT 10.0; Win64; x64) AppleWebKit/537.36 (KHTML, like Gecko) Chrome/145.0.0.0 Safari/537.36 (compatible; meta-webindexer/1.1 (+https://developers.facebook.com/docs/sharing/webmasters/crawler))"
173.252.70.54 - - [04/Aug/2026:19:53:29 +0000] "GET /wp-content/plugins/google-site-kit/dist/assets/js/googlesitekit-events-provider-contact-form-7-0310812e6aa65ef3c958.js HTTP/2" 200 2348 "https://www.sescorp.cl/central-de-alarmas-sescorp/" "Mozilla/5.0 (Windows NT 10.0; Win64; x64) AppleWebKit/537.36 (KHTML, like Gecko) Chrome/145.0.0.0 Safari/537.36 (compatible; meta-webindexer/1.1 (+https://developers.facebook.com/docs/sharing/webmasters/crawler))"
173.252.82.28 - - [04/Aug/2026:19:53:29 +0000] "GET /wp-includes/js/jquery/ui/core.min.js?ver=1.13.3 HTTP/2" 200 7104 "https://www.sescorp.cl/central-de-alarmas-sescorp/" "Mozilla/5.0 (Windows NT 10.0; Win64; x64) AppleWebKit/537.36 (KHTML, like Gecko) Chrome/145.0.0.0 Safari/537.36 (compatible; meta-webindexer/1.1 (+https://developers.facebook.com/docs/sharing/webmasters/crawler))"
173.252.82.28 - - [04/Aug/2026:19:53:29 +0000] "GET /wp-content/uploads/elementor/google-fonts/fonts/ptsans-jizfrexuito99u79b_mh0o6tlq.woff2 HTTP/2" 200 47048 "https://www.sescorp.cl/wp-content/uploads/elementor/google-fonts/css/ptsans.css?ver=1742241204" "Mozilla/5.0 (Windows NT 10.0; Win64; x64) AppleWebKit/537.36 (KHTML, like Gecko) Chrome/145.0.0.0 Safari/537.36 (compatible; meta-webindexer/1.1 (+https://developers.facebook.com/docs/sharing/webmasters/crawler))"
173.252.82.6 - - [04/Aug/2026:19:53:29 +0000] "GET /wp-content/uploads/2018/05/Sescorp-central-de-alarmas-chillan.jpg HTTP/2" 200 362130 "https://www.sescorp.cl/central-de-alarmas-sescorp/" "Mozilla/5.0 (Windows NT 10.0; Win64; x64) AppleWebKit/537.36 (KHTML, like Gecko) Chrome/145.0.0.0 Safari/537.36 (compatible; meta-webindexer/1.1 (+https://developers.facebook.com/docs/sharing/webmasters/crawler))"
69.63.184.112 - - [04/Aug/2026:19:53:29 +0000] "GET /wp-content/themes/sydney/js/elementor.js?ver=20200504 HTTP/2" 200 745 "https://www.sescorp.cl/central-de-alarmas-sescorp/" "Mozilla/5.0 (Windows NT 10.0; Win64; x64) AppleWebKit/537.36 (KHTML, like Gecko) Chrome/145.0.0.0 Safari/537.36 (compatible; meta-webindexer/1.1 (+https://developers.facebook.com/docs/sharing/webmasters/crawler))"
69.63.184.34 - - [04/Aug/2026:19:53:29 +0000] "GET /wp-content/plugins/contact-form-7/includes/swv/js/index.js?ver=6.1.6 HTTP/2" 200 3523 "https://www.sescorp.cl/central-de-alarmas-sescorp/" "Mozilla/5.0 (Windows NT 10.0; Win64; x64) AppleWebKit/537.36 (KHTML, like Gecko) Chrome/145.0.0.0 Safari/537.36 (compatible; meta-webindexer/1.1 (+https://developers.facebook.com/docs/sharing/webmasters/crawler))"
173.252.82.26 - - [04/Aug/2026:19:53:29 +0000] "GET /wp-content/plugins/contact-form-7/modules/recaptcha/index.js?ver=6.1.6 HTTP/2" 200 484 "https://www.sescorp.cl/central-de-alarmas-sescorp/" "Mozilla/5.0 (Windows NT 10.0; Win64; x64) AppleWebKit/537.36 (KHTML, like Gecko) Chrome/145.0.0.0 Safari/537.36 (compatible; meta-webindexer/1.1 (+https://developers.facebook.com/docs/sharing/webmasters/crawler))"
173.252.82.6 - - [04/Aug/2026:19:53:29 +0000] "GET /wp-includes/js/dist/i18n.min.js?ver=c26c3dc7bed366793375 HTTP/2" 200 2229 "https://www.sescorp.cl/central-de-alarmas-sescorp/" "Mozilla/5.0 (Windows NT 10.0; Win64; x64) AppleWebKit/537.36 (KHTML, like Gecko) Chrome/145.0.0.0 Safari/537.36 (compatible; meta-webindexer/1.1 (+https://developers.facebook.com/docs/sharing/webmasters/crawler))"
173.252.82.28 - - [04/Aug/2026:19:53:29 +0000] "GET /wp-content/plugins/elementor/assets/js/frontend-modules.min.js?ver=4.2.1 HTTP/2" 200 15915 "https://www.sescorp.cl/central-de-alarmas-sescorp/" "Mozilla/5.0 (Windows NT 10.0; Win64; x64) AppleWebKit/537.36 (KHTML, like Gecko) Chrome/145.0.0.0 Safari/537.36 (compatible; meta-webindexer/1.1 (+https://developers.facebook.com/docs/sharing/webmasters/crawler))"
69.63.184.34 - - [04/Aug/2026:19:53:29 +0000] "GET /wp-content/uploads/2017/12/cropped-sescorpinicio-1.jpg HTTP/2" 200 145377 "https://www.sescorp.cl/central-de-alarmas-sescorp/" "Mozilla/5.0 (Windows NT 10.0; Win64; x64) AppleWebKit/537.36 (KHTML, like Gecko) Chrome/145.0.0.0 Safari/537.36 (compatible; meta-webindexer/1.1 (+https://developers.facebook.com/docs/sharing/webmasters/crawler))"
173.252.82.0 - - [04/Aug/2026:19:53:30 +0000] "GET /wp-content/plugins/elementor/assets/js/text-editor.45609661e409413f1cef.bundle.min.js HTTP/2" 200 647 "https://www.sescorp.cl/central-de-alarmas-sescorp/" "Mozilla/5.0 (Windows NT 10.0; Win64; x64) AppleWebKit/537.36 (KHTML, like Gecko) Chrome/145.0.0.0 Safari/537.36 (compatible; meta-webindexer/1.1 (+https://developers.facebook.com/docs/sharing/webmasters/crawler))"
173.252.70.13 - - [04/Aug/2026:19:53:30 +0000] "GET /wp-content/uploads/2018/05/foto-2-central-de-alarmas-chillan.jpg HTTP/2" 200 150205 "https://www.sescorp.cl/central-de-alarmas-sescorp/" "Mozilla/5.0 (Windows NT 10.0; Win64; x64) AppleWebKit/537.36 (KHTML, like Gecko) Chrome/145.0.0.0 Safari/537.36 (compatible; meta-webindexer/1.1 (+https://developers.facebook.com/docs/sharing/webmasters/crawler))"
173.252.82.28 - - [04/Aug/2026:19:53:30 +0000] "GET /wp-content/uploads/2017/09/cropped-ICONO-NAVEGADOR-1-32x32.png HTTP/2" 200 1330 "https://www.sescorp.cl/central-de-alarmas-sescorp/" "Mozilla/5.0 (Windows NT 10.0; Win64; x64) AppleWebKit/537.36 (KHTML, like Gecko) Chrome/145.0.0.0 Safari/537.36 (compatible; meta-webindexer/1.1 (+https://developers.facebook.com/docs/sharing/webmasters/crawler))"
173.252.82.28 - - [04/Aug/2026:19:53:29 +0000] "GET /wp-content/plugins/contact-form-7/includes/js/index.js?ver=6.1.6 HTTP/2" 200 4236 "https://www.sescorp.cl/central-de-alarmas-sescorp/" "Mozilla/5.0 (Windows NT 10.0; Win64; x64) AppleWebKit/537.36 (KHTML, like Gecko) Chrome/145.0.0.0 Safari/537.36 (compatible; meta-webindexer/1.1 (+https://developers.facebook.com/docs/sharing/webmasters/crawler))"
173.252.70.13 - - [04/Aug/2026:19:53:29 +0000] "GET /wp-content/uploads/elementor/google-fonts/fonts/roboto-kfo5cnqeu92fr1mu53zec9_vu3r1gihoszmkbnka.woff2 HTTP/2" 200 44192 "https://www.sescorp.cl/wp-content/uploads/elementor/google-fonts/css/roboto.css?ver=1742241201" "Mozilla/5.0 (Windows NT 10.0; Win64; x64) AppleWebKit/537.36 (KHTML, like Gecko) Chrome/145.0.0.0 Safari/537.36 (compatible; meta-webindexer/1.1 (+https://developers.facebook.com/docs/sharing/webmasters/crawler))"
173.252.70.13 - - [04/Aug/2026:19:53:29 +0000] "GET /wp-content/uploads/2017/09/home-security-163693183.jpg HTTP/2" 200 107912 "https://www.sescorp.cl/central-de-alarmas-sescorp/" "Mozilla/5.0 (Windows NT 10.0; Win64; x64) AppleWebKit/537.36 (KHTML, like Gecko) Chrome/145.0.0.0 Safari/537.36 (compatible; meta-webindexer/1.1 (+https://developers.facebook.com/docs/sharing/webmasters/crawler))"
173.252.95.46 - - [04/Aug/2026:19:53:29 +0000] "GET /wp-content/uploads/elementor/google-fonts/fonts/roboto-kfo7cnqeu92fr1me7ksn66agldtyluama3yuba.woff2 HTTP/2" 200 40128 "https://www.sescorp.cl/wp-content/uploads/elementor/google-fonts/css/roboto.css?ver=1742241201" "Mozilla/5.0 (Windows NT 10.0; Win64; x64) AppleWebKit/537.36 (KHTML, like Gecko) Chrome/145.0.0.0 Safari/537.36 (compatible; meta-webindexer/1.1 (+https://developers.facebook.com/docs/sharing/webmasters/crawler))"
170.10.160.123 - - [04/Aug/2026:20:00:04 +0000] "GET /wp-cron.php HTTP/1.1" 200 0 "-" "Wget/1.19.5 (linux-gnu)"
170.10.160.123 - - [04/Aug/2026:20:00:46 +0000] "POST /wp-cron.php?doing_wp_cron=1785873646.3161649703979492187500 HTTP/1.1" 200 20 "-" "WordPress/6.9.4; https://www.sescorp.cl"
182.43.184.15 - - [04/Aug/2026:20:00:45 +0000] "POST /xmlrpc.php HTTP/1.1" 200 222 "-" "Apache-HttpClient/4.5.2 (Java/1.8.0_161)"
34.143.247.64 - - [04/Aug/2026:20:02:24 +0000] "GET /.git/config HTTP/1.1" 401 53 "-" "-"
170.10.160.123 - - [04/Aug/2026:20:04:47 +0000] "POST /wp-cron.php?doing_wp_cron=1785873887.9150190353393554687500 HTTP/1.1" 200 20 "-" "WordPress/6.9.4; https://www.sescorp.cl"
182.43.184.15 - - [04/Aug/2026:20:04:47 +0000] "POST /xmlrpc.php HTTP/1.1" 200 222 "-" "Apache-HttpClient/4.5.2 (Java/1.8.0_161)"
4.232.188.49 - - [04/Aug/2026:20:06:47 +0000] "GET /403.shtml HTTP/1.1" 403 1242 "-" "-"
4.232.188.49 - - [04/Aug/2026:20:06:47 +0000] "GET /403.shtml HTTP/1.1" 403 1242 "-" "-"
4.232.188.49 - - [04/Aug/2026:20:06:47 +0000] "GET /403.shtml HTTP/1.1" 403 1242 "-" "-"
4.232.188.49 - - [04/Aug/2026:20:06:48 +0000] "GET /403.shtml HTTP/1.1" 403 1242 "-" "-"
4.232.188.49 - - [04/Aug/2026:20:06:48 +0000] "GET /403.shtml HTTP/1.1" 403 1242 "-" "-"
4.232.188.49 - - [04/Aug/2026:20:06:48 +0000] "GET /403.shtml HTTP/1.1" 403 1242 "-" "-"
4.232.188.49 - - [04/Aug/2026:20:06:48 +0000] "GET /403.shtml HTTP/1.1" 403 1242 "-" "-"
4.232.188.49 - - [04/Aug/2026:20:06:49 +0000] "GET /403.shtml HTTP/1.1" 403 1242 "-" "-"
4.232.188.49 - - [04/Aug/2026:20:06:49 +0000] "GET /403.shtml HTTP/1.1" 403 1242 "-" "-"
4.232.188.49 - - [04/Aug/2026:20:06:49 +0000] "GET /403.shtml HTTP/1.1" 403 1242 "-" "-"
4.232.188.49 - - [04/Aug/2026:20:06:49 +0000] "GET /403.shtml HTTP/1.1" 403 1242 "-" "-"
4.232.188.49 - - [04/Aug/2026:20:06:50 +0000] "GET /403.shtml HTTP/1.1" 403 1242 "-" "-"
4.232.188.49 - - [04/Aug/2026:20:06:50 +0000] "GET /403.shtml HTTP/1.1" 403 1242 "-" "-"
4.232.188.49 - - [04/Aug/2026:20:06:50 +0000] "GET /403.shtml HTTP/1.1" 403 1242 "-" "-"
4.232.188.49 - - [04/Aug/2026:20:06:50 +0000] "GET /403.shtml HTTP/1.1" 403 1242 "-" "-"
4.232.188.49 - - [04/Aug/2026:20:06:51 +0000] "GET /403.shtml HTTP/1.1" 403 1242 "-" "-"
4.232.188.49 - - [04/Aug/2026:20:06:51 +0000] "GET /403.shtml HTTP/1.1" 403 1242 "-" "-"
4.232.188.49 - - [04/Aug/2026:20:06:51 +0000] "GET /403.shtml HTTP/1.1" 403 1242 "-" "-"
4.232.188.49 - - [04/Aug/2026:20:06:51 +0000] "GET /403.shtml HTTP/1.1" 403 1242 "-" "-"
4.232.188.49 - - [04/Aug/2026:20:06:52 +0000] "GET /403.shtml HTTP/1.1" 403 1242 "-" "-"
4.232.188.49 - - [04/Aug/2026:20:06:52 +0000] "GET /403.shtml HTTP/1.1" 403 1242 "-" "-"
4.232.188.49 - - [04/Aug/2026:20:06:52 +0000] "GET /403.shtml HTTP/1.1" 403 1242 "-" "-"
4.232.188.49 - - [04/Aug/2026:20:06:52 +0000] "GET /403.shtml HTTP/1.1" 403 1242 "-" "-"
4.232.188.49 - - [04/Aug/2026:20:06:53 +0000] "GET /403.shtml HTTP/1.1" 403 1242 "-" "-"
4.232.188.49 - - [04/Aug/2026:20:06:53 +0000] "GET /403.shtml HTTP/1.1" 403 1242 "-" "-"
4.232.188.49 - - [04/Aug/2026:20:06:53 +0000] "GET /403.shtml HTTP/1.1" 403 1242 "-" "-"
4.232.188.49 - - [04/Aug/2026:20:06:53 +0000] "GET /403.shtml HTTP/1.1" 403 1242 "-" "-"
4.232.188.49 - - [04/Aug/2026:20:06:54 +0000] "GET /403.shtml HTTP/1.1" 403 1242 "-" "-"
4.232.188.49 - - [04/Aug/2026:20:06:54 +0000] "GET /403.shtml HTTP/1.1" 403 1242 "-" "-"
4.232.188.49 - - [04/Aug/2026:20:06:54 +0000] "GET /403.shtml HTTP/1.1" 403 1242 "-" "-"
4.232.188.49 - - [04/Aug/2026:20:06:54 +0000] "GET /403.shtml HTTP/1.1" 403 1242 "-" "-"
4.232.188.49 - - [04/Aug/2026:20:06:55 +0000] "GET /403.shtml HTTP/1.1" 403 1242 "-" "-"
4.232.188.49 - - [04/Aug/2026:20:06:55 +0000] "GET /403.shtml HTTP/1.1" 403 1242 "-" "-"
4.232.188.49 - - [04/Aug/2026:20:06:55 +0000] "GET /403.shtml HTTP/1.1" 403 1242 "-" "-"
4.232.188.49 - - [04/Aug/2026:20:06:55 +0000] "GET /403.shtml HTTP/1.1" 403 1242 "-" "-"
4.232.188.49 - - [04/Aug/2026:20:06:56 +0000] "GET /403.shtml HTTP/1.1" 403 1242 "-" "-"
4.232.188.49 - - [04/Aug/2026:20:06:56 +0000] "GET /403.shtml HTTP/1.1" 403 1242 "-" "-"
4.232.188.49 - - [04/Aug/2026:20:06:56 +0000] "GET /403.shtml HTTP/1.1" 403 1242 "-" "-"
4.232.188.49 - - [04/Aug/2026:20:06:57 +0000] "GET /403.shtml HTTP/1.1" 403 1242 "-" "-"
4.232.188.49 - - [04/Aug/2026:20:06:57 +0000] "GET /403.shtml HTTP/1.1" 403 1242 "-" "-"
4.232.188.49 - - [04/Aug/2026:20:06:57 +0000] "GET /403.shtml HTTP/1.1" 403 1242 "-" "-"
4.232.188.49 - - [04/Aug/2026:20:06:57 +0000] "GET /403.shtml HTTP/1.1" 403 1242 "-" "-"
4.232.188.49 - - [04/Aug/2026:20:06:58 +0000] "GET /403.shtml HTTP/1.1" 403 1242 "-" "-"
4.232.188.49 - - [04/Aug/2026:20:06:58 +0000] "GET /403.shtml HTTP/1.1" 403 1242 "-" "-"
4.232.188.49 - - [04/Aug/2026:20:06:58 +0000] "GET /403.shtml HTTP/1.1" 403 1242 "-" "-"
4.232.188.49 - - [04/Aug/2026:20:06:58 +0000] "GET /403.shtml HTTP/1.1" 403 1242 "-" "-"
4.232.188.49 - - [04/Aug/2026:20:06:59 +0000] "GET /403.shtml HTTP/1.1" 403 1242 "-" "-"
4.232.188.49 - - [04/Aug/2026:20:06:59 +0000] "GET /403.shtml HTTP/1.1" 403 1242 "-" "-"
4.232.188.49 - - [04/Aug/2026:20:06:59 +0000] "GET /403.shtml HTTP/1.1" 403 1242 "-" "-"
4.232.188.49 - - [04/Aug/2026:20:06:59 +0000] "GET /403.shtml HTTP/1.1" 403 1242 "-" "-"
4.232.188.49 - - [04/Aug/2026:20:07:00 +0000] "GET /403.shtml HTTP/1.1" 403 1242 "-" "-"
4.232.188.49 - - [04/Aug/2026:20:07:00 +0000] "GET /403.shtml HTTP/1.1" 403 1242 "-" "-"
4.232.188.49 - - [04/Aug/2026:20:07:00 +0000] "GET /403.shtml HTTP/1.1" 403 1242 "-" "-"
4.232.188.49 - - [04/Aug/2026:20:07:00 +0000] "GET /403.shtml HTTP/1.1" 403 1242 "-" "-"
4.232.188.49 - - [04/Aug/2026:20:07:01 +0000] "GET /403.shtml HTTP/1.1" 403 1242 "-" "-"
4.232.188.49 - - [04/Aug/2026:20:07:01 +0000] "GET /403.shtml HTTP/1.1" 403 1242 "-" "-"
4.232.188.49 - - [04/Aug/2026:20:07:01 +0000] "GET /403.shtml HTTP/1.1" 403 1242 "-" "-"
4.232.188.49 - - [04/Aug/2026:20:07:02 +0000] "GET /403.shtml HTTP/1.1" 403 1242 "-" "-"
4.232.188.49 - - [04/Aug/2026:20:07:02 +0000] "GET /403.shtml HTTP/1.1" 403 1242 "-" "-"
4.232.188.49 - - [04/Aug/2026:20:07:02 +0000] "GET /403.shtml HTTP/1.1" 403 1242 "-" "-"
4.232.188.49 - - [04/Aug/2026:20:07:02 +0000] "GET /403.shtml HTTP/1.1" 403 1242 "-" "-"
4.232.188.49 - - [04/Aug/2026:20:07:03 +0000] "GET /403.shtml HTTP/1.1" 403 1242 "-" "-"
4.232.188.49 - - [04/Aug/2026:20:07:03 +0000] "GET /403.shtml HTTP/1.1" 403 1242 "-" "-"
4.232.188.49 - - [04/Aug/2026:20:07:03 +0000] "GET /403.shtml HTTP/1.1" 403 1242 "-" "-"
4.232.188.49 - - [04/Aug/2026:20:07:04 +0000] "GET /403.shtml HTTP/1.1" 403 1242 "-" "-"
4.232.188.49 - - [04/Aug/2026:20:07:04 +0000] "GET /403.shtml HTTP/1.1" 403 1242 "-" "-"
4.232.188.49 - - [04/Aug/2026:20:07:04 +0000] "GET /403.shtml HTTP/1.1" 403 1242 "-" "-"
4.232.188.49 - - [04/Aug/2026:20:07:04 +0000] "GET /403.shtml HTTP/1.1" 403 1242 "-" "-"
4.232.188.49 - - [04/Aug/2026:20:07:05 +0000] "GET /403.shtml HTTP/1.1" 403 1242 "-" "-"
4.232.188.49 - - [04/Aug/2026:20:07:05 +0000] "GET /403.shtml HTTP/1.1" 403 1242 "-" "-"
4.232.188.49 - - [04/Aug/2026:20:07:05 +0000] "GET /403.shtml HTTP/1.1" 403 1242 "-" "-"
4.232.188.49 - - [04/Aug/2026:20:07:06 +0000] "GET /403.shtml HTTP/1.1" 403 1242 "-" "-"
4.232.188.49 - - [04/Aug/2026:20:07:06 +0000] "GET /403.shtml HTTP/1.1" 403 1242 "-" "-"
4.232.188.49 - - [04/Aug/2026:20:07:06 +0000] "GET /403.shtml HTTP/1.1" 403 1242 "-" "-"
4.232.188.49 - - [04/Aug/2026:20:07:06 +0000] "GET /403.shtml HTTP/1.1" 403 1242 "-" "-"
4.232.188.49 - - [04/Aug/2026:20:07:07 +0000] "GET /403.shtml HTTP/1.1" 403 1242 "-" "-"
4.232.188.49 - - [04/Aug/2026:20:07:07 +0000] "GET /403.shtml HTTP/1.1" 403 1242 "-" "-"
4.232.188.49 - - [04/Aug/2026:20:07:07 +0000] "GET /403.shtml HTTP/1.1" 403 1242 "-" "-"
4.232.188.49 - - [04/Aug/2026:20:07:07 +0000] "GET /403.shtml HTTP/1.1" 403 1242 "-" "-"
4.232.188.49 - - [04/Aug/2026:20:07:08 +0000] "GET /403.shtml HTTP/1.1" 403 1242 "-" "-"
4.232.188.49 - - [04/Aug/2026:20:07:08 +0000] "GET /403.shtml HTTP/1.1" 403 1242 "-" "-"
4.232.188.49 - - [04/Aug/2026:20:07:08 +0000] "GET /403.shtml HTTP/1.1" 403 1242 "-" "-"
4.232.188.49 - - [04/Aug/2026:20:07:08 +0000] "GET /403.shtml HTTP/1.1" 403 1242 "-" "-"
4.232.188.49 - - [04/Aug/2026:20:07:09 +0000] "GET /403.shtml HTTP/1.1" 403 1242 "-" "-"
4.232.188.49 - - [04/Aug/2026:20:07:09 +0000] "GET /403.shtml HTTP/1.1" 403 1242 "-" "-"
4.232.188.49 - - [04/Aug/2026:20:07:09 +0000] "GET /403.shtml HTTP/1.1" 403 1242 "-" "-"
4.232.188.49 - - [04/Aug/2026:20:07:09 +0000] "GET /403.shtml HTTP/1.1" 403 1242 "-" "-"
4.232.188.49 - - [04/Aug/2026:20:07:10 +0000] "GET /403.shtml HTTP/1.1" 403 1242 "-" "-"
4.232.188.49 - - [04/Aug/2026:20:07:10 +0000] "GET /403.shtml HTTP/1.1" 403 1242 "-" "-"
4.232.188.49 - - [04/Aug/2026:20:07:10 +0000] "GET /403.shtml HTTP/1.1" 403 1242 "-" "-"
4.232.188.49 - - [04/Aug/2026:20:07:10 +0000] "GET /403.shtml HTTP/1.1" 403 1242 "-" "-"
4.232.188.49 - - [04/Aug/2026:20:07:11 +0000] "GET /403.shtml HTTP/1.1" 403 1242 "-" "-"
4.232.188.49 - - [04/Aug/2026:20:07:11 +0000] "GET /403.shtml HTTP/1.1" 403 1242 "-" "-"
4.232.188.49 - - [04/Aug/2026:20:07:11 +0000] "GET /403.shtml HTTP/1.1" 403 1242 "-" "-"
4.232.188.49 - - [04/Aug/2026:20:07:11 +0000] "GET /403.shtml HTTP/1.1" 403 1242 "-" "-"
4.232.188.49 - - [04/Aug/2026:20:07:12 +0000] "GET /403.shtml HTTP/1.1" 403 1242 "-" "-"
4.232.188.49 - - [04/Aug/2026:20:07:12 +0000] "GET /403.shtml HTTP/1.1" 403 1242 "-" "-"
4.232.188.49 - - [04/Aug/2026:20:07:12 +0000] "GET /403.shtml HTTP/1.1" 403 1242 "-" "-"
4.232.188.49 - - [04/Aug/2026:20:07:13 +0000] "GET /403.shtml HTTP/1.1" 403 1242 "-" "-"
4.232.188.49 - - [04/Aug/2026:20:07:13 +0000] "GET /403.shtml HTTP/1.1" 403 1242 "-" "-"
4.232.188.49 - - [04/Aug/2026:20:07:13 +0000] "GET /403.shtml HTTP/1.1" 403 1242 "-" "-"
4.232.188.49 - - [04/Aug/2026:20:07:13 +0000] "GET /403.shtml HTTP/1.1" 403 1242 "-" "-"
4.232.188.49 - - [04/Aug/2026:20:07:14 +0000] "GET /403.shtml HTTP/1.1" 403 1242 "-" "-"
4.232.188.49 - - [04/Aug/2026:20:07:14 +0000] "GET /403.shtml HTTP/1.1" 403 1242 "-" "-"
4.232.188.49 - - [04/Aug/2026:20:07:14 +0000] "GET /403.shtml HTTP/1.1" 403 1242 "-" "-"
4.232.188.49 - - [04/Aug/2026:20:07:14 +0000] "GET /403.shtml HTTP/1.1" 403 1242 "-" "-"
4.232.188.49 - - [04/Aug/2026:20:07:15 +0000] "GET /403.shtml HTTP/1.1" 403 1242 "-" "-"
4.232.188.49 - - [04/Aug/2026:20:07:15 +0000] "GET /403.shtml HTTP/1.1" 403 1242 "-" "-"
173.252.95.46 - - [04/Aug/2026:19:53:30 +0000] "GET /wp-content/plugins/elementor/assets/js/section-frontend-handlers.d85ab872da118940910d.bundle.min.js HTTP/2" 200 268 "https://www.sescorp.cl/central-de-alarmas-sescorp/" "Mozilla/5.0 (Windows NT 10.0; Win64; x64) AppleWebKit/537.36 (KHTML, like Gecko) Chrome/145.0.0.0 Safari/537.36 (compatible; meta-webindexer/1.1 (+https://developers.facebook.com/docs/sharing/webmasters/crawler))"
173.252.95.5 - - [04/Aug/2026:19:53:30 +0000] "GET /wp-content/plugins/elementor/assets/js/shared-frontend-handlers.03caa53373b56d3bab67.bundle.min.js HTTP/2" 200 2642 "https://www.sescorp.cl/central-de-alarmas-sescorp/" "Mozilla/5.0 (Windows NT 10.0; Win64; x64) AppleWebKit/537.36 (KHTML, like Gecko) Chrome/145.0.0.0 Safari/537.36 (compatible; meta-webindexer/1.1 (+https://developers.facebook.com/docs/sharing/webmasters/crawler))"
173.252.95.46 - - [04/Aug/2026:19:53:30 +0000] "GET /wp-content/plugins/elementor/assets/js/video.86d44e46e43d0807e708.bundle.min.js HTTP/2" 200 1276 "https://www.sescorp.cl/central-de-alarmas-sescorp/" "Mozilla/5.0 (Windows NT 10.0; Win64; x64) AppleWebKit/537.36 (KHTML, like Gecko) Chrome/145.0.0.0 Safari/537.36 (compatible; meta-webindexer/1.1 (+https://developers.facebook.com/docs/sharing/webmasters/crawler))"
182.43.184.15 - - [04/Aug/2026:19:56:23 +0000] "POST /xmlrpc.php HTTP/1.1" 200 222 "-" "Apache-HttpClient/4.5.2 (Java/1.8.0_161)"
182.43.184.15 - - [04/Aug/2026:19:56:24 +0000] "POST /xmlrpc.php HTTP/1.1" 200 222 "-" "Apache-HttpClient/4.5.2 (Java/1.8.0_161)"
170.10.160.123 - - [04/Aug/2026:19:59:06 +0000] "POST /wp-cron.php?doing_wp_cron=1785873546.7666358947753906250000 HTTP/1.1" 200 20 "-" "WordPress/6.9.4; https://www.sescorp.cl"
170.10.160.123 - - [04/Aug/2026:20:03:55 +0000] "POST /wp-cron.php?doing_wp_cron=1785873835.6713740825653076171875 HTTP/1.1" 200 20 "-" "WordPress/6.9.4; https://www.sescorp.cl"
170.10.160.123 - - [04/Aug/2026:20:07:44 +0000] "POST /wp-cron.php?doing_wp_cron=1785874064.6271400451660156250000 HTTP/1.1" 200 20 "-" "WordPress/6.9.4; https://www.sescorp.cl"
182.43.184.15 - - [04/Aug/2026:20:07:39 +0000] "POST /xmlrpc.php HTTP/1.1" 200 222 "-" "Apache-HttpClient/4.5.2 (Java/1.8.0_161)"
170.10.160.123 - - [04/Aug/2026:20:11:21 +0000] "POST /wp-cron.php?doing_wp_cron=1785874281.3372690677642822265625 HTTP/1.1" 200 20 "-" "WordPress/6.9.4; https://www.sescorp.cl"
170.10.160.123 - - [04/Aug/2026:20:12:01 +0000] "POST /wp-cron.php?doing_wp_cron=1785874321.3206889629364013671875 HTTP/1.1" 200 20 "-" "WordPress/6.9.4; https://www.sescorp.cl"
182.43.184.15 - - [04/Aug/2026:20:12:00 +0000] "POST /xmlrpc.php HTTP/1.1" 200 222 "-" "Apache-HttpClient/4.5.2 (Java/1.8.0_161)"
170.10.160.123 - - [04/Aug/2026:19:55:01 +0000] "POST /wp-cron.php?doing_wp_cron=1785873301.2422618865966796875000 HTTP/1.1" 200 20 "-" "WordPress/6.9.4; https://www.sescorp.cl"
182.43.184.15 - - [04/Aug/2026:19:55:00 +0000] "POST /xmlrpc.php HTTP/1.1" 200 222 "-" "Apache-HttpClient/4.5.2 (Java/1.8.0_161)"
170.10.160.123 - - [04/Aug/2026:19:56:24 +0000] "POST /wp-cron.php?doing_wp_cron=1785873384.4249100685119628906250 HTTP/1.1" 200 20 "-" "WordPress/6.9.4; https://www.sescorp.cl"
182.43.184.15 - - [04/Aug/2026:19:59:01 +0000] "POST /xmlrpc.php HTTP/1.1" 200 222 "-" "Apache-HttpClient/4.5.2 (Java/1.8.0_161)"
182.43.184.15 - - [04/Aug/2026:20:03:48 +0000] "POST /xmlrpc.php HTTP/1.1" 200 222 "-" "Apache-HttpClient/4.5.2 (Java/1.8.0_161)"
185.132.53.181 - - [04/Aug/2026:20:13:24 +0000] "POST /?rest_route=/batch/v1 HTTP/1.1" 403 1242 "-" "wp2shell"
