4.232.188.49 - - [04/Aug/2026:20:07:15 +0000] "GET /403.shtml HTTP/1.1" 403 1242 "-" "-"
4.232.188.49 - - [04/Aug/2026:20:07:15 +0000] "GET /403.shtml HTTP/1.1" 403 1242 "-" "-"
4.232.188.49 - - [04/Aug/2026:20:07:16 +0000] "GET /403.shtml HTTP/1.1" 403 1242 "-" "-"
4.232.188.49 - - [04/Aug/2026:20:07:16 +0000] "GET /403.shtml HTTP/1.1" 403 1242 "-" "-"
4.232.188.49 - - [04/Aug/2026:20:07:16 +0000] "GET /403.shtml HTTP/1.1" 403 1242 "-" "-"
4.232.188.49 - - [04/Aug/2026:20:07:16 +0000] "GET /403.shtml HTTP/1.1" 403 1242 "-" "-"
4.232.188.49 - - [04/Aug/2026:20:07:17 +0000] "GET /403.shtml HTTP/1.1" 403 1242 "-" "-"
4.232.188.49 - - [04/Aug/2026:20:07:17 +0000] "GET /403.shtml HTTP/1.1" 403 1242 "-" "-"
4.232.188.49 - - [04/Aug/2026:20:07:17 +0000] "GET /403.shtml HTTP/1.1" 403 1242 "-" "-"
4.232.188.49 - - [04/Aug/2026:20:07:17 +0000] "GET /403.shtml HTTP/1.1" 403 1242 "-" "-"
4.232.188.49 - - [04/Aug/2026:20:07:17 +0000] "GET /403.shtml HTTP/1.1" 403 1242 "-" "-"
4.232.188.49 - - [04/Aug/2026:20:07:18 +0000] "GET /403.shtml HTTP/1.1" 403 1242 "-" "-"
4.232.188.49 - - [04/Aug/2026:20:07:18 +0000] "GET /403.shtml HTTP/1.1" 403 1242 "-" "-"
4.232.188.49 - - [04/Aug/2026:20:07:18 +0000] "GET /403.shtml HTTP/1.1" 403 1242 "-" "-"
4.232.188.49 - - [04/Aug/2026:20:07:19 +0000] "GET /403.shtml HTTP/1.1" 403 1242 "-" "-"
4.232.188.49 - - [04/Aug/2026:20:07:19 +0000] "GET /403.shtml HTTP/1.1" 403 1242 "-" "-"
4.232.188.49 - - [04/Aug/2026:20:07:19 +0000] "GET /403.shtml HTTP/1.1" 403 1242 "-" "-"
4.232.188.49 - - [04/Aug/2026:20:07:19 +0000] "GET /403.shtml HTTP/1.1" 403 1242 "-" "-"
4.232.188.49 - - [04/Aug/2026:20:07:20 +0000] "GET /403.shtml HTTP/1.1" 403 1242 "-" "-"
4.232.188.49 - - [04/Aug/2026:20:07:20 +0000] "GET /403.shtml HTTP/1.1" 403 1242 "-" "-"
4.232.188.49 - - [04/Aug/2026:20:07:20 +0000] "GET /403.shtml HTTP/1.1" 403 1242 "-" "-"
4.232.188.49 - - [04/Aug/2026:20:07:20 +0000] "GET /403.shtml HTTP/1.1" 403 1242 "-" "-"
4.232.188.49 - - [04/Aug/2026:20:07:21 +0000] "GET /403.shtml HTTP/1.1" 403 1242 "-" "-"
4.232.188.49 - - [04/Aug/2026:20:07:21 +0000] "GET /403.shtml HTTP/1.1" 403 1242 "-" "-"
4.232.188.49 - - [04/Aug/2026:20:07:21 +0000] "GET /403.shtml HTTP/1.1" 403 1242 "-" "-"
4.232.188.49 - - [04/Aug/2026:20:07:22 +0000] "GET /403.shtml HTTP/1.1" 403 1242 "-" "-"
4.232.188.49 - - [04/Aug/2026:20:07:22 +0000] "GET /403.shtml HTTP/1.1" 403 1242 "-" "-"
4.232.188.49 - - [04/Aug/2026:20:07:22 +0000] "GET /403.shtml HTTP/1.1" 403 1242 "-" "-"
4.232.188.49 - - [04/Aug/2026:20:07:22 +0000] "GET /403.shtml HTTP/1.1" 403 1242 "-" "-"
4.232.188.49 - - [04/Aug/2026:20:07:23 +0000] "GET /403.shtml HTTP/1.1" 403 1242 "-" "-"
4.232.188.49 - - [04/Aug/2026:20:07:23 +0000] "GET /403.shtml HTTP/1.1" 403 1242 "-" "-"
4.232.188.49 - - [04/Aug/2026:20:07:23 +0000] "GET /403.shtml HTTP/1.1" 403 1242 "-" "-"
4.232.188.49 - - [04/Aug/2026:20:07:23 +0000] "GET /403.shtml HTTP/1.1" 403 1242 "-" "-"
4.232.188.49 - - [04/Aug/2026:20:07:23 +0000] "GET /403.shtml HTTP/1.1" 403 1242 "-" "-"
4.232.188.49 - - [04/Aug/2026:20:07:24 +0000] "GET /403.shtml HTTP/1.1" 403 1242 "-" "-"
4.232.188.49 - - [04/Aug/2026:20:07:24 +0000] "GET /403.shtml HTTP/1.1" 403 1242 "-" "-"
4.232.188.49 - - [04/Aug/2026:20:07:24 +0000] "GET /403.shtml HTTP/1.1" 403 1242 "-" "-"
4.232.188.49 - - [04/Aug/2026:20:07:24 +0000] "GET /403.shtml HTTP/1.1" 403 1242 "-" "-"
4.232.188.49 - - [04/Aug/2026:20:07:25 +0000] "GET /403.shtml HTTP/1.1" 403 1242 "-" "-"
4.232.188.49 - - [04/Aug/2026:20:07:25 +0000] "GET /403.shtml HTTP/1.1" 403 1242 "-" "-"
4.232.188.49 - - [04/Aug/2026:20:07:25 +0000] "GET /403.shtml HTTP/1.1" 403 1242 "-" "-"
4.232.188.49 - - [04/Aug/2026:20:07:25 +0000] "GET /403.shtml HTTP/1.1" 403 1242 "-" "-"
182.43.184.15 - - [04/Aug/2026:20:08:26 +0000] "POST /xmlrpc.php HTTP/1.1" 200 222 "-" "Apache-HttpClient/4.5.2 (Java/1.8.0_161)"
182.43.184.15 - - [04/Aug/2026:20:11:16 +0000] "POST /xmlrpc.php HTTP/1.1" 200 222 "-" "Apache-HttpClient/4.5.2 (Java/1.8.0_161)"
182.43.184.15 - - [04/Aug/2026:20:14:31 +0000] "POST /xmlrpc.php HTTP/1.1" 200 222 "-" "Apache-HttpClient/4.5.2 (Java/1.8.0_161)"
182.43.184.15 - - [04/Aug/2026:20:18:15 +0000] "POST /xmlrpc.php HTTP/1.1" 200 222 "-" "Apache-HttpClient/4.5.2 (Java/1.8.0_161)"
182.43.184.15 - - [04/Aug/2026:20:18:52 +0000] "POST /xmlrpc.php HTTP/1.1" 200 222 "-" "Apache-HttpClient/4.5.2 (Java/1.8.0_161)"
182.43.184.15 - - [04/Aug/2026:20:21:55 +0000] "POST /xmlrpc.php HTTP/1.1" 200 222 "-" "Apache-HttpClient/4.5.2 (Java/1.8.0_161)"
103.75.185.95 - - [04/Aug/2026:20:33:02 +0000] "GET /wp-login.php HTTP/2" 200 3100 "-" "Mozilla/5.0 (Windows NT 10.0; Win64; x64) AppleWebKit/537.36 (KHTML, like Gecko) Chrome/150.0.0.0 Safari/537.36"
170.10.160.123 - - [04/Aug/2026:20:42:13 +0000] "POST /wp-cron.php?doing_wp_cron=1785876132.9580080509185791015625 HTTP/1.1" 200 20 "-" "WordPress/6.9.4; https://www.sescorp.cl"
44.209.113.59 - - [04/Aug/2026:20:42:14 +0000] "GET / HTTP/1.1" 301 20 "-" "Mozilla/5.0 (Macintosh; Intel Mac OS X 10_15_7) AppleWebKit/537.36 (KHTML, like Gecko) Chrome/124.0.0.0 Safari/537.36"
182.43.184.15 - - [04/Aug/2026:20:45:29 +0000] "POST /xmlrpc.php HTTP/1.1" 200 222 "-" "Apache-HttpClient/4.5.2 (Java/1.8.0_161)"
170.10.160.123 - - [04/Aug/2026:20:45:38 +0000] "POST /wp-cron.php?doing_wp_cron=1785876338.7857799530029296875000 HTTP/1.1" 200 20 "-" "WordPress/6.9.4; https://www.sescorp.cl"
81.171.72.93 - - [04/Aug/2026:20:45:37 +0000] "GET / HTTP/1.1" 301 20 "-" "Go-http-client/1.1"
81.171.72.93 - - [04/Aug/2026:20:45:37 +0000] "HEAD / HTTP/1.1" 301 0 "-" "Go-http-client/1.1"
81.171.72.93 - - [04/Aug/2026:20:45:37 +0000] "POST / HTTP/1.1" 200 14146 "-" "Go-http-client/1.1"
81.171.72.93 - - [04/Aug/2026:20:45:39 +0000] "GET /storage/logs/laravel.log HTTP/1.1" 301 20 "-" "Go-http-client/1.1"
81.171.72.93 - - [04/Aug/2026:20:45:39 +0000] "GET /.ssh/id_rsa HTTP/1.1" 301 20 "-" "Go-http-client/1.1"
81.171.72.93 - - [04/Aug/2026:20:45:40 +0000] "GET /database.sql HTTP/1.1" 301 20 "-" "Go-http-client/1.1"
81.171.72.93 - - [04/Aug/2026:20:45:43 +0000] "GET /.ssh/id_rsa HTTP/1.1" 404 12340 "https://sescorp.cl/.ssh/id_rsa" "Go-http-client/1.1"
81.171.72.93 - - [04/Aug/2026:20:45:47 +0000] "GET /.git/HEAD HTTP/1.1" 403 1242 "-" "Go-http-client/1.1"
81.171.72.93 - - [04/Aug/2026:20:45:47 +0000] "GET /.env HTTP/1.1" 403 1242 "-" "Go-http-client/1.1"
81.171.72.93 - - [04/Aug/2026:20:45:47 +0000] "GET /api/.env HTTP/1.1" 403 1242 "-" "Go-http-client/1.1"
81.171.72.93 - - [04/Aug/2026:20:45:46 +0000] "GET /wp-admin/setup-config.php HTTP/1.1" 409 1150 "-" "Go-http-client/1.1"
81.171.72.93 - - [04/Aug/2026:20:45:46 +0000] "GET /_vti_pvt/service.pwd HTTP/1.1" 301 20 "-" "Go-http-client/1.1"
81.171.72.93 - - [04/Aug/2026:20:45:47 +0000] "GET /phpinfo.php HTTP/1.1" 301 20 "-" "Go-http-client/1.1"
81.171.72.93 - - [04/Aug/2026:20:45:48 +0000] "GET /docker-compose.yml HTTP/1.1" 301 20 "-" "Go-http-client/1.1"
81.171.72.93 - - [04/Aug/2026:20:45:50 +0000] "GET /actuator/heapdump HTTP/1.1" 301 20 "-" "Go-http-client/1.1"
81.171.72.93 - - [04/Aug/2026:20:45:51 +0000] "GET /database_backup.sql HTTP/1.1" 301 20 "-" "Go-http-client/1.1"
81.171.72.93 - - [04/Aug/2026:20:45:54 +0000] "GET /phpinfo.php HTTP/1.1" 404 12340 "https://sescorp.cl/phpinfo.php" "Go-http-client/1.1"
81.171.72.93 - - [04/Aug/2026:20:45:54 +0000] "GET /database_backup.sql HTTP/1.1" 404 12340 "https://sescorp.cl/database_backup.sql" "Go-http-client/1.1"
81.171.72.93 - - [04/Aug/2026:20:45:55 +0000] "GET /wp-config.php HTTP/1.1" 200 20 "-" "Go-http-client/1.1"
81.171.72.93 - - [04/Aug/2026:20:45:58 +0000] "GET /.env.production HTTP/1.1" 403 1242 "-" "Go-http-client/1.1"
81.171.72.93 - - [04/Aug/2026:20:45:56 +0000] "GET /backup.zip HTTP/1.1" 301 20 "-" "Go-http-client/1.1"
81.171.72.93 - - [04/Aug/2026:20:45:58 +0000] "GET /config/production.json HTTP/1.1" 301 20 "-" "Go-http-client/1.1"
81.171.72.93 - - [04/Aug/2026:20:45:58 +0000] "GET /etc/ssl/private/server.key HTTP/1.1" 301 20 "-" "Go-http-client/1.1"
170.10.160.123 - - [04/Aug/2026:20:15:03 +0000] "GET /wp-cron.php HTTP/1.1" 200 0 "-" "Wget/1.19.5 (linux-gnu)"
182.43.184.15 - - [04/Aug/2026:20:15:03 +0000] "POST /xmlrpc.php HTTP/1.1" 200 222 "-" "Apache-HttpClient/4.5.2 (Java/1.8.0_161)"
170.10.160.123 - - [04/Aug/2026:20:18:53 +0000] "POST /wp-cron.php?doing_wp_cron=1785874733.1387560367584228515625 HTTP/1.1" 200 20 "-" "WordPress/6.9.4; https://www.sescorp.cl"
170.10.160.123 - - [04/Aug/2026:20:21:51 +0000] "POST /wp-cron.php?doing_wp_cron=1785874911.4130980968475341796875 HTTP/1.1" 200 20 "-" "WordPress/6.9.4; https://www.sescorp.cl"
170.10.160.123 - - [04/Aug/2026:20:26:20 +0000] "POST /wp-cron.php?doing_wp_cron=1785875180.1734850406646728515625 HTTP/1.1" 200 20 "-" "WordPress/6.9.4; https://www.sescorp.cl"
182.43.184.15 - - [04/Aug/2026:20:26:19 +0000] "POST /xmlrpc.php HTTP/1.1" 200 222 "-" "Apache-HttpClient/4.5.2 (Java/1.8.0_161)"
182.43.184.15 - - [04/Aug/2026:20:29:07 +0000] "POST /xmlrpc.php HTTP/1.1" 200 222 "-" "Apache-HttpClient/4.5.2 (Java/1.8.0_161)"
170.10.160.123 - - [04/Aug/2026:20:29:33 +0000] "POST /wp-cron.php?doing_wp_cron=1785875373.6098558902740478515625 HTTP/1.1" 200 20 "-" "WordPress/6.9.4; https://www.sescorp.cl"
182.43.184.15 - - [04/Aug/2026:20:29:32 +0000] "POST /xmlrpc.php HTTP/1.1" 200 222 "-" "Apache-HttpClient/4.5.2 (Java/1.8.0_161)"
170.10.160.123 - - [04/Aug/2026:20:32:48 +0000] "POST /wp-cron.php?doing_wp_cron=1785875568.5258729457855224609375 HTTP/1.1" 200 20 "-" "WordPress/6.9.4; https://www.sescorp.cl"
45.12.3.126 - - [04/Aug/2026:20:33:26 +0000] "GET //images/images/cache.php HTTP/1.1" 301 20 "-" "Mozilla/5.0 (Windows NT 10.0; Win64; x64; rv:81.0) Gecko/20100101 Firefox/81.0"
182.43.184.15 - - [04/Aug/2026:20:35:51 +0000] "POST /xmlrpc.php HTTP/1.1" 200 222 "-" "Apache-HttpClient/4.5.2 (Java/1.8.0_161)"
182.43.184.15 - - [04/Aug/2026:20:35:57 +0000] "POST /xmlrpc.php HTTP/1.1" 200 222 "-" "Apache-HttpClient/4.5.2 (Java/1.8.0_161)"
170.10.160.123 - - [04/Aug/2026:20:38:51 +0000] "POST /wp-cron.php?doing_wp_cron=1785875931.6457719802856445312500 HTTP/1.1" 200 20 "-" "WordPress/6.9.4; https://www.sescorp.cl"
182.43.184.15 - - [04/Aug/2026:20:38:50 +0000] "POST /xmlrpc.php HTTP/1.1" 200 222 "-" "Apache-HttpClient/4.5.2 (Java/1.8.0_161)"
182.43.184.15 - - [04/Aug/2026:20:39:01 +0000] "POST /xmlrpc.php HTTP/1.1" 200 222 "-" "Apache-HttpClient/4.5.2 (Java/1.8.0_161)"
170.10.160.123 - - [04/Aug/2026:20:45:03 +0000] "GET /wp-cron.php HTTP/1.1" 200 0 "-" "Wget/1.19.5 (linux-gnu)"
182.43.184.15 - - [04/Aug/2026:20:45:12 +0000] "POST /xmlrpc.php HTTP/1.1" 200 222 "-" "Apache-HttpClient/4.5.2 (Java/1.8.0_161)"
81.171.72.93 - - [04/Aug/2026:20:45:40 +0000] "GET /config.xml HTTP/1.1" 301 20 "-" "Go-http-client/1.1"
81.171.72.93 - - [04/Aug/2026:20:45:39 +0000] "GET / HTTP/1.1" 200 22227 "https://sescorp.cl/" "Go-http-client/1.1"
81.171.72.93 - - [04/Aug/2026:20:45:43 +0000] "GET /storage/logs/laravel.log HTTP/1.1" 404 12340 "https://sescorp.cl/storage/logs/laravel.log" "Go-http-client/1.1"
81.171.72.93 - - [04/Aug/2026:20:45:43 +0000] "GET /config.xml HTTP/1.1" 404 12340 "https://sescorp.cl/config.xml" "Go-http-client/1.1"
81.171.72.93 - - [04/Aug/2026:20:45:46 +0000] "GET /user_secrets.yml HTTP/1.1" 301 20 "-" "Go-http-client/1.1"
81.171.72.93 - - [04/Aug/2026:20:45:54 +0000] "GET /actuator/heapdump HTTP/1.1" 404 12340 "https://sescorp.cl/actuator/heapdump" "Go-http-client/1.1"
81.171.72.93 - - [04/Aug/2026:20:45:54 +0000] "GET /docker-compose.yml HTTP/1.1" 404 12340 "https://sescorp.cl/docker-compose.yml" "Go-http-client/1.1"
81.171.72.93 - - [04/Aug/2026:20:45:58 +0000] "GET /config.php HTTP/1.1" 301 20 "-" "Go-http-client/1.1"
81.171.72.93 - - [04/Aug/2026:20:46:01 +0000] "GET /etc/ssl/private/server.key HTTP/1.1" 404 12340 "https://sescorp.cl/etc/ssl/private/server.key" "Go-http-client/1.1"
81.171.72.93 - - [04/Aug/2026:20:46:04 +0000] "GET /backup.tar.gz HTTP/1.1" 404 12340 "https://sescorp.cl/backup.tar.gz" "Go-http-client/1.1"
170.10.160.123 - - [04/Aug/2026:20:14:37 +0000] "POST /wp-cron.php?doing_wp_cron=1785874477.0165688991546630859375 HTTP/1.1" 200 20 "-" "WordPress/6.9.4; https://www.sescorp.cl"
182.43.184.15 - - [04/Aug/2026:20:14:38 +0000] "POST /xmlrpc.php HTTP/1.1" 200 222 "-" "Apache-HttpClient/4.5.2 (Java/1.8.0_161)"
170.10.160.123 - - [04/Aug/2026:20:18:21 +0000] "POST /wp-cron.php?doing_wp_cron=1785874701.3139579296112060546875 HTTP/1.1" 200 20 "-" "WordPress/6.9.4; https://www.sescorp.cl"
216.73.217.46 - - [04/Aug/2026:20:21:45 +0000] "GET / HTTP/2" 200 22227 "-" "Mozilla/5.0 AppleWebKit/537.36 (KHTML, like Gecko; compatible; ClaudeBot/1.0; +claudebot@anthropic.com)"
170.10.160.123 - - [04/Aug/2026:20:22:41 +0000] "POST /wp-cron.php?doing_wp_cron=1785874961.4060599803924560546875 HTTP/1.1" 200 20 "-" "WordPress/6.9.4; https://www.sescorp.cl"
182.43.184.15 - - [04/Aug/2026:20:22:40 +0000] "POST /xmlrpc.php HTTP/1.1" 200 222 "-" "Apache-HttpClient/4.5.2 (Java/1.8.0_161)"
182.43.184.15 - - [04/Aug/2026:20:22:47 +0000] "POST /xmlrpc.php HTTP/1.1" 200 222 "-" "Apache-HttpClient/4.5.2 (Java/1.8.0_161)"
182.43.184.15 - - [04/Aug/2026:20:25:40 +0000] "POST /xmlrpc.php HTTP/1.1" 200 222 "-" "Apache-HttpClient/4.5.2 (Java/1.8.0_161)"
170.10.160.123 - - [04/Aug/2026:20:25:48 +0000] "POST /wp-cron.php?doing_wp_cron=1785875146.7322969436645507812500 HTTP/1.1" 200 20 "-" "WordPress/6.9.4; https://www.sescorp.cl"
182.43.184.15 - - [04/Aug/2026:20:25:48 +0000] "POST /xmlrpc.php HTTP/1.1" 200 222 "-" "Apache-HttpClient/4.5.2 (Java/1.8.0_161)"
170.10.160.123 - - [04/Aug/2026:20:29:12 +0000] "POST /wp-cron.php?doing_wp_cron=1785875352.4525499343872070312500 HTTP/1.1" 200 20 "-" "WordPress/6.9.4; https://www.sescorp.cl"
170.10.160.123 - - [04/Aug/2026:20:30:04 +0000] "GET /wp-cron.php HTTP/1.1" 200 0 "-" "Wget/1.19.5 (linux-gnu)"
182.43.184.15 - - [04/Aug/2026:20:32:43 +0000] "POST /xmlrpc.php HTTP/1.1" 200 222 "-" "Apache-HttpClient/4.5.2 (Java/1.8.0_161)"
170.10.160.123 - - [04/Aug/2026:20:35:52 +0000] "POST /wp-cron.php?doing_wp_cron=1785875751.9917280673980712890625 HTTP/1.1" 200 20 "-" "WordPress/6.9.4; https://www.sescorp.cl"
182.43.184.15 - - [04/Aug/2026:20:42:11 +0000] "POST /xmlrpc.php HTTP/1.1" 200 222 "-" "Apache-HttpClient/4.5.2 (Java/1.8.0_161)"
44.209.113.59 - - [04/Aug/2026:20:42:16 +0000] "GET / HTTP/1.1" 200 22227 "-" "Mozilla/5.0 (Macintosh; Intel Mac OS X 10_15_7) AppleWebKit/537.36 (KHTML, like Gecko) Chrome/124.0.0.0 Safari/537.36"
182.43.184.15 - - [04/Aug/2026:20:42:27 +0000] "POST /xmlrpc.php HTTP/1.1" 200 222 "-" "Apache-HttpClient/4.5.2 (Java/1.8.0_161)"
81.171.72.93 - - [04/Aug/2026:20:45:43 +0000] "GET /database.sql HTTP/1.1" 404 12340 "https://sescorp.cl/database.sql" "Go-http-client/1.1"
81.171.72.93 - - [04/Aug/2026:20:45:49 +0000] "GET /_vti_pvt/service.pwd HTTP/1.1" 404 12340 "https://sescorp.cl/_vti_pvt/service.pwd" "Go-http-client/1.1"
81.171.72.93 - - [04/Aug/2026:20:45:49 +0000] "GET /user_secrets.yml HTTP/1.1" 404 12340 "https://sescorp.cl/user_secrets.yml" "Go-http-client/1.1"
81.171.72.93 - - [04/Aug/2026:20:46:07 +0000] "GET /backup.sql HTTP/1.1" 404 12340 "https://sescorp.cl/backup.sql" "Go-http-client/1.1"
81.171.72.93 - - [04/Aug/2026:20:46:14 +0000] "GET /.ssh/id_ed25519 HTTP/1.1" 404 12340 "https://sescorp.cl/.ssh/id_ed25519" "Go-http-client/1.1"
81.171.72.93 - - [04/Aug/2026:20:46:14 +0000] "GET /.vscode/sftp.json HTTP/1.1" 404 12340 "https://sescorp.cl/.vscode/sftp.json" "Go-http-client/1.1"
182.43.184.15 - - [04/Aug/2026:20:48:08 +0000] "POST /xmlrpc.php HTTP/1.1" 200 222 "-" "Apache-HttpClient/4.5.2 (Java/1.8.0_161)"
34.106.164.71 - - [04/Aug/2026:20:53:20 +0000] "GET /.git/config HTTP/1.1" 403 1242 "-" "crusader-worker/1.0"
34.106.164.71 - - [04/Aug/2026:20:53:20 +0000] "GET /backend/.git/config HTTP/1.1" 403 1242 "-" "crusader-worker/1.0"
34.106.164.71 - - [04/Aug/2026:20:53:20 +0000] "GET /www/.git/config HTTP/1.1" 403 1242 "-" "crusader-worker/1.0"
34.106.164.71 - - [04/Aug/2026:20:53:20 +0000] "GET /api/.git/config HTTP/1.1" 403 1242 "-" "crusader-worker/1.0"
81.171.72.93 - - [04/Aug/2026:20:46:00 +0000] "GET /config/production.json HTTP/1.1" 404 12340 "https://sescorp.cl/config/production.json" "Go-http-client/1.1"
81.171.72.93 - - [04/Aug/2026:20:45:59 +0000] "GET /backup.zip HTTP/1.1" 404 12340 "https://sescorp.cl/backup.zip" "Go-http-client/1.1"
81.171.72.93 - - [04/Aug/2026:20:46:02 +0000] "GET /backup.tar.gz HTTP/1.1" 301 20 "-" "Go-http-client/1.1"
81.171.72.93 - - [04/Aug/2026:20:46:02 +0000] "GET /server.key HTTP/1.1" 301 20 "-" "Go-http-client/1.1"
81.171.72.93 - - [04/Aug/2026:20:46:02 +0000] "GET /config.php HTTP/1.1" 404 12340 "https://sescorp.cl/config.php" "Go-http-client/1.1"
81.171.72.93 - - [04/Aug/2026:20:46:04 +0000] "GET /.svn/wc.db HTTP/1.1" 403 1242 "-" "Go-http-client/1.1"
81.171.72.93 - - [04/Aug/2026:20:46:04 +0000] "GET /dump.sql HTTP/1.1" 301 20 "-" "Go-http-client/1.1"
81.171.72.93 - - [04/Aug/2026:20:46:04 +0000] "GET /backup.sql HTTP/1.1" 301 20 "-" "Go-http-client/1.1"
81.171.72.93 - - [04/Aug/2026:20:46:06 +0000] "GET /server.key HTTP/1.1" 404 12340 "https://sescorp.cl/server.key" "Go-http-client/1.1"
81.171.72.93 - - [04/Aug/2026:20:46:06 +0000] "GET /.npmrc HTTP/1.1" 301 20 "-" "Go-http-client/1.1"
81.171.72.93 - - [04/Aug/2026:20:46:07 +0000] "GET /dump.sql HTTP/1.1" 404 12340 "https://sescorp.cl/dump.sql" "Go-http-client/1.1"
81.171.72.93 - - [04/Aug/2026:20:46:08 +0000] "GET /secrets.json HTTP/1.1" 301 20 "-" "Go-http-client/1.1"
81.171.72.93 - - [04/Aug/2026:20:46:09 +0000] "GET /.vscode/sftp.json HTTP/1.1" 301 20 "-" "Go-http-client/1.1"
81.171.72.93 - - [04/Aug/2026:20:46:14 +0000] "GET /.npmrc HTTP/1.1" 404 12340 "https://sescorp.cl/.npmrc" "Go-http-client/1.1"
81.171.72.93 - - [04/Aug/2026:20:46:16 +0000] "GET /.bash_history HTTP/1.1" 301 20 "-" "Go-http-client/1.1"
81.171.72.93 - - [04/Aug/2026:20:46:19 +0000] "GET /.ssh/id_ecdsa HTTP/1.1" 404 12340 "https://sescorp.cl/.ssh/id_ecdsa" "Go-http-client/1.1"
81.171.72.93 - - [04/Aug/2026:20:46:24 +0000] "GET /.bash_history HTTP/1.1" 404 12340 "https://sescorp.cl/.bash_history" "Go-http-client/1.1"
170.10.160.123 - - [04/Aug/2026:20:47:45 +0000] "POST /wp-cron.php?doing_wp_cron=1785876465.8442940711975097656250 HTTP/1.1" 200 20 "-" "WordPress/6.9.4; https://www.sescorp.cl"
182.43.184.15 - - [04/Aug/2026:20:51:13 +0000] "POST /xmlrpc.php HTTP/1.1" 200 222 "-" "Apache-HttpClient/4.5.2 (Java/1.8.0_161)"
34.106.164.71 - - [04/Aug/2026:20:53:20 +0000] "GET /wordpress/.git/config HTTP/1.1" 403 1242 "-" "crusader-worker/1.0"
34.106.164.71 - - [04/Aug/2026:20:53:20 +0000] "GET /site/.git/config HTTP/1.1" 403 1242 "-" "crusader-worker/1.0"
34.106.164.71 - - [04/Aug/2026:20:53:20 +0000] "GET /var/www/.git/config HTTP/1.1" 403 1242 "-" "crusader-worker/1.0"
34.106.164.71 - - [04/Aug/2026:20:53:20 +0000] "GET /src/.git/config HTTP/1.1" 403 1242 "-" "crusader-worker/1.0"
34.106.164.71 - - [04/Aug/2026:20:53:20 +0000] "GET /htdocs/.git/config HTTP/1.1" 403 1242 "-" "crusader-worker/1.0"
34.106.164.71 - - [04/Aug/2026:20:53:20 +0000] "GET /public/.git/config HTTP/1.1" 403 1242 "-" "crusader-worker/1.0"
182.43.184.15 - - [04/Aug/2026:20:54:35 +0000] "POST /xmlrpc.php HTTP/1.1" 200 222 "-" "Apache-HttpClient/4.5.2 (Java/1.8.0_161)"
81.171.72.93 - - [04/Aug/2026:20:46:10 +0000] "GET /.ssh/id_ed25519 HTTP/1.1" 301 20 "-" "Go-http-client/1.1"
81.171.72.93 - - [04/Aug/2026:20:46:14 +0000] "GET /.ssh/id_ecdsa HTTP/1.1" 301 20 "-" "Go-http-client/1.1"
81.171.72.93 - - [04/Aug/2026:20:46:14 +0000] "GET /secrets.json HTTP/1.1" 404 12340 "https://sescorp.cl/secrets.json" "Go-http-client/1.1"
182.43.184.15 - - [04/Aug/2026:20:47:45 +0000] "POST /xmlrpc.php HTTP/1.1" 200 222 "-" "Apache-HttpClient/4.5.2 (Java/1.8.0_161)"
170.10.160.123 - - [04/Aug/2026:20:50:37 +0000] "POST /wp-cron.php?doing_wp_cron=1785876637.2004079818725585937500 HTTP/1.1" 200 20 "-" "WordPress/6.9.4; https://www.sescorp.cl"
182.43.184.15 - - [04/Aug/2026:20:50:36 +0000] "POST /xmlrpc.php HTTP/1.1" 200 222 "-" "Apache-HttpClient/4.5.2 (Java/1.8.0_161)"
34.106.164.71 - - [04/Aug/2026:20:53:20 +0000] "GET /html/.git/config HTTP/1.1" 403 1242 "-" "crusader-worker/1.0"
34.106.164.71 - - [04/Aug/2026:20:53:20 +0000] "GET /app/.git/config HTTP/1.1" 403 1242 "-" "crusader-worker/1.0"
170.10.160.123 - - [04/Aug/2026:20:54:03 +0000] "POST /wp-cron.php?doing_wp_cron=1785876843.1324670314788818359375 HTTP/1.1" 200 20 "-" "WordPress/6.9.4; https://www.sescorp.cl"
182.43.184.15 - - [04/Aug/2026:20:56:36 +0000] "POST /xmlrpc.php HTTP/1.1" 200 222 "-" "Apache-HttpClient/4.5.2 (Java/1.8.0_161)"
182.43.184.15 - - [04/Aug/2026:20:53:58 +0000] "POST /xmlrpc.php HTTP/1.1" 200 222 "-" "Apache-HttpClient/4.5.2 (Java/1.8.0_161)"
170.10.160.123 - - [04/Aug/2026:20:54:35 +0000] "POST /wp-cron.php?doing_wp_cron=1785876875.7546379566192626953125 HTTP/1.1" 200 20 "-" "WordPress/6.9.4; https://www.sescorp.cl"
170.10.160.123 - - [04/Aug/2026:20:56:37 +0000] "POST /wp-cron.php?doing_wp_cron=1785876997.0211999416351318359375 HTTP/1.1" 200 20 "-" "WordPress/6.9.4; https://www.sescorp.cl"
182.43.184.15 - - [04/Aug/2026:20:57:08 +0000] "POST /xmlrpc.php HTTP/1.1" 200 222 "-" "Apache-HttpClient/4.5.2 (Java/1.8.0_161)"
170.10.160.123 - - [04/Aug/2026:21:01:55 +0000] "POST /wp-cron.php?doing_wp_cron=1785877315.4001820087432861328125 HTTP/1.1" 200 20 "-" "WordPress/6.9.4; https://www.sescorp.cl"
182.43.184.15 - - [04/Aug/2026:21:04:53 +0000] "POST /xmlrpc.php HTTP/1.1" 200 222 "-" "Apache-HttpClient/4.5.2 (Java/1.8.0_161)"
170.10.160.123 - - [04/Aug/2026:21:07:36 +0000] "POST /wp-cron.php?doing_wp_cron=1785877656.7782289981842041015625 HTTP/1.1" 200 20 "-" "WordPress/6.9.4; https://www.sescorp.cl"
43.130.14.245 - - [04/Aug/2026:21:09:35 +0000] "GET / HTTP/1.1" 200 22227 "http://sescorp.cl" "Mozilla/5.0 (iPhone; CPU iPhone OS 13_2_3 like Mac OS X) AppleWebKit/605.1.15 (KHTML, like Gecko) Version/13.0.3 Mobile/15E148 Safari/604.1"
182.43.184.15 - - [04/Aug/2026:21:13:53 +0000] "POST /xmlrpc.php HTTP/1.1" 200 222 "-" "Apache-HttpClient/4.5.2 (Java/1.8.0_161)"
182.43.184.15 - - [04/Aug/2026:21:14:19 +0000] "POST /xmlrpc.php HTTP/1.1" 200 222 "-" "Apache-HttpClient/4.5.2 (Java/1.8.0_161)"
170.10.160.123 - - [04/Aug/2026:21:15:04 +0000] "GET /wp-cron.php HTTP/1.1" 200 0 "-" "Wget/1.19.5 (linux-gnu)"
93.152.221.87 - - [04/Aug/2026:21:18:22 +0000] "GET / HTTP/1.1" 200 12584 "-" "Mozilla/5.0 (Windows NT 10.0; Win64; x64) AppleWebKit/537.36 (KHTML, like Gecko) Chrome/128.0.0.0 Safari/537.36"
93.152.221.87 - - [04/Aug/2026:21:18:24 +0000] "GET /feed/ HTTP/1.1" 404 3419 "-" "Mozilla/5.0 (Windows NT 10.0; Win64; x64) AppleWebKit/537.36 (KHTML, like Gecko) Chrome/128.0.0.0 Safari/537.36"
182.43.184.15 - - [04/Aug/2026:21:19:00 +0000] "POST /xmlrpc.php HTTP/1.1" 200 222 "-" "Apache-HttpClient/4.5.2 (Java/1.8.0_161)"
182.43.184.15 - - [04/Aug/2026:21:19:02 +0000] "POST /xmlrpc.php HTTP/1.1" 200 222 "-" "Apache-HttpClient/4.5.2 (Java/1.8.0_161)"
182.43.184.15 - - [04/Aug/2026:20:59:50 +0000] "POST /xmlrpc.php HTTP/1.1" 200 222 "-" "Apache-HttpClient/4.5.2 (Java/1.8.0_161)"
182.43.184.15 - - [04/Aug/2026:21:01:50 +0000] "POST /xmlrpc.php HTTP/1.1" 200 222 "-" "Apache-HttpClient/4.5.2 (Java/1.8.0_161)"
182.43.184.15 - - [04/Aug/2026:21:02:24 +0000] "POST /xmlrpc.php HTTP/1.1" 200 222 "-" "Apache-HttpClient/4.5.2 (Java/1.8.0_161)"
182.43.184.15 - - [04/Aug/2026:21:05:20 +0000] "POST /xmlrpc.php HTTP/1.1" 200 222 "-" "Apache-HttpClient/4.5.2 (Java/1.8.0_161)"
182.43.184.15 - - [04/Aug/2026:21:07:35 +0000] "POST /xmlrpc.php HTTP/1.1" 200 222 "-" "Apache-HttpClient/4.5.2 (Java/1.8.0_161)"
182.43.184.15 - - [04/Aug/2026:21:08:05 +0000] "POST /xmlrpc.php HTTP/1.1" 200 222 "-" "Apache-HttpClient/4.5.2 (Java/1.8.0_161)"
93.152.221.87 - - [04/Aug/2026:21:10:33 +0000] "GET / HTTP/1.1" 401 53 "-" "Mozilla/5.0 (Windows NT 10.0; Win64; x64) AppleWebKit/537.36 (KHTML, like Gecko) Chrome/128.0.0.0 Safari/537.36"
93.152.221.87 - - [04/Aug/2026:21:10:40 +0000] "GET /feed/ HTTP/1.1" 401 53 "-" "Mozilla/5.0 (Windows NT 10.0; Win64; x64) AppleWebKit/537.36 (KHTML, like Gecko) Chrome/128.0.0.0 Safari/537.36"
182.43.184.15 - - [04/Aug/2026:21:10:58 +0000] "POST /xmlrpc.php HTTP/1.1" 200 222 "-" "Apache-HttpClient/4.5.2 (Java/1.8.0_161)"
182.43.184.15 - - [04/Aug/2026:21:10:59 +0000] "POST /xmlrpc.php HTTP/1.1" 200 222 "-" "Apache-HttpClient/4.5.2 (Java/1.8.0_161)"
170.10.160.123 - - [04/Aug/2026:21:13:59 +0000] "POST /wp-cron.php?doing_wp_cron=1785878039.7094988822937011718750 HTTP/1.1" 200 20 "-" "WordPress/6.9.4; https://www.sescorp.cl"
170.10.160.123 - - [04/Aug/2026:21:16:36 +0000] "POST /wp-cron.php?doing_wp_cron=1785878196.3470470905303955078125 HTTP/1.1" 200 20 "-" "WordPress/6.9.4; https://www.sescorp.cl"
182.43.184.15 - - [04/Aug/2026:21:16:35 +0000] "POST /xmlrpc.php HTTP/1.1" 200 222 "-" "Apache-HttpClient/4.5.2 (Java/1.8.0_161)"
182.43.184.15 - - [04/Aug/2026:21:16:59 +0000] "POST /xmlrpc.php HTTP/1.1" 200 222 "-" "Apache-HttpClient/4.5.2 (Java/1.8.0_161)"
182.43.184.15 - - [04/Aug/2026:21:19:22 +0000] "POST /xmlrpc.php HTTP/1.1" 200 222 "-" "Apache-HttpClient/4.5.2 (Java/1.8.0_161)"
182.43.184.15 - - [04/Aug/2026:21:21:07 +0000] "POST /xmlrpc.php HTTP/1.1" 200 222 "-" "Apache-HttpClient/4.5.2 (Java/1.8.0_161)"
170.10.160.123 - - [04/Aug/2026:21:21:08 +0000] "POST /wp-cron.php?doing_wp_cron=1785878468.1050839424133300781250 HTTP/1.1" 200 20 "-" "WordPress/6.9.4; https://www.sescorp.cl"
182.43.184.15 - - [04/Aug/2026:21:21:22 +0000] "POST /xmlrpc.php HTTP/1.1" 200 222 "-" "Apache-HttpClient/4.5.2 (Java/1.8.0_161)"
170.10.160.123 - - [04/Aug/2026:20:59:23 +0000] "POST /wp-cron.php?doing_wp_cron=1785877163.2278389930725097656250 HTTP/1.1" 200 20 "-" "WordPress/6.9.4; https://www.sescorp.cl"
182.43.184.15 - - [04/Aug/2026:20:59:22 +0000] "POST /xmlrpc.php HTTP/1.1" 200 222 "-" "Apache-HttpClient/4.5.2 (Java/1.8.0_161)"
170.10.160.123 - - [04/Aug/2026:20:59:51 +0000] "POST /wp-cron.php?doing_wp_cron=1785877191.2528750896453857421875 HTTP/1.1" 200 20 "-" "WordPress/6.9.4; https://www.sescorp.cl"
170.10.160.123 - - [04/Aug/2026:21:00:03 +0000] "GET /wp-cron.php HTTP/1.1" 200 0 "-" "Wget/1.19.5 (linux-gnu)"
170.10.160.123 - - [04/Aug/2026:21:04:59 +0000] "POST /wp-cron.php?doing_wp_cron=1785877499.3121609687805175781250 HTTP/1.1" 200 20 "-" "WordPress/6.9.4; https://www.sescorp.cl"
170.10.160.123 - - [04/Aug/2026:21:10:58 +0000] "POST /wp-cron.php?doing_wp_cron=1785877858.8619120121002197265625 HTTP/1.1" 200 20 "-" "WordPress/6.9.4; https://www.sescorp.cl"
182.43.184.15 - - [04/Aug/2026:21:11:21 +0000] "POST /xmlrpc.php HTTP/1.1" 200 222 "-" "Apache-HttpClient/4.5.2 (Java/1.8.0_161)"
170.10.160.123 - - [04/Aug/2026:21:19:01 +0000] "POST /wp-cron.php?doing_wp_cron=1785878341.3706309795379638671875 HTTP/1.1" 200 20 "-" "WordPress/6.9.4; https://www.sescorp.cl"
170.10.160.123 - - [04/Aug/2026:21:23:42 +0000] "POST /wp-cron.php?doing_wp_cron=1785878622.6437580585479736328125 HTTP/1.1" 200 20 "-" "WordPress/6.9.4; https://www.sescorp.cl"
182.43.184.15 - - [04/Aug/2026:21:23:41 +0000] "POST /xmlrpc.php HTTP/1.1" 200 222 "-" "Apache-HttpClient/4.5.2 (Java/1.8.0_161)"
182.43.184.15 - - [04/Aug/2026:21:28:24 +0000] "POST /xmlrpc.php HTTP/1.1" 200 222 "-" "Apache-HttpClient/4.5.2 (Java/1.8.0_161)"
170.10.160.123 - - [04/Aug/2026:21:31:55 +0000] "POST /wp-cron.php?doing_wp_cron=1785879115.8894948959350585937500 HTTP/1.1" 200 20 "-" "WordPress/6.9.4; https://www.sescorp.cl"
182.43.184.15 - - [04/Aug/2026:21:32:24 +0000] "POST /xmlrpc.php HTTP/1.1" 200 222 "-" "Apache-HttpClient/4.5.2 (Java/1.8.0_161)"
170.10.160.123 - - [04/Aug/2026:21:35:42 +0000] "POST /wp-cron.php?doing_wp_cron=1785879342.0226049423217773437500 HTTP/1.1" 200 20 "-" "WordPress/6.9.4; https://www.sescorp.cl"
182.43.184.15 - - [04/Aug/2026:21:36:13 +0000] "POST /xmlrpc.php HTTP/1.1" 200 222 "-" "Apache-HttpClient/4.5.2 (Java/1.8.0_161)"
93.152.221.87 - - [04/Aug/2026:21:38:07 +0000] "GET / HTTP/1.1" 401 53 "-" "Mozilla/5.0 (Windows NT 10.0; Win64; x64) AppleWebKit/537.36 (KHTML, like Gecko) Chrome/128.0.0.0 Safari/537.36"
93.152.221.87 - - [04/Aug/2026:21:38:14 +0000] "GET /feed/ HTTP/1.1" 401 53 "-" "Mozilla/5.0 (Windows NT 10.0; Win64; x64) AppleWebKit/537.36 (KHTML, like Gecko) Chrome/128.0.0.0 Safari/537.36"
182.43.184.15 - - [04/Aug/2026:21:39:49 +0000] "POST /xmlrpc.php HTTP/1.1" 200 222 "-" "Apache-HttpClient/4.5.2 (Java/1.8.0_161)"
182.43.184.15 - - [04/Aug/2026:21:26:25 +0000] "POST /xmlrpc.php HTTP/1.1" 200 222 "-" "Apache-HttpClient/4.5.2 (Java/1.8.0_161)"
182.43.184.15 - - [04/Aug/2026:21:28:08 +0000] "POST /xmlrpc.php HTTP/1.1" 200 222 "-" "Apache-HttpClient/4.5.2 (Java/1.8.0_161)"
170.10.160.123 - - [04/Aug/2026:21:28:37 +0000] "POST /wp-cron.php?doing_wp_cron=1785878917.7730369567871093750000 HTTP/1.1" 200 20 "-" "WordPress/6.9.4; https://www.sescorp.cl"
170.10.160.123 - - [04/Aug/2026:21:29:53 +0000] "POST /wp-cron.php?doing_wp_cron=1785878993.5188770294189453125000 HTTP/1.1" 200 20 "-" "WordPress/6.9.4; https://www.sescorp.cl"
182.43.184.15 - - [04/Aug/2026:21:29:52 +0000] "POST /xmlrpc.php HTTP/1.1" 200 222 "-" "Apache-HttpClient/4.5.2 (Java/1.8.0_161)"
170.10.160.123 - - [04/Aug/2026:21:33:44 +0000] "POST /wp-cron.php?doing_wp_cron=1785879224.7861471176147460937500 HTTP/1.1" 200 20 "-" "WordPress/6.9.4; https://www.sescorp.cl"
194.163.151.197 - - [04/Aug/2026:21:33:53 +0000] "GET /wp-login.php HTTP/2" 200 3100 "-" "Mozilla/5.0 (Windows NT 10.0; Win64; x64) AppleWebKit/537.36 (KHTML, like Gecko) Chrome/150.0.0.0 Safari/537.36"
182.43.184.15 - - [04/Aug/2026:21:34:03 +0000] "POST /xmlrpc.php HTTP/1.1" 200 222 "-" "Apache-HttpClient/4.5.2 (Java/1.8.0_161)"
182.43.184.15 - - [04/Aug/2026:21:35:41 +0000] "POST /xmlrpc.php HTTP/1.1" 200 222 "-" "Apache-HttpClient/4.5.2 (Java/1.8.0_161)"
170.10.160.123 - - [04/Aug/2026:21:37:36 +0000] "POST /wp-cron.php?doing_wp_cron=1785879456.4437310695648193359375 HTTP/1.1" 200 20 "-" "WordPress/6.9.4; https://www.sescorp.cl"
182.43.184.15 - - [04/Aug/2026:21:37:35 +0000] "POST /xmlrpc.php HTTP/1.1" 200 222 "-" "Apache-HttpClient/4.5.2 (Java/1.8.0_161)"
182.43.184.15 - - [04/Aug/2026:21:38:00 +0000] "POST /xmlrpc.php HTTP/1.1" 200 222 "-" "Apache-HttpClient/4.5.2 (Java/1.8.0_161)"
170.10.160.123 - - [04/Aug/2026:21:39:28 +0000] "POST /wp-cron.php?doing_wp_cron=1785879568.6847419738769531250000 HTTP/1.1" 200 20 "-" "WordPress/6.9.4; https://www.sescorp.cl"
170.10.160.123 - - [04/Aug/2026:21:39:50 +0000] "POST /wp-cron.php?doing_wp_cron=1785879590.2161469459533691406250 HTTP/1.1" 200 20 "-" "WordPress/6.9.4; https://www.sescorp.cl"
182.43.184.15 - - [04/Aug/2026:21:41:10 +0000] "POST /xmlrpc.php HTTP/1.1" 200 222 "-" "Apache-HttpClient/4.5.2 (Java/1.8.0_161)"
182.43.184.15 - - [04/Aug/2026:21:24:06 +0000] "POST /xmlrpc.php HTTP/1.1" 200 222 "-" "Apache-HttpClient/4.5.2 (Java/1.8.0_161)"
170.10.160.123 - - [04/Aug/2026:21:26:07 +0000] "POST /wp-cron.php?doing_wp_cron=1785878767.7978599071502685546875 HTTP/1.1" 200 20 "-" "WordPress/6.9.4; https://www.sescorp.cl"
182.43.184.15 - - [04/Aug/2026:21:26:07 +0000] "POST /xmlrpc.php HTTP/1.1" 200 222 "-" "Apache-HttpClient/4.5.2 (Java/1.8.0_161)"
170.10.160.123 - - [04/Aug/2026:21:28:09 +0000] "POST /wp-cron.php?doing_wp_cron=1785878889.5243759155273437500000 HTTP/1.1" 200 20 "-" "WordPress/6.9.4; https://www.sescorp.cl"
216.73.217.46 - - [04/Aug/2026:21:28:37 +0000] "GET /robots.txt HTTP/2" 200 125 "-" "Mozilla/5.0 AppleWebKit/537.36 (KHTML, like Gecko; compatible; ClaudeBot/1.0; +claudebot@anthropic.com)"
216.73.217.46 - - [04/Aug/2026:21:28:39 +0000] "GET /sitemap_index.xml HTTP/2" 200 283 "-" "Mozilla/5.0 AppleWebKit/537.36 (KHTML, like Gecko; compatible; ClaudeBot/1.0; +claudebot@anthropic.com)"
170.10.160.123 - - [04/Aug/2026:21:30:03 +0000] "GET /wp-cron.php HTTP/1.1" 200 0 "-" "Wget/1.19.5 (linux-gnu)"
182.43.184.15 - - [04/Aug/2026:21:30:17 +0000] "POST /xmlrpc.php HTTP/1.1" 200 222 "-" "Apache-HttpClient/4.5.2 (Java/1.8.0_161)"
182.43.184.15 - - [04/Aug/2026:21:31:55 +0000] "POST /xmlrpc.php HTTP/1.1" 200 222 "-" "Apache-HttpClient/4.5.2 (Java/1.8.0_161)"
182.43.184.15 - - [04/Aug/2026:21:33:43 +0000] "POST /xmlrpc.php HTTP/1.1" 200 222 "-" "Apache-HttpClient/4.5.2 (Java/1.8.0_161)"
185.132.53.181 - - [04/Aug/2026:21:34:16 +0000] "POST /?rest_route=/batch/v1 HTTP/1.1" 403 1242 "-" "wp2shell"
182.43.184.15 - - [04/Aug/2026:21:39:24 +0000] "POST /xmlrpc.php HTTP/1.1" 200 222 "-" "Apache-HttpClient/4.5.2 (Java/1.8.0_161)"
170.10.160.123 - - [04/Aug/2026:21:41:36 +0000] "POST /wp-cron.php?doing_wp_cron=1785879696.6317410469055175781250 HTTP/1.1" 200 20 "-" "WordPress/6.9.4; https://www.sescorp.cl"
170.10.160.123 - - [04/Aug/2026:21:43:40 +0000] "POST /wp-cron.php?doing_wp_cron=1785879820.3216550350189208984375 HTTP/1.1" 200 20 "-" "WordPress/6.9.4; https://www.sescorp.cl"
182.43.184.15 - - [04/Aug/2026:21:43:39 +0000] "POST /xmlrpc.php HTTP/1.1" 200 222 "-" "Apache-HttpClient/4.5.2 (Java/1.8.0_161)"
170.10.160.123 - - [04/Aug/2026:21:44:59 +0000] "POST /wp-cron.php?doing_wp_cron=1785879899.3850069046020507812500 HTTP/1.1" 200 20 "-" "WordPress/6.9.4; https://www.sescorp.cl"
182.43.184.15 - - [04/Aug/2026:21:44:58 +0000] "POST /xmlrpc.php HTTP/1.1" 200 222 "-" "Apache-HttpClient/4.5.2 (Java/1.8.0_161)"
170.10.160.123 - - [04/Aug/2026:21:45:03 +0000] "GET /wp-cron.php HTTP/1.1" 200 0 "-" "Wget/1.19.5 (linux-gnu)"
47.128.35.94 - - [04/Aug/2026:21:46:02 +0000] "GET /robots.txt HTTP/1.1" 403 1242 "-" "Mozilla/5.0 (Linux; Android 5.0) AppleWebKit/537.36 (KHTML, like Gecko) Mobile Safari/537.36 (compatible; Bytespider; https://bytedance.sg.larkoffice.com/docx/K5bxdypulop3IIxrJb0lOjLVgFe)"
194.164.127.114 - - [04/Aug/2026:21:46:44 +0000] "GET /wp-login.php HTTP/2" 200 3100 "-" "Mozilla/5.0 (Windows NT 10.0; Win64; x64) AppleWebKit/537.36 (KHTML, like Gecko) Chrome/150.0.0.0 Safari/537.36"
20.251.48.84 - - [04/Aug/2026:21:46:47 +0000] "GET /403.shtml HTTP/1.1" 403 1242 "-" "-"
194.164.127.114 - - [04/Aug/2026:21:46:46 +0000] "POST /wp-login.php HTTP/2" 200 3268 "https://sescorp.cl/wp-login.php" "Mozilla/5.0 (Windows NT 10.0; Win64; x64) AppleWebKit/537.36 (KHTML, like Gecko) Chrome/150.0.0.0 Safari/537.36"
20.251.48.84 - - [04/Aug/2026:21:46:47 +0000] "GET /403.shtml HTTP/1.1" 403 1242 "-" "-"
20.251.48.84 - - [04/Aug/2026:21:46:47 +0000] "GET /403.shtml HTTP/1.1" 403 1242 "-" "-"
20.251.48.84 - - [04/Aug/2026:21:46:48 +0000] "GET /403.shtml HTTP/1.1" 403 1242 "-" "-"
20.251.48.84 - - [04/Aug/2026:21:46:48 +0000] "GET /403.shtml HTTP/1.1" 403 1242 "-" "-"
20.251.48.84 - - [04/Aug/2026:21:46:48 +0000] "GET /403.shtml HTTP/1.1" 403 1242 "-" "-"
20.251.48.84 - - [04/Aug/2026:21:46:49 +0000] "GET /403.shtml HTTP/1.1" 403 1242 "-" "-"
20.251.48.84 - - [04/Aug/2026:21:46:49 +0000] "GET /403.shtml HTTP/1.1" 403 1242 "-" "-"
20.251.48.84 - - [04/Aug/2026:21:46:49 +0000] "GET /403.shtml HTTP/1.1" 403 1242 "-" "-"
20.251.48.84 - - [04/Aug/2026:21:46:50 +0000] "GET /403.shtml HTTP/1.1" 403 1242 "-" "-"
20.251.48.84 - - [04/Aug/2026:21:46:50 +0000] "GET /403.shtml HTTP/1.1" 403 1242 "-" "-"
20.251.48.84 - - [04/Aug/2026:21:46:50 +0000] "GET /403.shtml HTTP/1.1" 403 1242 "-" "-"
20.251.48.84 - - [04/Aug/2026:21:46:50 +0000] "GET /403.shtml HTTP/1.1" 403 1242 "-" "-"
20.251.48.84 - - [04/Aug/2026:21:46:51 +0000] "GET /403.shtml HTTP/1.1" 403 1242 "-" "-"
20.251.48.84 - - [04/Aug/2026:21:46:51 +0000] "GET /403.shtml HTTP/1.1" 403 1242 "-" "-"
20.251.48.84 - - [04/Aug/2026:21:46:51 +0000] "GET /403.shtml HTTP/1.1" 403 1242 "-" "-"
20.251.48.84 - - [04/Aug/2026:21:46:51 +0000] "GET /403.shtml HTTP/1.1" 403 1242 "-" "-"
20.251.48.84 - - [04/Aug/2026:21:46:52 +0000] "GET /403.shtml HTTP/1.1" 403 1242 "-" "-"
20.251.48.84 - - [04/Aug/2026:21:46:52 +0000] "GET /403.shtml HTTP/1.1" 403 1242 "-" "-"
20.251.48.84 - - [04/Aug/2026:21:46:52 +0000] "GET /403.shtml HTTP/1.1" 403 1242 "-" "-"
20.251.48.84 - - [04/Aug/2026:21:46:53 +0000] "GET /403.shtml HTTP/1.1" 403 1242 "-" "-"
20.251.48.84 - - [04/Aug/2026:21:46:53 +0000] "GET /403.shtml HTTP/1.1" 403 1242 "-" "-"
20.251.48.84 - - [04/Aug/2026:21:46:53 +0000] "GET /403.shtml HTTP/1.1" 403 1242 "-" "-"
20.251.48.84 - - [04/Aug/2026:21:46:53 +0000] "GET /403.shtml HTTP/1.1" 403 1242 "-" "-"
20.251.48.84 - - [04/Aug/2026:21:46:54 +0000] "GET /403.shtml HTTP/1.1" 403 1242 "-" "-"
20.251.48.84 - - [04/Aug/2026:21:46:54 +0000] "GET /403.shtml HTTP/1.1" 403 1242 "-" "-"
20.251.48.84 - - [04/Aug/2026:21:46:54 +0000] "GET /403.shtml HTTP/1.1" 403 1242 "-" "-"
20.251.48.84 - - [04/Aug/2026:21:46:54 +0000] "GET /403.shtml HTTP/1.1" 403 1242 "-" "-"
20.251.48.84 - - [04/Aug/2026:21:46:55 +0000] "GET /403.shtml HTTP/1.1" 403 1242 "-" "-"
20.251.48.84 - - [04/Aug/2026:21:46:55 +0000] "GET /403.shtml HTTP/1.1" 403 1242 "-" "-"
20.251.48.84 - - [04/Aug/2026:21:46:55 +0000] "GET /403.shtml HTTP/1.1" 403 1242 "-" "-"
20.251.48.84 - - [04/Aug/2026:21:46:56 +0000] "GET /403.shtml HTTP/1.1" 403 1242 "-" "-"
20.251.48.84 - - [04/Aug/2026:21:46:56 +0000] "GET /403.shtml HTTP/1.1" 403 1242 "-" "-"
20.251.48.84 - - [04/Aug/2026:21:46:56 +0000] "GET /403.shtml HTTP/1.1" 403 1242 "-" "-"
20.251.48.84 - - [04/Aug/2026:21:46:57 +0000] "GET /403.shtml HTTP/1.1" 403 1242 "-" "-"
20.251.48.84 - - [04/Aug/2026:21:46:57 +0000] "GET /403.shtml HTTP/1.1" 403 1242 "-" "-"
20.251.48.84 - - [04/Aug/2026:21:46:58 +0000] "GET /403.shtml HTTP/1.1" 403 1242 "-" "-"
20.251.48.84 - - [04/Aug/2026:21:46:58 +0000] "GET /403.shtml HTTP/1.1" 403 1242 "-" "-"
20.251.48.84 - - [04/Aug/2026:21:46:58 +0000] "GET /403.shtml HTTP/1.1" 403 1242 "-" "-"
20.251.48.84 - - [04/Aug/2026:21:46:58 +0000] "GET /403.shtml HTTP/1.1" 403 1242 "-" "-"
20.251.48.84 - - [04/Aug/2026:21:46:59 +0000] "GET /403.shtml HTTP/1.1" 403 1242 "-" "-"
20.251.48.84 - - [04/Aug/2026:21:46:59 +0000] "GET /403.shtml HTTP/1.1" 403 1242 "-" "-"
20.251.48.84 - - [04/Aug/2026:21:47:00 +0000] "GET /403.shtml HTTP/1.1" 403 1242 "-" "-"
20.251.48.84 - - [04/Aug/2026:21:47:00 +0000] "GET /403.shtml HTTP/1.1" 403 1242 "-" "-"
20.251.48.84 - - [04/Aug/2026:21:47:00 +0000] "GET /403.shtml HTTP/1.1" 403 1242 "-" "-"
20.251.48.84 - - [04/Aug/2026:21:47:01 +0000] "GET /403.shtml HTTP/1.1" 403 1242 "-" "-"
20.251.48.84 - - [04/Aug/2026:21:47:01 +0000] "GET /403.shtml HTTP/1.1" 403 1242 "-" "-"
20.251.48.84 - - [04/Aug/2026:21:47:01 +0000] "GET /403.shtml HTTP/1.1" 403 1242 "-" "-"
20.251.48.84 - - [04/Aug/2026:21:47:01 +0000] "GET /403.shtml HTTP/1.1" 403 1242 "-" "-"
20.251.48.84 - - [04/Aug/2026:21:47:02 +0000] "GET /403.shtml HTTP/1.1" 403 1242 "-" "-"
20.251.48.84 - - [04/Aug/2026:21:47:02 +0000] "GET /403.shtml HTTP/1.1" 403 1242 "-" "-"
20.251.48.84 - - [04/Aug/2026:21:47:03 +0000] "GET /403.shtml HTTP/1.1" 403 1242 "-" "-"
20.251.48.84 - - [04/Aug/2026:21:47:03 +0000] "GET /403.shtml HTTP/1.1" 403 1242 "-" "-"
20.251.48.84 - - [04/Aug/2026:21:47:03 +0000] "GET /403.shtml HTTP/1.1" 403 1242 "-" "-"
20.251.48.84 - - [04/Aug/2026:21:47:03 +0000] "GET /403.shtml HTTP/1.1" 403 1242 "-" "-"
20.251.48.84 - - [04/Aug/2026:21:47:04 +0000] "GET /403.shtml HTTP/1.1" 403 1242 "-" "-"
20.251.48.84 - - [04/Aug/2026:21:47:04 +0000] "GET /403.shtml HTTP/1.1" 403 1242 "-" "-"
20.251.48.84 - - [04/Aug/2026:21:47:04 +0000] "GET /403.shtml HTTP/1.1" 403 1242 "-" "-"
20.251.48.84 - - [04/Aug/2026:21:47:05 +0000] "GET /403.shtml HTTP/1.1" 403 1242 "-" "-"
20.251.48.84 - - [04/Aug/2026:21:47:05 +0000] "GET /403.shtml HTTP/1.1" 403 1242 "-" "-"
20.251.48.84 - - [04/Aug/2026:21:47:06 +0000] "GET /403.shtml HTTP/1.1" 403 1242 "-" "-"
20.251.48.84 - - [04/Aug/2026:21:47:06 +0000] "GET /403.shtml HTTP/1.1" 403 1242 "-" "-"
20.251.48.84 - - [04/Aug/2026:21:47:07 +0000] "GET /403.shtml HTTP/1.1" 403 1242 "-" "-"
20.251.48.84 - - [04/Aug/2026:21:47:07 +0000] "GET /403.shtml HTTP/1.1" 403 1242 "-" "-"
20.251.48.84 - - [04/Aug/2026:21:47:07 +0000] "GET /403.shtml HTTP/1.1" 403 1242 "-" "-"
20.251.48.84 - - [04/Aug/2026:21:47:08 +0000] "GET /403.shtml HTTP/1.1" 403 1242 "-" "-"
20.251.48.84 - - [04/Aug/2026:21:47:08 +0000] "GET /403.shtml HTTP/1.1" 403 1242 "-" "-"
20.251.48.84 - - [04/Aug/2026:21:47:08 +0000] "GET /403.shtml HTTP/1.1" 403 1242 "-" "-"
20.251.48.84 - - [04/Aug/2026:21:47:09 +0000] "GET /403.shtml HTTP/1.1" 403 1242 "-" "-"
20.251.48.84 - - [04/Aug/2026:21:47:09 +0000] "GET /403.shtml HTTP/1.1" 403 1242 "-" "-"
20.251.48.84 - - [04/Aug/2026:21:47:09 +0000] "GET /403.shtml HTTP/1.1" 403 1242 "-" "-"
20.251.48.84 - - [04/Aug/2026:21:47:09 +0000] "GET /403.shtml HTTP/1.1" 403 1242 "-" "-"
20.251.48.84 - - [04/Aug/2026:21:47:10 +0000] "GET /403.shtml HTTP/1.1" 403 1242 "-" "-"
20.251.48.84 - - [04/Aug/2026:21:47:10 +0000] "GET /403.shtml HTTP/1.1" 403 1242 "-" "-"
20.251.48.84 - - [04/Aug/2026:21:47:10 +0000] "GET /403.shtml HTTP/1.1" 403 1242 "-" "-"
20.251.48.84 - - [04/Aug/2026:21:47:11 +0000] "GET /403.shtml HTTP/1.1" 403 1242 "-" "-"
20.251.48.84 - - [04/Aug/2026:21:47:11 +0000] "GET /403.shtml HTTP/1.1" 403 1242 "-" "-"
20.251.48.84 - - [04/Aug/2026:21:47:11 +0000] "GET /403.shtml HTTP/1.1" 403 1242 "-" "-"
20.251.48.84 - - [04/Aug/2026:21:47:12 +0000] "GET /403.shtml HTTP/1.1" 403 1242 "-" "-"
20.251.48.84 - - [04/Aug/2026:21:47:12 +0000] "GET /403.shtml HTTP/1.1" 403 1242 "-" "-"
20.251.48.84 - - [04/Aug/2026:21:47:12 +0000] "GET /403.shtml HTTP/1.1" 403 1242 "-" "-"
20.251.48.84 - - [04/Aug/2026:21:47:13 +0000] "GET /403.shtml HTTP/1.1" 403 1242 "-" "-"
20.251.48.84 - - [04/Aug/2026:21:47:13 +0000] "GET /403.shtml HTTP/1.1" 403 1242 "-" "-"
20.251.48.84 - - [04/Aug/2026:21:47:13 +0000] "GET /403.shtml HTTP/1.1" 403 1242 "-" "-"
20.251.48.84 - - [04/Aug/2026:21:47:14 +0000] "GET /403.shtml HTTP/1.1" 403 1242 "-" "-"
20.251.48.84 - - [04/Aug/2026:21:47:14 +0000] "GET /403.shtml HTTP/1.1" 403 1242 "-" "-"
20.251.48.84 - - [04/Aug/2026:21:47:15 +0000] "GET /403.shtml HTTP/1.1" 403 1242 "-" "-"
20.251.48.84 - - [04/Aug/2026:21:47:15 +0000] "GET /403.shtml HTTP/1.1" 403 1242 "-" "-"
20.251.48.84 - - [04/Aug/2026:21:47:15 +0000] "GET /403.shtml HTTP/1.1" 403 1242 "-" "-"
20.251.48.84 - - [04/Aug/2026:21:47:16 +0000] "GET /403.shtml HTTP/1.1" 403 1242 "-" "-"
20.251.48.84 - - [04/Aug/2026:21:47:16 +0000] "GET /403.shtml HTTP/1.1" 403 1242 "-" "-"
20.251.48.84 - - [04/Aug/2026:21:47:16 +0000] "GET /403.shtml HTTP/1.1" 403 1242 "-" "-"
20.251.48.84 - - [04/Aug/2026:21:47:17 +0000] "GET /403.shtml HTTP/1.1" 403 1242 "-" "-"
20.251.48.84 - - [04/Aug/2026:21:47:17 +0000] "GET /403.shtml HTTP/1.1" 403 1242 "-" "-"
20.251.48.84 - - [04/Aug/2026:21:47:18 +0000] "GET /403.shtml HTTP/1.1" 403 1242 "-" "-"
20.251.48.84 - - [04/Aug/2026:21:47:18 +0000] "GET /403.shtml HTTP/1.1" 403 1242 "-" "-"
20.251.48.84 - - [04/Aug/2026:21:47:18 +0000] "GET /403.shtml HTTP/1.1" 403 1242 "-" "-"
20.251.48.84 - - [04/Aug/2026:21:47:18 +0000] "GET /403.shtml HTTP/1.1" 403 1242 "-" "-"
20.251.48.84 - - [04/Aug/2026:21:47:19 +0000] "GET /403.shtml HTTP/1.1" 403 1242 "-" "-"
20.251.48.84 - - [04/Aug/2026:21:47:19 +0000] "GET /403.shtml HTTP/1.1" 403 1242 "-" "-"
20.251.48.84 - - [04/Aug/2026:21:47:19 +0000] "GET /403.shtml HTTP/1.1" 403 1242 "-" "-"
20.251.48.84 - - [04/Aug/2026:21:47:20 +0000] "GET /403.shtml HTTP/1.1" 403 1242 "-" "-"
20.251.48.84 - - [04/Aug/2026:21:47:20 +0000] "GET /403.shtml HTTP/1.1" 403 1242 "-" "-"
20.251.48.84 - - [04/Aug/2026:21:47:20 +0000] "GET /403.shtml HTTP/1.1" 403 1242 "-" "-"
20.251.48.84 - - [04/Aug/2026:21:47:20 +0000] "GET /403.shtml HTTP/1.1" 403 1242 "-" "-"
20.251.48.84 - - [04/Aug/2026:21:47:21 +0000] "GET /403.shtml HTTP/1.1" 403 1242 "-" "-"
20.251.48.84 - - [04/Aug/2026:21:47:21 +0000] "GET /403.shtml HTTP/1.1" 403 1242 "-" "-"
20.251.48.84 - - [04/Aug/2026:21:47:21 +0000] "GET /403.shtml HTTP/1.1" 403 1242 "-" "-"
20.251.48.84 - - [04/Aug/2026:21:47:22 +0000] "GET /403.shtml HTTP/1.1" 403 1242 "-" "-"
20.251.48.84 - - [04/Aug/2026:21:47:22 +0000] "GET /403.shtml HTTP/1.1" 403 1242 "-" "-"
20.251.48.84 - - [04/Aug/2026:21:47:23 +0000] "GET /403.shtml HTTP/1.1" 403 1242 "-" "-"
20.251.48.84 - - [04/Aug/2026:21:47:23 +0000] "GET /403.shtml HTTP/1.1" 403 1242 "-" "-"
20.251.48.84 - - [04/Aug/2026:21:47:23 +0000] "GET /403.shtml HTTP/1.1" 403 1242 "-" "-"
20.251.48.84 - - [04/Aug/2026:21:47:24 +0000] "GET /403.shtml HTTP/1.1" 403 1242 "-" "-"
20.251.48.84 - - [04/Aug/2026:21:47:24 +0000] "GET /403.shtml HTTP/1.1" 403 1242 "-" "-"
20.251.48.84 - - [04/Aug/2026:21:47:24 +0000] "GET /403.shtml HTTP/1.1" 403 1242 "-" "-"
20.251.48.84 - - [04/Aug/2026:21:47:24 +0000] "GET /403.shtml HTTP/1.1" 403 1242 "-" "-"
20.251.48.84 - - [04/Aug/2026:21:47:25 +0000] "GET /403.shtml HTTP/1.1" 403 1242 "-" "-"
20.251.48.84 - - [04/Aug/2026:21:47:25 +0000] "GET /403.shtml HTTP/1.1" 403 1242 "-" "-"
20.251.48.84 - - [04/Aug/2026:21:47:25 +0000] "GET /403.shtml HTTP/1.1" 403 1242 "-" "-"
20.251.48.84 - - [04/Aug/2026:21:47:26 +0000] "GET /403.shtml HTTP/1.1" 403 1242 "-" "-"
20.251.48.84 - - [04/Aug/2026:21:47:26 +0000] "GET /403.shtml HTTP/1.1" 403 1242 "-" "-"
20.251.48.84 - - [04/Aug/2026:21:47:26 +0000] "GET /403.shtml HTTP/1.1" 403 1242 "-" "-"
20.251.48.84 - - [04/Aug/2026:21:47:26 +0000] "GET /403.shtml HTTP/1.1" 403 1242 "-" "-"
20.251.48.84 - - [04/Aug/2026:21:47:27 +0000] "GET /403.shtml HTTP/1.1" 403 1242 "-" "-"
20.251.48.84 - - [04/Aug/2026:21:47:27 +0000] "GET /403.shtml HTTP/1.1" 403 1242 "-" "-"
20.251.48.84 - - [04/Aug/2026:21:47:27 +0000] "GET /403.shtml HTTP/1.1" 403 1242 "-" "-"
20.251.48.84 - - [04/Aug/2026:21:47:28 +0000] "GET /403.shtml HTTP/1.1" 403 1242 "-" "-"
20.251.48.84 - - [04/Aug/2026:21:47:28 +0000] "GET /403.shtml HTTP/1.1" 403 1242 "-" "-"
20.251.48.84 - - [04/Aug/2026:21:47:28 +0000] "GET /403.shtml HTTP/1.1" 403 1242 "-" "-"
20.251.48.84 - - [04/Aug/2026:21:47:29 +0000] "GET /403.shtml HTTP/1.1" 403 1242 "-" "-"
20.251.48.84 - - [04/Aug/2026:21:47:29 +0000] "GET /403.shtml HTTP/1.1" 403 1242 "-" "-"
20.251.48.84 - - [04/Aug/2026:21:47:29 +0000] "GET /403.shtml HTTP/1.1" 403 1242 "-" "-"
20.251.48.84 - - [04/Aug/2026:21:47:30 +0000] "GET /403.shtml HTTP/1.1" 403 1242 "-" "-"
20.251.48.84 - - [04/Aug/2026:21:47:30 +0000] "GET /403.shtml HTTP/1.1" 403 1242 "-" "-"
20.251.48.84 - - [04/Aug/2026:21:47:30 +0000] "GET /403.shtml HTTP/1.1" 403 1242 "-" "-"
20.251.48.84 - - [04/Aug/2026:21:47:31 +0000] "GET /403.shtml HTTP/1.1" 403 1242 "-" "-"
20.251.48.84 - - [04/Aug/2026:21:47:31 +0000] "GET /403.shtml HTTP/1.1" 403 1242 "-" "-"
20.251.48.84 - - [04/Aug/2026:21:47:31 +0000] "GET /403.shtml HTTP/1.1" 403 1242 "-" "-"
20.251.48.84 - - [04/Aug/2026:21:47:32 +0000] "GET /403.shtml HTTP/1.1" 403 1242 "-" "-"
20.251.48.84 - - [04/Aug/2026:21:47:32 +0000] "GET /403.shtml HTTP/1.1" 403 1242 "-" "-"
20.251.48.84 - - [04/Aug/2026:21:47:32 +0000] "GET /403.shtml HTTP/1.1" 403 1242 "-" "-"
20.251.48.84 - - [04/Aug/2026:21:47:33 +0000] "GET /403.shtml HTTP/1.1" 403 1242 "-" "-"
20.251.48.84 - - [04/Aug/2026:21:47:33 +0000] "GET /403.shtml HTTP/1.1" 403 1242 "-" "-"
20.251.48.84 - - [04/Aug/2026:21:47:34 +0000] "GET /403.shtml HTTP/1.1" 403 1242 "-" "-"
20.251.48.84 - - [04/Aug/2026:21:47:34 +0000] "GET /403.shtml HTTP/1.1" 403 1242 "-" "-"
20.251.48.84 - - [04/Aug/2026:21:47:35 +0000] "GET /403.shtml HTTP/1.1" 403 1242 "-" "-"
20.251.48.84 - - [04/Aug/2026:21:47:35 +0000] "GET /403.shtml HTTP/1.1" 403 1242 "-" "-"
20.251.48.84 - - [04/Aug/2026:21:47:35 +0000] "GET /403.shtml HTTP/1.1" 403 1242 "-" "-"
20.251.48.84 - - [04/Aug/2026:21:47:36 +0000] "GET /403.shtml HTTP/1.1" 403 1242 "-" "-"
20.251.48.84 - - [04/Aug/2026:21:47:36 +0000] "GET /403.shtml HTTP/1.1" 403 1242 "-" "-"
20.251.48.84 - - [04/Aug/2026:21:47:37 +0000] "GET /403.shtml HTTP/1.1" 403 1242 "-" "-"
20.251.48.84 - - [04/Aug/2026:21:47:37 +0000] "GET /403.shtml HTTP/1.1" 403 1242 "-" "-"
20.251.48.84 - - [04/Aug/2026:21:47:37 +0000] "GET /403.shtml HTTP/1.1" 403 1242 "-" "-"
20.251.48.84 - - [04/Aug/2026:21:47:38 +0000] "GET /403.shtml HTTP/1.1" 403 1242 "-" "-"
20.251.48.84 - - [04/Aug/2026:21:47:38 +0000] "GET /403.shtml HTTP/1.1" 403 1242 "-" "-"
20.251.48.84 - - [04/Aug/2026:21:47:38 +0000] "GET /403.shtml HTTP/1.1" 403 1242 "-" "-"
20.251.48.84 - - [04/Aug/2026:21:47:38 +0000] "GET /403.shtml HTTP/1.1" 403 1242 "-" "-"
20.251.48.84 - - [04/Aug/2026:21:47:39 +0000] "GET /403.shtml HTTP/1.1" 403 1242 "-" "-"
20.251.48.84 - - [04/Aug/2026:21:47:39 +0000] "GET /403.shtml HTTP/1.1" 403 1242 "-" "-"
20.251.48.84 - - [04/Aug/2026:21:47:39 +0000] "GET /403.shtml HTTP/1.1" 403 1242 "-" "-"
20.251.48.84 - - [04/Aug/2026:21:47:40 +0000] "GET /403.shtml HTTP/1.1" 403 1242 "-" "-"
20.251.48.84 - - [04/Aug/2026:21:47:40 +0000] "GET /403.shtml HTTP/1.1" 403 1242 "-" "-"
20.251.48.84 - - [04/Aug/2026:21:47:41 +0000] "GET /403.shtml HTTP/1.1" 403 1242 "-" "-"
170.10.160.123 - - [04/Aug/2026:21:41:10 +0000] "POST /wp-cron.php?doing_wp_cron=1785879670.9526441097259521484375 HTTP/1.1" 200 20 "-" "WordPress/6.9.4; https://www.sescorp.cl"
182.43.184.15 - - [04/Aug/2026:21:43:08 +0000] "POST /xmlrpc.php HTTP/1.1" 200 222 "-" "Apache-HttpClient/4.5.2 (Java/1.8.0_161)"
182.43.184.15 - - [04/Aug/2026:21:45:25 +0000] "POST /xmlrpc.php HTTP/1.1" 200 222 "-" "Apache-HttpClient/4.5.2 (Java/1.8.0_161)"
170.10.160.123 - - [04/Aug/2026:21:46:45 +0000] "POST /wp-cron.php?doing_wp_cron=1785880005.7815840244293212890625 HTTP/1.1" 200 20 "-" "WordPress/6.9.4; https://www.sescorp.cl"
182.43.184.15 - - [04/Aug/2026:21:46:48 +0000] "POST /xmlrpc.php HTTP/1.1" 200 222 "-" "Apache-HttpClient/4.5.2 (Java/1.8.0_161)"
182.43.184.15 - - [04/Aug/2026:21:47:22 +0000] "POST /xmlrpc.php HTTP/1.1" 200 222 "-" "Apache-HttpClient/4.5.2 (Java/1.8.0_161)"
20.203.208.191 - - [04/Aug/2026:21:48:00 +0000] "GET /403.shtml HTTP/1.1" 403 1242 "-" "-"
20.203.208.191 - - [04/Aug/2026:21:48:00 +0000] "GET /403.shtml HTTP/1.1" 403 1242 "-" "-"
20.203.208.191 - - [04/Aug/2026:21:48:01 +0000] "GET /403.shtml HTTP/1.1" 403 1242 "-" "-"
20.203.208.191 - - [04/Aug/2026:21:48:01 +0000] "GET /403.shtml HTTP/1.1" 403 1242 "-" "-"
20.203.208.191 - - [04/Aug/2026:21:48:01 +0000] "GET /403.shtml HTTP/1.1" 403 1242 "-" "-"
